{"id":2178,"date":"2010-07-14T00:00:00","date_gmt":"2010-07-14T03:00:00","guid":{"rendered":"http:\/\/ajupe.com.uy\/web\/?post_type=product&#038;p=2178"},"modified":"2011-09-16T19:52:15","modified_gmt":"2011-09-16T22:52:15","slug":"el-mundo-sin-nosotros","status":"publish","type":"product","link":"https:\/\/ajupe.com.uy\/web\/biblioteca\/el-mundo-sin-nosotros\/","title":{"rendered":"El Mundo Sin Nosotros"},"content":{"rendered":"<p>\u00bfQu\u00e9 pasar\u00eda en la Tierra si desapareciera el ser humano?. Alan Weisman ha visitado los lugares clave del planeta y hablado con expertos de todo tipo para contestar a esta fascinante pregunta y explicarnos c\u00f3mo nuestras enormes infraestructuras se hundir\u00edan y finalmente desaparecer\u00edan sin dejar rastro; cu\u00e1nto tardar\u00edan las principales ciudades del planeta en reforestarse y las llanuras africanas en recuperar el esplendor de su fauna; por qu\u00e9 algunas de nuestras construcciones m\u00e1s antiguas podr\u00edan ser las \u00faltimas en desaparecer y cu\u00e1les de nuestros objetos cotidianos quedar\u00edan inmortalizados como f\u00f3siles. Part\u00edculas de pl\u00e1stico indestructibles, gatos dom\u00e9sticos que se convierten en depredadores de \u00e9xito, plagas urbanas como las ratas o las cucarachas que desaparecen sin la presencia del hombre y estatuas de bronce que perviven milenios son solo algunos de los elementos que el lector se encontrar\u00e1 en este apasionante recorrido por un planeta tan familiar como extra\u00f1o. Fascinante, agudo y profundamente inteligente: un enfoque original para tratar el impacto del ser humano sobre el planeta y la impresionante capacidad de regeneraci\u00f3n de la naturaleza.<\/p>\n","protected":false},"excerpt":{"rendered":"<p>\u00bfQu\u00e9 pasar\u00eda en la Tierra si desapareciera el ser humano?. Alan Weisman ha visitado los lugares clave del planeta y hablado con expertos de todo tipo para contestar a esta fascinante pregunta y explicarnos c\u00f3mo nuestras enormes infraestructuras se hundir\u00ed<\/p>\n","protected":false},"featured_media":2179,"template":"","meta":[],"product_brand":[537],"product_cat":[37],"product_tag":[],"class_list":{"0":"post-2178","1":"product","2":"type-product","3":"status-publish","4":"has-post-thumbnail","6":"product_brand-alan-weisman","7":"product_cat-ficcion","9":"first","10":"instock","11":"purchasable","12":"product-type-simple"},"featured_image_urls_v2":{"full":["https:\/\/ajupe.com.uy\/web\/wp-content\/uploads\/2016\/04\/p-2178-7501.jpg",271,418,false],"thumbnail":["https:\/\/ajupe.com.uy\/web\/wp-content\/uploads\/2016\/04\/p-2178-7501.jpg",150,150,true],"medium":["https:\/\/ajupe.com.uy\/web\/wp-content\/uploads\/2016\/04\/p-2178-7501.jpg",300,214,true],"medium_large":["https:\/\/ajupe.com.uy\/web\/wp-content\/uploads\/2016\/04\/p-2178-7501.jpg",271,418,false],"large":["https:\/\/ajupe.com.uy\/web\/wp-content\/uploads\/2016\/04\/p-2178-7501.jpg",271,418,false],"1536x1536":["https:\/\/ajupe.com.uy\/web\/wp-content\/uploads\/2016\/04\/p-2178-7501.jpg",271,418,false],"2048x2048":["https:\/\/ajupe.com.uy\/web\/wp-content\/uploads\/2016\/04\/p-2178-7501.jpg",271,418,false],"woocommerce_archive_thumbnail":["https:\/\/ajupe.com.uy\/web\/wp-content\/uploads\/2016\/04\/p-2178-7501-271x400.jpg",271,400,true],"woocommerce_thumbnail":["https:\/\/ajupe.com.uy\/web\/wp-content\/uploads\/2016\/04\/p-2178-7501-271x300.jpg",271,300,true],"woocommerce_single":["https:\/\/ajupe.com.uy\/web\/wp-content\/uploads\/2016\/04\/p-2178-7501.jpg",271,418,false],"woocommerce_gallery_thumbnail":["https:\/\/ajupe.com.uy\/web\/wp-content\/uploads\/2016\/04\/p-2178-7501-100x100.jpg",100,100,true]},"post_excerpt_stackable_v2":"<p>\u00bfQu\u00e9 pasar\u00eda en la Tierra si desapareciera el ser humano?. Alan Weisman ha visitado los lugares clave del planeta y hablado con expertos de todo tipo para contestar a esta fascinante pregunta y explicarnos c\u00f3mo nuestras enormes infraestructuras se hundir\u00ed<\/p>\n","category_list_v2":"","author_info_v2":{"name":"","url":""},"comments_num_v2":"0 comentarios","_links":{"self":[{"href":"https:\/\/ajupe.com.uy\/web\/wp-json\/wp\/v2\/product\/2178","targetHints":{"allow":["GET"]}}],"collection":[{"href":"https:\/\/ajupe.com.uy\/web\/wp-json\/wp\/v2\/product"}],"about":[{"href":"https:\/\/ajupe.com.uy\/web\/wp-json\/wp\/v2\/types\/product"}],"wp:featuredmedia":[{"embeddable":true,"href":"https:\/\/ajupe.com.uy\/web\/wp-json\/wp\/v2\/media\/2179"}],"wp:attachment":[{"href":"https:\/\/ajupe.com.uy\/web\/wp-json\/wp\/v2\/media?parent=2178"}],"wp:term":[{"taxonomy":"product_brand","embeddable":true,"href":"https:\/\/ajupe.com.uy\/web\/wp-json\/wp\/v2\/product_brand?post=2178"},{"taxonomy":"product_cat","embeddable":true,"href":"https:\/\/ajupe.com.uy\/web\/wp-json\/wp\/v2\/product_cat?post=2178"},{"taxonomy":"product_tag","embeddable":true,"href":"https:\/\/ajupe.com.uy\/web\/wp-json\/wp\/v2\/product_tag?post=2178"}],"curies":[{"name":"wp","href":"https:\/\/api.w.org\/{rel}","templated":true}]}}