{"id":2190,"date":"2010-07-14T00:00:00","date_gmt":"2010-07-14T03:00:00","guid":{"rendered":"http:\/\/ajupe.com.uy\/web\/?post_type=product&#038;p=2190"},"modified":"2011-09-16T19:45:17","modified_gmt":"2011-09-16T22:45:17","slug":"el-viento-se-llevara-nuestras-palabras","status":"publish","type":"product","link":"https:\/\/ajupe.com.uy\/web\/biblioteca\/el-viento-se-llevara-nuestras-palabras\/","title":{"rendered":"El viento se llevar\u00e1 nuestras palabras"},"content":{"rendered":"<p>Uno de cada tres afganos est\u00e1 muerto, en el exilio o vive en un campo de refugiados, y el mundo se mantiene totalmente indiferente. Desde el instante en que uno llega a Peshawar queda envuelto por Afganist\u00e1n, su enormidad, el horror y la tristeza. Cada afgano que conoces, sea refugiado o Muyahid, es una tragedia; cada uno es un ruego: ay\u00fadanos, ay\u00fadanos!, escribe Doris Lessing, Premio Nobel de Literatura 2007, en este libro, fruto de su viaje a Peshawar -Pakist\u00e1n- con intenci\u00f3n de comprobar por s\u00ed\u00ac misma la realidad de un pueblo pisoteado durante los a\u00f1os de la invasi\u00f3n rusa, indagar en las condiciones de vida de los refugiados y de los Muyahidin, adem\u00e1s de verificar el rumor sobre la existencia de mujeres combatientes en el frente de la Resistencia afgana. A trav\u00e9s de sus contactos con Muyahidin, de sus conversaciones con m\u00e9dicos, emires, viudas y hu\u00e9rfanos, Doris Lessing nos ofrece un documento tan apasionante como estremecedor.<\/p>\n","protected":false},"excerpt":{"rendered":"<p>Uno de cada tres afganos est\u00e1 muerto, en el exilio o vive en un campo de refugiados, y el mundo se mantiene totalmente indiferente. Desde el instante en que uno llega a Peshawar queda envuelto por Afganist\u00e1n, su enormidad, el horror y la tristeza. Cada af<\/p>\n","protected":false},"featured_media":2191,"template":"","meta":[],"product_brand":[120],"product_cat":[48],"product_tag":[],"class_list":{"0":"post-2190","1":"product","2":"type-product","3":"status-publish","4":"has-post-thumbnail","6":"product_brand-doris-lessing","7":"product_cat-thrillers","9":"first","10":"instock","11":"purchasable","12":"product-type-simple"},"featured_image_urls_v2":{"full":["https:\/\/ajupe.com.uy\/web\/wp-content\/uploads\/2016\/04\/p-2190-7508.jpg",293,439,false],"thumbnail":["https:\/\/ajupe.com.uy\/web\/wp-content\/uploads\/2016\/04\/p-2190-7508.jpg",150,150,true],"medium":["https:\/\/ajupe.com.uy\/web\/wp-content\/uploads\/2016\/04\/p-2190-7508.jpg",300,214,true],"medium_large":["https:\/\/ajupe.com.uy\/web\/wp-content\/uploads\/2016\/04\/p-2190-7508.jpg",293,439,false],"large":["https:\/\/ajupe.com.uy\/web\/wp-content\/uploads\/2016\/04\/p-2190-7508.jpg",293,439,false],"1536x1536":["https:\/\/ajupe.com.uy\/web\/wp-content\/uploads\/2016\/04\/p-2190-7508.jpg",293,439,false],"2048x2048":["https:\/\/ajupe.com.uy\/web\/wp-content\/uploads\/2016\/04\/p-2190-7508.jpg",293,439,false],"woocommerce_archive_thumbnail":["https:\/\/ajupe.com.uy\/web\/wp-content\/uploads\/2016\/04\/p-2190-7508-293x400.jpg",293,400,true],"woocommerce_thumbnail":["https:\/\/ajupe.com.uy\/web\/wp-content\/uploads\/2016\/04\/p-2190-7508-293x300.jpg",293,300,true],"woocommerce_single":["https:\/\/ajupe.com.uy\/web\/wp-content\/uploads\/2016\/04\/p-2190-7508.jpg",293,439,false],"woocommerce_gallery_thumbnail":["https:\/\/ajupe.com.uy\/web\/wp-content\/uploads\/2016\/04\/p-2190-7508-100x100.jpg",100,100,true]},"post_excerpt_stackable_v2":"<p>Uno de cada tres afganos est\u00e1 muerto, en el exilio o vive en un campo de refugiados, y el mundo se mantiene totalmente indiferente. Desde el instante en que uno llega a Peshawar queda envuelto por Afganist\u00e1n, su enormidad, el horror y la tristeza. Cada af<\/p>\n","category_list_v2":"","author_info_v2":{"name":"","url":""},"comments_num_v2":"0 comentarios","_links":{"self":[{"href":"https:\/\/ajupe.com.uy\/web\/wp-json\/wp\/v2\/product\/2190","targetHints":{"allow":["GET"]}}],"collection":[{"href":"https:\/\/ajupe.com.uy\/web\/wp-json\/wp\/v2\/product"}],"about":[{"href":"https:\/\/ajupe.com.uy\/web\/wp-json\/wp\/v2\/types\/product"}],"wp:featuredmedia":[{"embeddable":true,"href":"https:\/\/ajupe.com.uy\/web\/wp-json\/wp\/v2\/media\/2191"}],"wp:attachment":[{"href":"https:\/\/ajupe.com.uy\/web\/wp-json\/wp\/v2\/media?parent=2190"}],"wp:term":[{"taxonomy":"product_brand","embeddable":true,"href":"https:\/\/ajupe.com.uy\/web\/wp-json\/wp\/v2\/product_brand?post=2190"},{"taxonomy":"product_cat","embeddable":true,"href":"https:\/\/ajupe.com.uy\/web\/wp-json\/wp\/v2\/product_cat?post=2190"},{"taxonomy":"product_tag","embeddable":true,"href":"https:\/\/ajupe.com.uy\/web\/wp-json\/wp\/v2\/product_tag?post=2190"}],"curies":[{"name":"wp","href":"https:\/\/api.w.org\/{rel}","templated":true}]}}