{"id":2192,"date":"2010-07-14T00:00:00","date_gmt":"2010-07-14T03:00:00","guid":{"rendered":"http:\/\/ajupe.com.uy\/web\/?post_type=product&#038;p=2192"},"modified":"2011-09-28T18:44:59","modified_gmt":"2011-09-28T21:44:59","slug":"fantasmas-del-pasado","status":"publish","type":"product","link":"https:\/\/ajupe.com.uy\/web\/biblioteca\/fantasmas-del-pasado\/","title":{"rendered":"Fantasmas Del Pasado"},"content":{"rendered":"<p>Cuando Jeremy March conoci\u00f3 a Lexie Darnell cre\u00eda que pod\u00eda explicarlo todo; que la raz\u00f3n siempre ser\u00eda suficiente. Jeremy se especializa en desenmascarar fraudes con apariencia de hecho sobrenaturales, y con esa intenci\u00f3n viaja a Boone Creek, una peque\u00f1a localidad de Carolina del Norte, a investigar unas apariciones fantasmag\u00f3ricas en el cementerio. Lexie es la bibliotecaria del pueblo, pero tambi\u00e9n es la nieta del vidente del pueblo. Jeremy no pod\u00eda prever que acabar\u00eda enamor\u00e1ndose perdidamente de ella.<\/p>\n","protected":false},"excerpt":{"rendered":"<p>Cuando Jeremy March conoci\u00f3 a Lexie Darnell cre\u00eda que pod\u00eda explicarlo todo; que la raz\u00f3n siempre ser\u00eda suficiente. Jeremy se especializa en desenmascarar fraudes con apariencia de hecho sobrenaturales, y con esa intenci\u00f3n viaja a Boone Creek, una peque\u00f1a<\/p>\n","protected":false},"featured_media":2193,"template":"","meta":[],"product_brand":[441],"product_cat":[29],"product_tag":[],"class_list":{"0":"post-2192","1":"product","2":"type-product","3":"status-publish","4":"has-post-thumbnail","6":"product_brand-nicholas-sparks","7":"product_cat-novela","9":"first","10":"instock","11":"purchasable","12":"product-type-simple"},"featured_image_urls_v2":{"full":["https:\/\/ajupe.com.uy\/web\/wp-content\/uploads\/2016\/04\/p-2192-7509.jpg",300,456,false],"thumbnail":["https:\/\/ajupe.com.uy\/web\/wp-content\/uploads\/2016\/04\/p-2192-7509.jpg",150,150,true],"medium":["https:\/\/ajupe.com.uy\/web\/wp-content\/uploads\/2016\/04\/p-2192-7509.jpg",300,214,true],"medium_large":["https:\/\/ajupe.com.uy\/web\/wp-content\/uploads\/2016\/04\/p-2192-7509.jpg",300,456,false],"large":["https:\/\/ajupe.com.uy\/web\/wp-content\/uploads\/2016\/04\/p-2192-7509.jpg",300,456,false],"1536x1536":["https:\/\/ajupe.com.uy\/web\/wp-content\/uploads\/2016\/04\/p-2192-7509.jpg",300,456,false],"2048x2048":["https:\/\/ajupe.com.uy\/web\/wp-content\/uploads\/2016\/04\/p-2192-7509.jpg",300,456,false],"woocommerce_archive_thumbnail":["https:\/\/ajupe.com.uy\/web\/wp-content\/uploads\/2016\/04\/p-2192-7509-300x450.jpg",300,450,true],"woocommerce_thumbnail":["https:\/\/ajupe.com.uy\/web\/wp-content\/uploads\/2016\/04\/p-2192-7509-300x300.jpg",300,300,true],"woocommerce_single":["https:\/\/ajupe.com.uy\/web\/wp-content\/uploads\/2016\/04\/p-2192-7509.jpg",300,456,false],"woocommerce_gallery_thumbnail":["https:\/\/ajupe.com.uy\/web\/wp-content\/uploads\/2016\/04\/p-2192-7509-100x100.jpg",100,100,true]},"post_excerpt_stackable_v2":"<p>Cuando Jeremy March conoci\u00f3 a Lexie Darnell cre\u00eda que pod\u00eda explicarlo todo; que la raz\u00f3n siempre ser\u00eda suficiente. Jeremy se especializa en desenmascarar fraudes con apariencia de hecho sobrenaturales, y con esa intenci\u00f3n viaja a Boone Creek, una peque\u00f1a<\/p>\n","category_list_v2":"","author_info_v2":{"name":"","url":""},"comments_num_v2":"0 comentarios","_links":{"self":[{"href":"https:\/\/ajupe.com.uy\/web\/wp-json\/wp\/v2\/product\/2192","targetHints":{"allow":["GET"]}}],"collection":[{"href":"https:\/\/ajupe.com.uy\/web\/wp-json\/wp\/v2\/product"}],"about":[{"href":"https:\/\/ajupe.com.uy\/web\/wp-json\/wp\/v2\/types\/product"}],"wp:featuredmedia":[{"embeddable":true,"href":"https:\/\/ajupe.com.uy\/web\/wp-json\/wp\/v2\/media\/2193"}],"wp:attachment":[{"href":"https:\/\/ajupe.com.uy\/web\/wp-json\/wp\/v2\/media?parent=2192"}],"wp:term":[{"taxonomy":"product_brand","embeddable":true,"href":"https:\/\/ajupe.com.uy\/web\/wp-json\/wp\/v2\/product_brand?post=2192"},{"taxonomy":"product_cat","embeddable":true,"href":"https:\/\/ajupe.com.uy\/web\/wp-json\/wp\/v2\/product_cat?post=2192"},{"taxonomy":"product_tag","embeddable":true,"href":"https:\/\/ajupe.com.uy\/web\/wp-json\/wp\/v2\/product_tag?post=2192"}],"curies":[{"name":"wp","href":"https:\/\/api.w.org\/{rel}","templated":true}]}}