{"id":2202,"date":"2010-07-14T00:00:00","date_gmt":"2010-07-14T03:00:00","guid":{"rendered":"http:\/\/ajupe.com.uy\/web\/?post_type=product&#038;p=2202"},"modified":"2010-07-14T00:00:00","modified_gmt":"2010-07-14T03:00:00","slug":"la-pasion-segun-carmela","status":"publish","type":"product","link":"https:\/\/ajupe.com.uy\/web\/biblioteca\/la-pasion-segun-carmela\/","title":{"rendered":"La pasi\u00f3n seg\u00fan Carmela"},"content":{"rendered":"<p>La pasi\u00f3n seg\u00fan Carmela es una atrapante historia de amor entre una m\u00e9dica cubana y un economista argentino. Sus peripecias er\u00f3ticas e ideol\u00f3gicas son manejadas por una realidad que no controlan, como les pasaba a los personajes hom\u00e9ricos. Invisibles dioses intervienen para enredar atracci\u00f3n f\u00edsica y admiraci\u00f3n intelectual, coraje y miedo, secretos y complicidad inesperada. Construyen su amor duro y bello en uno de los escenarios m\u00e1s s\u00edsmicos y rom\u00e1nticos de la historia latinoamericana. Nadan con la corriente, la gozan y agrandan. Pero tambi\u00e9n son arrastrados por remolinos que quitan el aire y ponen el mundo al rev\u00e9s. Los t\u00edtulos de Aguinis suelen ser parad\u00f3jicos. En esta obra, en cambio, ha preferido acentuar la polisemia del vocablo &quot;pasi\u00f3n&quot;. La pasi\u00f3n que remite al amor y tambi\u00e9n a la fuerza de los ideales, el sufrimiento, el goce, la salvaci\u00f3n y el anhelo de libertad. El combate afectivo de los protagonistas corre paralelo al mareante fulgor de situaciones concretas. Por eso el suspenso tironea desde la primera hasta la \u00faltima p\u00e1gina. En el texto prevalece un ritmo a la vez fluido, envolvente y estremecedor, como el de las pasiones musicales. No deber\u00eda sorprender que esta obra -donde se alternan las voces de la protagonista, su amante y el narrador omnisciente- haya sido escrita seg\u00fan el modelo contrapunt\u00edstico de Bach. A lo lejos, inefable, resuena la \u00e9pica de otra guerra donde los libertadores cantaban a otra Carmela, tambi\u00e9n antorcha, tambi\u00e9n pasi\u00f3n. Aguinis dibuja con arte a sus criaturas y las torna imborrables. Su destreza en el manejo de los afectos no deja rengl\u00f3n sin poes\u00eda o consecuencias. Un estilo certero como ballesta convierte a esta obra -ambientada en tiempos excepcionales- en una de las mejores historias de amor que jalonan el curso de la literatura.<\/p>\n","protected":false},"excerpt":{"rendered":"<p>La pasi\u00f3n seg\u00fan Carmela es una atrapante historia de amor entre una m\u00e9dica cubana y un economista argentino. Sus peripecias er\u00f3ticas e ideol\u00f3gicas son manejadas por una realidad que no controlan, como les pasaba a los personajes hom\u00e9ricos. Invisibles dios<\/p>\n","protected":false},"featured_media":2203,"template":"","meta":[],"product_brand":[263],"product_cat":[29],"product_tag":[],"class_list":{"0":"post-2202","1":"product","2":"type-product","3":"status-publish","4":"has-post-thumbnail","6":"product_brand-marcos-aguinis","7":"product_cat-novela","9":"first","10":"instock","11":"purchasable","12":"product-type-simple"},"featured_image_urls_v2":{"full":["https:\/\/ajupe.com.uy\/web\/wp-content\/uploads\/2016\/04\/p-2202-7516.jpg",260,386,false],"thumbnail":["https:\/\/ajupe.com.uy\/web\/wp-content\/uploads\/2016\/04\/p-2202-7516.jpg",150,150,true],"medium":["https:\/\/ajupe.com.uy\/web\/wp-content\/uploads\/2016\/04\/p-2202-7516.jpg",300,214,true],"medium_large":["https:\/\/ajupe.com.uy\/web\/wp-content\/uploads\/2016\/04\/p-2202-7516.jpg",260,386,false],"large":["https:\/\/ajupe.com.uy\/web\/wp-content\/uploads\/2016\/04\/p-2202-7516.jpg",260,386,false],"1536x1536":["https:\/\/ajupe.com.uy\/web\/wp-content\/uploads\/2016\/04\/p-2202-7516.jpg",260,386,false],"2048x2048":["https:\/\/ajupe.com.uy\/web\/wp-content\/uploads\/2016\/04\/p-2202-7516.jpg",260,386,false],"woocommerce_archive_thumbnail":["https:\/\/ajupe.com.uy\/web\/wp-content\/uploads\/2016\/04\/p-2202-7516-260x300.jpg",260,300,true],"woocommerce_thumbnail":["https:\/\/ajupe.com.uy\/web\/wp-content\/uploads\/2016\/04\/p-2202-7516-260x300.jpg",260,300,true],"woocommerce_single":["https:\/\/ajupe.com.uy\/web\/wp-content\/uploads\/2016\/04\/p-2202-7516.jpg",260,386,false],"woocommerce_gallery_thumbnail":["https:\/\/ajupe.com.uy\/web\/wp-content\/uploads\/2016\/04\/p-2202-7516-100x100.jpg",100,100,true]},"post_excerpt_stackable_v2":"<p>La pasi\u00f3n seg\u00fan Carmela es una atrapante historia de amor entre una m\u00e9dica cubana y un economista argentino. Sus peripecias er\u00f3ticas e ideol\u00f3gicas son manejadas por una realidad que no controlan, como les pasaba a los personajes hom\u00e9ricos. Invisibles dios<\/p>\n","category_list_v2":"","author_info_v2":{"name":"","url":""},"comments_num_v2":"0 comentarios","_links":{"self":[{"href":"https:\/\/ajupe.com.uy\/web\/wp-json\/wp\/v2\/product\/2202","targetHints":{"allow":["GET"]}}],"collection":[{"href":"https:\/\/ajupe.com.uy\/web\/wp-json\/wp\/v2\/product"}],"about":[{"href":"https:\/\/ajupe.com.uy\/web\/wp-json\/wp\/v2\/types\/product"}],"wp:featuredmedia":[{"embeddable":true,"href":"https:\/\/ajupe.com.uy\/web\/wp-json\/wp\/v2\/media\/2203"}],"wp:attachment":[{"href":"https:\/\/ajupe.com.uy\/web\/wp-json\/wp\/v2\/media?parent=2202"}],"wp:term":[{"taxonomy":"product_brand","embeddable":true,"href":"https:\/\/ajupe.com.uy\/web\/wp-json\/wp\/v2\/product_brand?post=2202"},{"taxonomy":"product_cat","embeddable":true,"href":"https:\/\/ajupe.com.uy\/web\/wp-json\/wp\/v2\/product_cat?post=2202"},{"taxonomy":"product_tag","embeddable":true,"href":"https:\/\/ajupe.com.uy\/web\/wp-json\/wp\/v2\/product_tag?post=2202"}],"curies":[{"name":"wp","href":"https:\/\/api.w.org\/{rel}","templated":true}]}}