{"id":2220,"date":"2010-07-14T00:00:00","date_gmt":"2010-07-14T03:00:00","guid":{"rendered":"http:\/\/ajupe.com.uy\/web\/?post_type=product&#038;p=2220"},"modified":"2011-09-28T19:39:23","modified_gmt":"2011-09-28T22:39:23","slug":"venganza","status":"publish","type":"product","link":"https:\/\/ajupe.com.uy\/web\/biblioteca\/venganza\/","title":{"rendered":"Venganza."},"content":{"rendered":"<p>Tras el \u00e9xito de Inmoral, los detectives Jonathan Stride y Serena Dial vuelven en la segunda novela de Freeman. En esta ocasi\u00f3n deben investigar unas muertes que se pierden en el apasionante pero peligroso pasado de la ciudad de Las Vegas. Un famoso millonario ha sido asesinado mientras estaba con una prostituta, y un ni\u00f1o ha muerto tras un atropello intencionado. Aparentemente, estas muertes no tienen nada en com\u00fan. Pronto los cad\u00e1veres comienzan a multiplicarse. Las pistas se pierden en el pasado y convergen en la muerte de una stripper en los a\u00f1os sesenta: la \u00e9poca en que empezaron a gestarse los secretos y las redes de influencias que tantos a\u00f1os despu\u00e9s est\u00e1n costando vidas\u2026<\/p>\n","protected":false},"excerpt":{"rendered":"<p>Tras el \u00e9xito de Inmoral, los detectives Jonathan Stride y Serena Dial vuelven en la segunda novela de Freeman. En esta ocasi\u00f3n deben investigar unas muertes que se pierden en el apasionante pero peligroso pasado de la ciudad de Las Vegas. Un famoso millo<\/p>\n","protected":false},"featured_media":2221,"template":"","meta":[],"product_brand":[586],"product_cat":[40],"product_tag":[],"class_list":{"0":"post-2220","1":"product","2":"type-product","3":"status-publish","4":"has-post-thumbnail","6":"product_brand-brian-freeman","7":"product_cat-policial","9":"first","10":"instock","11":"purchasable","12":"product-type-simple"},"featured_image_urls_v2":{"full":["https:\/\/ajupe.com.uy\/web\/wp-content\/uploads\/2016\/04\/p-2220-7527.jpg",248,378,false],"thumbnail":["https:\/\/ajupe.com.uy\/web\/wp-content\/uploads\/2016\/04\/p-2220-7527.jpg",150,150,true],"medium":["https:\/\/ajupe.com.uy\/web\/wp-content\/uploads\/2016\/04\/p-2220-7527.jpg",300,214,true],"medium_large":["https:\/\/ajupe.com.uy\/web\/wp-content\/uploads\/2016\/04\/p-2220-7527.jpg",248,378,false],"large":["https:\/\/ajupe.com.uy\/web\/wp-content\/uploads\/2016\/04\/p-2220-7527.jpg",248,378,false],"1536x1536":["https:\/\/ajupe.com.uy\/web\/wp-content\/uploads\/2016\/04\/p-2220-7527.jpg",248,378,false],"2048x2048":["https:\/\/ajupe.com.uy\/web\/wp-content\/uploads\/2016\/04\/p-2220-7527.jpg",248,378,false],"woocommerce_archive_thumbnail":["https:\/\/ajupe.com.uy\/web\/wp-content\/uploads\/2016\/04\/p-2220-7527-248x300.jpg",248,300,true],"woocommerce_thumbnail":["https:\/\/ajupe.com.uy\/web\/wp-content\/uploads\/2016\/04\/p-2220-7527-248x300.jpg",248,300,true],"woocommerce_single":["https:\/\/ajupe.com.uy\/web\/wp-content\/uploads\/2016\/04\/p-2220-7527.jpg",248,378,false],"woocommerce_gallery_thumbnail":["https:\/\/ajupe.com.uy\/web\/wp-content\/uploads\/2016\/04\/p-2220-7527-100x100.jpg",100,100,true]},"post_excerpt_stackable_v2":"<p>Tras el \u00e9xito de Inmoral, los detectives Jonathan Stride y Serena Dial vuelven en la segunda novela de Freeman. En esta ocasi\u00f3n deben investigar unas muertes que se pierden en el apasionante pero peligroso pasado de la ciudad de Las Vegas. Un famoso millo<\/p>\n","category_list_v2":"","author_info_v2":{"name":"","url":""},"comments_num_v2":"0 comentarios","_links":{"self":[{"href":"https:\/\/ajupe.com.uy\/web\/wp-json\/wp\/v2\/product\/2220","targetHints":{"allow":["GET"]}}],"collection":[{"href":"https:\/\/ajupe.com.uy\/web\/wp-json\/wp\/v2\/product"}],"about":[{"href":"https:\/\/ajupe.com.uy\/web\/wp-json\/wp\/v2\/types\/product"}],"wp:featuredmedia":[{"embeddable":true,"href":"https:\/\/ajupe.com.uy\/web\/wp-json\/wp\/v2\/media\/2221"}],"wp:attachment":[{"href":"https:\/\/ajupe.com.uy\/web\/wp-json\/wp\/v2\/media?parent=2220"}],"wp:term":[{"taxonomy":"product_brand","embeddable":true,"href":"https:\/\/ajupe.com.uy\/web\/wp-json\/wp\/v2\/product_brand?post=2220"},{"taxonomy":"product_cat","embeddable":true,"href":"https:\/\/ajupe.com.uy\/web\/wp-json\/wp\/v2\/product_cat?post=2220"},{"taxonomy":"product_tag","embeddable":true,"href":"https:\/\/ajupe.com.uy\/web\/wp-json\/wp\/v2\/product_tag?post=2220"}],"curies":[{"name":"wp","href":"https:\/\/api.w.org\/{rel}","templated":true}]}}