{"id":2236,"date":"2010-07-14T00:00:00","date_gmt":"2010-07-14T03:00:00","guid":{"rendered":"http:\/\/ajupe.com.uy\/web\/?post_type=product&#038;p=2236"},"modified":"2011-09-16T18:24:43","modified_gmt":"2011-09-16T21:24:43","slug":"mil-soles-esplendidos","status":"publish","type":"product","link":"https:\/\/ajupe.com.uy\/web\/biblioteca\/mil-soles-esplendidos\/","title":{"rendered":"Mil soles espl\u00e9ndidos"},"content":{"rendered":"<p>Superando con creces el rotundo \u00e9xito de Cometas en el cielo _m\u00e1s de seis millones de ejemplares vendidos en treinta idiomas_ la segunda novela de Khaled Hosseini salt\u00f3 de inmediato al primer puesto en todos los pa\u00edses donde se ha publicado. Nueva demostraci\u00f3n del asombroso instinto de gran narrador de que goza el autor, el libro cuenta la conmovedora historia de amistad entre dos mujeres afganas de or\u00edgenes muy dispares, cuyos destinos se entrelazan por obra del azar y de las convulsiones que ha sufrido Afganist\u00e1n en los \u00faltimos treinta a\u00f1os.<\/p>\n","protected":false},"excerpt":{"rendered":"<p>Superando con creces el rotundo \u00e9xito de Cometas en el cielo _m\u00e1s de seis millones de ejemplares vendidos en treinta idiomas_ la segunda novela de Khaled Hosseini salt\u00f3 de inmediato al primer puesto en todos los pa\u00edses donde se ha publicado. Nueva demostr<\/p>\n","protected":false},"featured_media":2237,"template":"","meta":[],"product_brand":[401],"product_cat":[29],"product_tag":[],"class_list":{"0":"post-2236","1":"product","2":"type-product","3":"status-publish","4":"has-post-thumbnail","6":"product_brand-khaled-hosseini","7":"product_cat-novela","9":"first","10":"instock","11":"purchasable","12":"product-type-simple"},"featured_image_urls_v2":{"full":["https:\/\/ajupe.com.uy\/web\/wp-content\/uploads\/2016\/04\/p-2236-7536.jpg",238,363,false],"thumbnail":["https:\/\/ajupe.com.uy\/web\/wp-content\/uploads\/2016\/04\/p-2236-7536.jpg",150,150,true],"medium":["https:\/\/ajupe.com.uy\/web\/wp-content\/uploads\/2016\/04\/p-2236-7536.jpg",300,214,true],"medium_large":["https:\/\/ajupe.com.uy\/web\/wp-content\/uploads\/2016\/04\/p-2236-7536.jpg",238,363,false],"large":["https:\/\/ajupe.com.uy\/web\/wp-content\/uploads\/2016\/04\/p-2236-7536.jpg",238,363,false],"1536x1536":["https:\/\/ajupe.com.uy\/web\/wp-content\/uploads\/2016\/04\/p-2236-7536.jpg",238,363,false],"2048x2048":["https:\/\/ajupe.com.uy\/web\/wp-content\/uploads\/2016\/04\/p-2236-7536.jpg",238,363,false],"woocommerce_archive_thumbnail":["https:\/\/ajupe.com.uy\/web\/wp-content\/uploads\/2016\/04\/p-2236-7536-238x300.jpg",238,300,true],"woocommerce_thumbnail":["https:\/\/ajupe.com.uy\/web\/wp-content\/uploads\/2016\/04\/p-2236-7536-238x300.jpg",238,300,true],"woocommerce_single":["https:\/\/ajupe.com.uy\/web\/wp-content\/uploads\/2016\/04\/p-2236-7536.jpg",238,363,false],"woocommerce_gallery_thumbnail":["https:\/\/ajupe.com.uy\/web\/wp-content\/uploads\/2016\/04\/p-2236-7536-100x100.jpg",100,100,true]},"post_excerpt_stackable_v2":"<p>Superando con creces el rotundo \u00e9xito de Cometas en el cielo _m\u00e1s de seis millones de ejemplares vendidos en treinta idiomas_ la segunda novela de Khaled Hosseini salt\u00f3 de inmediato al primer puesto en todos los pa\u00edses donde se ha publicado. Nueva demostr<\/p>\n","category_list_v2":"","author_info_v2":{"name":"","url":""},"comments_num_v2":"0 comentarios","_links":{"self":[{"href":"https:\/\/ajupe.com.uy\/web\/wp-json\/wp\/v2\/product\/2236","targetHints":{"allow":["GET"]}}],"collection":[{"href":"https:\/\/ajupe.com.uy\/web\/wp-json\/wp\/v2\/product"}],"about":[{"href":"https:\/\/ajupe.com.uy\/web\/wp-json\/wp\/v2\/types\/product"}],"wp:featuredmedia":[{"embeddable":true,"href":"https:\/\/ajupe.com.uy\/web\/wp-json\/wp\/v2\/media\/2237"}],"wp:attachment":[{"href":"https:\/\/ajupe.com.uy\/web\/wp-json\/wp\/v2\/media?parent=2236"}],"wp:term":[{"taxonomy":"product_brand","embeddable":true,"href":"https:\/\/ajupe.com.uy\/web\/wp-json\/wp\/v2\/product_brand?post=2236"},{"taxonomy":"product_cat","embeddable":true,"href":"https:\/\/ajupe.com.uy\/web\/wp-json\/wp\/v2\/product_cat?post=2236"},{"taxonomy":"product_tag","embeddable":true,"href":"https:\/\/ajupe.com.uy\/web\/wp-json\/wp\/v2\/product_tag?post=2236"}],"curies":[{"name":"wp","href":"https:\/\/api.w.org\/{rel}","templated":true}]}}