{"id":2238,"date":"2010-07-14T00:00:00","date_gmt":"2010-07-14T03:00:00","guid":{"rendered":"http:\/\/ajupe.com.uy\/web\/?post_type=product&#038;p=2238"},"modified":"2011-09-16T18:24:09","modified_gmt":"2011-09-16T21:24:09","slug":"sin-testigos","status":"publish","type":"product","link":"https:\/\/ajupe.com.uy\/web\/biblioteca\/sin-testigos\/","title":{"rendered":"Sin testigos"},"content":{"rendered":"<p>Elizabeth George es la reina del misterio. Las novelas que protagoniza Lynley son las m\u00e1s elegantes, m\u00e1s complejas y apasionantes del g\u00e9nero en la actualidad. Entertainment Weekly. El inspector Thomas Lynley est\u00e1 trabajando en el caso m\u00e1s importante de su carrera: cazar a un siniestro asesino. Cuando encuentran el cuerpo desnudo de un adolescente intencionadamente dispuesto encima de una tumba, no hacen falta m\u00e1s pistas para deducir que se trata de la obra de un asesino en serie. \u00c9sta es la cuarta v\u00edctima que aparece en las mismas circunstancias y la primera de raza blanca.<\/p>\n","protected":false},"excerpt":{"rendered":"<p>Elizabeth George es la reina del misterio. Las novelas que protagoniza Lynley son las m\u00e1s elegantes, m\u00e1s complejas y apasionantes del g\u00e9nero en la actualidad. Entertainment Weekly. El inspector Thomas Lynley est\u00e1 trabajando en el caso m\u00e1s importante de su<\/p>\n","protected":false},"featured_media":2239,"template":"","meta":[],"product_brand":[291],"product_cat":[29],"product_tag":[],"class_list":{"0":"post-2238","1":"product","2":"type-product","3":"status-publish","4":"has-post-thumbnail","6":"product_brand-elizabeth-george","7":"product_cat-novela","9":"first","10":"instock","11":"purchasable","12":"product-type-simple"},"featured_image_urls_v2":{"full":["https:\/\/ajupe.com.uy\/web\/wp-content\/uploads\/2016\/04\/p-2238-7537.jpg",220,344,false],"thumbnail":["https:\/\/ajupe.com.uy\/web\/wp-content\/uploads\/2016\/04\/p-2238-7537.jpg",150,150,true],"medium":["https:\/\/ajupe.com.uy\/web\/wp-content\/uploads\/2016\/04\/p-2238-7537.jpg",300,214,true],"medium_large":["https:\/\/ajupe.com.uy\/web\/wp-content\/uploads\/2016\/04\/p-2238-7537.jpg",220,344,false],"large":["https:\/\/ajupe.com.uy\/web\/wp-content\/uploads\/2016\/04\/p-2238-7537.jpg",220,344,false],"1536x1536":["https:\/\/ajupe.com.uy\/web\/wp-content\/uploads\/2016\/04\/p-2238-7537.jpg",220,344,false],"2048x2048":["https:\/\/ajupe.com.uy\/web\/wp-content\/uploads\/2016\/04\/p-2238-7537.jpg",220,344,false],"woocommerce_archive_thumbnail":["https:\/\/ajupe.com.uy\/web\/wp-content\/uploads\/2016\/04\/p-2238-7537-220x300.jpg",220,300,true],"woocommerce_thumbnail":["https:\/\/ajupe.com.uy\/web\/wp-content\/uploads\/2016\/04\/p-2238-7537-220x300.jpg",220,300,true],"woocommerce_single":["https:\/\/ajupe.com.uy\/web\/wp-content\/uploads\/2016\/04\/p-2238-7537.jpg",220,344,false],"woocommerce_gallery_thumbnail":["https:\/\/ajupe.com.uy\/web\/wp-content\/uploads\/2016\/04\/p-2238-7537-100x100.jpg",100,100,true]},"post_excerpt_stackable_v2":"<p>Elizabeth George es la reina del misterio. Las novelas que protagoniza Lynley son las m\u00e1s elegantes, m\u00e1s complejas y apasionantes del g\u00e9nero en la actualidad. Entertainment Weekly. El inspector Thomas Lynley est\u00e1 trabajando en el caso m\u00e1s importante de su<\/p>\n","category_list_v2":"","author_info_v2":{"name":"","url":""},"comments_num_v2":"0 comentarios","_links":{"self":[{"href":"https:\/\/ajupe.com.uy\/web\/wp-json\/wp\/v2\/product\/2238","targetHints":{"allow":["GET"]}}],"collection":[{"href":"https:\/\/ajupe.com.uy\/web\/wp-json\/wp\/v2\/product"}],"about":[{"href":"https:\/\/ajupe.com.uy\/web\/wp-json\/wp\/v2\/types\/product"}],"wp:featuredmedia":[{"embeddable":true,"href":"https:\/\/ajupe.com.uy\/web\/wp-json\/wp\/v2\/media\/2239"}],"wp:attachment":[{"href":"https:\/\/ajupe.com.uy\/web\/wp-json\/wp\/v2\/media?parent=2238"}],"wp:term":[{"taxonomy":"product_brand","embeddable":true,"href":"https:\/\/ajupe.com.uy\/web\/wp-json\/wp\/v2\/product_brand?post=2238"},{"taxonomy":"product_cat","embeddable":true,"href":"https:\/\/ajupe.com.uy\/web\/wp-json\/wp\/v2\/product_cat?post=2238"},{"taxonomy":"product_tag","embeddable":true,"href":"https:\/\/ajupe.com.uy\/web\/wp-json\/wp\/v2\/product_tag?post=2238"}],"curies":[{"name":"wp","href":"https:\/\/api.w.org\/{rel}","templated":true}]}}