{"id":2280,"date":"2010-07-14T00:00:00","date_gmt":"2010-07-14T03:00:00","guid":{"rendered":"http:\/\/ajupe.com.uy\/web\/?post_type=product&#038;p=2280"},"modified":"2010-07-14T00:00:00","modified_gmt":"2010-07-14T03:00:00","slug":"la-contienda","status":"publish","type":"product","link":"https:\/\/ajupe.com.uy\/web\/biblioteca\/la-contienda\/","title":{"rendered":"La Contienda"},"content":{"rendered":"<p>Corey Grace -un carism\u00e1tico senador republicano de Ohio- se involucra en una feroz batalla presidencial contra el candidato favorito del partido y l\u00edder de la derecha cristiana. A pesar de sus cualidades, Grace es un miembro inc\u00f3modo para sus superiores ya que no teme opinar en p\u00fablico, aunque ello suponga enfrentarse a las directrices del partido. Su relaci\u00f3n con Lexie Hart, estrella de cine afroamericana, no s\u00f3lo reafirma su reputaci\u00f3n de inconformista, sino que adem\u00e1s despierta nuevas antipat\u00edas. A medida que la presi\u00f3n de la campa\u00f1a se intensifica, Grace se enfrentar\u00e1 a la traici\u00f3n, a secretos inconfesables y a terribles decisiones morales. Su integridad ser\u00e1 puesta a prueba en una brutal contienda pol\u00edtica en la que todo vale. Partiendo de la pregunta de si un hombre honesto podr\u00eda llegar a ser presidente de Estados Unidos, Richard North Patterson se sirve de la batalla de Corey Grace para abordar cuestiones claves de la actualidad norteamericana como el racismo, el terrorismo, el fundamentalismo religioso, los derechos de los homosexuales o el poder de los medios de comunicaci\u00f3n, y ofrecernos un relato tan perturbador como veros\u00edmil acerca de la despiadada maquinaria pol\u00edtica norteamericana.<\/p>\n","protected":false},"excerpt":{"rendered":"<p>Corey Grace -un carism\u00e1tico senador republicano de Ohio- se involucra en una feroz batalla presidencial contra el candidato favorito del partido y l\u00edder de la derecha cristiana. A pesar de sus cualidades, Grace es un miembro inc\u00f3modo para sus superiores y<\/p>\n","protected":false},"featured_media":2281,"template":"","meta":[],"product_brand":[201],"product_cat":[40],"product_tag":[],"class_list":{"0":"post-2280","1":"product","2":"type-product","3":"status-publish","4":"has-post-thumbnail","6":"product_brand-richard-north-patterson","7":"product_cat-policial","9":"first","10":"instock","11":"purchasable","12":"product-type-simple"},"featured_image_urls_v2":{"full":["https:\/\/ajupe.com.uy\/web\/wp-content\/uploads\/2016\/04\/p-2280-7701.jpg",216,328,false],"thumbnail":["https:\/\/ajupe.com.uy\/web\/wp-content\/uploads\/2016\/04\/p-2280-7701.jpg",150,150,true],"medium":["https:\/\/ajupe.com.uy\/web\/wp-content\/uploads\/2016\/04\/p-2280-7701.jpg",300,214,true],"medium_large":["https:\/\/ajupe.com.uy\/web\/wp-content\/uploads\/2016\/04\/p-2280-7701.jpg",216,328,false],"large":["https:\/\/ajupe.com.uy\/web\/wp-content\/uploads\/2016\/04\/p-2280-7701.jpg",216,328,false],"1536x1536":["https:\/\/ajupe.com.uy\/web\/wp-content\/uploads\/2016\/04\/p-2280-7701.jpg",216,328,false],"2048x2048":["https:\/\/ajupe.com.uy\/web\/wp-content\/uploads\/2016\/04\/p-2280-7701.jpg",216,328,false],"woocommerce_archive_thumbnail":["https:\/\/ajupe.com.uy\/web\/wp-content\/uploads\/2016\/04\/p-2280-7701-216x300.jpg",216,300,true],"woocommerce_thumbnail":["https:\/\/ajupe.com.uy\/web\/wp-content\/uploads\/2016\/04\/p-2280-7701-216x300.jpg",216,300,true],"woocommerce_single":["https:\/\/ajupe.com.uy\/web\/wp-content\/uploads\/2016\/04\/p-2280-7701.jpg",216,328,false],"woocommerce_gallery_thumbnail":["https:\/\/ajupe.com.uy\/web\/wp-content\/uploads\/2016\/04\/p-2280-7701-100x100.jpg",100,100,true]},"post_excerpt_stackable_v2":"<p>Corey Grace -un carism\u00e1tico senador republicano de Ohio- se involucra en una feroz batalla presidencial contra el candidato favorito del partido y l\u00edder de la derecha cristiana. A pesar de sus cualidades, Grace es un miembro inc\u00f3modo para sus superiores y<\/p>\n","category_list_v2":"","author_info_v2":{"name":"","url":""},"comments_num_v2":"0 comentarios","_links":{"self":[{"href":"https:\/\/ajupe.com.uy\/web\/wp-json\/wp\/v2\/product\/2280","targetHints":{"allow":["GET"]}}],"collection":[{"href":"https:\/\/ajupe.com.uy\/web\/wp-json\/wp\/v2\/product"}],"about":[{"href":"https:\/\/ajupe.com.uy\/web\/wp-json\/wp\/v2\/types\/product"}],"wp:featuredmedia":[{"embeddable":true,"href":"https:\/\/ajupe.com.uy\/web\/wp-json\/wp\/v2\/media\/2281"}],"wp:attachment":[{"href":"https:\/\/ajupe.com.uy\/web\/wp-json\/wp\/v2\/media?parent=2280"}],"wp:term":[{"taxonomy":"product_brand","embeddable":true,"href":"https:\/\/ajupe.com.uy\/web\/wp-json\/wp\/v2\/product_brand?post=2280"},{"taxonomy":"product_cat","embeddable":true,"href":"https:\/\/ajupe.com.uy\/web\/wp-json\/wp\/v2\/product_cat?post=2280"},{"taxonomy":"product_tag","embeddable":true,"href":"https:\/\/ajupe.com.uy\/web\/wp-json\/wp\/v2\/product_tag?post=2280"}],"curies":[{"name":"wp","href":"https:\/\/api.w.org\/{rel}","templated":true}]}}