{"id":2338,"date":"2010-07-14T00:00:00","date_gmt":"2010-07-14T03:00:00","guid":{"rendered":"http:\/\/ajupe.com.uy\/web\/?post_type=product&#038;p=2338"},"modified":"2012-06-27T20:45:51","modified_gmt":"2012-06-27T23:45:51","slug":"el-socio-2","status":"publish","type":"product","link":"https:\/\/ajupe.com.uy\/web\/biblioteca\/el-socio-2\/","title":{"rendered":"El Socio"},"content":{"rendered":"<p>Espiaron cada uno de sus movimientos hasta obtener la seguridad absoluta de que era \u00e9l. Se hac\u00eda llamar Danilo Silva y viv\u00eda en una modesta casa de una ciudad peque\u00f1a de Brasil. Pesaba mucho menos e incluso su cara era levemente distinta, gracias a la intervenci\u00f3n de un cirujano. Nada que ver con aquel abogado que, cuatro a\u00f1os antes, hab\u00eda desaparecido con noventa millones de d\u00f3lares dejando atr\u00e1s a su hermosa mujer y a su adorable hija.<\/p>\n","protected":false},"excerpt":{"rendered":"<p>Espiaron cada uno de sus movimientos hasta obtener la seguridad absoluta de que era \u00e9l. Se hac\u00eda llamar Danilo Silva y viv\u00eda en una modesta casa de una ciudad peque\u00f1a de Brasil. Pesaba mucho menos e incluso su cara era levemente distinta, gracias a la int<\/p>\n","protected":false},"featured_media":2339,"template":"","meta":[],"product_brand":[77],"product_cat":[29,40],"product_tag":[],"class_list":{"0":"post-2338","1":"product","2":"type-product","3":"status-publish","4":"has-post-thumbnail","6":"product_brand-john-grisham","7":"product_cat-novela","8":"product_cat-policial","10":"first","11":"instock","12":"purchasable","13":"product-type-simple"},"featured_image_urls_v2":{"full":["https:\/\/ajupe.com.uy\/web\/wp-content\/uploads\/2016\/04\/p-2338-7735.jpg",200,329,false],"thumbnail":["https:\/\/ajupe.com.uy\/web\/wp-content\/uploads\/2016\/04\/p-2338-7735.jpg",150,150,true],"medium":["https:\/\/ajupe.com.uy\/web\/wp-content\/uploads\/2016\/04\/p-2338-7735.jpg",300,214,true],"medium_large":["https:\/\/ajupe.com.uy\/web\/wp-content\/uploads\/2016\/04\/p-2338-7735.jpg",200,329,false],"large":["https:\/\/ajupe.com.uy\/web\/wp-content\/uploads\/2016\/04\/p-2338-7735.jpg",200,329,false],"1536x1536":["https:\/\/ajupe.com.uy\/web\/wp-content\/uploads\/2016\/04\/p-2338-7735.jpg",200,329,false],"2048x2048":["https:\/\/ajupe.com.uy\/web\/wp-content\/uploads\/2016\/04\/p-2338-7735.jpg",200,329,false],"woocommerce_archive_thumbnail":["https:\/\/ajupe.com.uy\/web\/wp-content\/uploads\/2016\/04\/p-2338-7735.jpg",200,329,false],"woocommerce_thumbnail":["https:\/\/ajupe.com.uy\/web\/wp-content\/uploads\/2016\/04\/p-2338-7735-200x300.jpg",200,300,true],"woocommerce_single":["https:\/\/ajupe.com.uy\/web\/wp-content\/uploads\/2016\/04\/p-2338-7735.jpg",200,329,false],"woocommerce_gallery_thumbnail":["https:\/\/ajupe.com.uy\/web\/wp-content\/uploads\/2016\/04\/p-2338-7735-100x100.jpg",100,100,true]},"post_excerpt_stackable_v2":"<p>Espiaron cada uno de sus movimientos hasta obtener la seguridad absoluta de que era \u00e9l. Se hac\u00eda llamar Danilo Silva y viv\u00eda en una modesta casa de una ciudad peque\u00f1a de Brasil. Pesaba mucho menos e incluso su cara era levemente distinta, gracias a la int<\/p>\n","category_list_v2":"","author_info_v2":{"name":"","url":""},"comments_num_v2":"0 comentarios","_links":{"self":[{"href":"https:\/\/ajupe.com.uy\/web\/wp-json\/wp\/v2\/product\/2338","targetHints":{"allow":["GET"]}}],"collection":[{"href":"https:\/\/ajupe.com.uy\/web\/wp-json\/wp\/v2\/product"}],"about":[{"href":"https:\/\/ajupe.com.uy\/web\/wp-json\/wp\/v2\/types\/product"}],"wp:featuredmedia":[{"embeddable":true,"href":"https:\/\/ajupe.com.uy\/web\/wp-json\/wp\/v2\/media\/2339"}],"wp:attachment":[{"href":"https:\/\/ajupe.com.uy\/web\/wp-json\/wp\/v2\/media?parent=2338"}],"wp:term":[{"taxonomy":"product_brand","embeddable":true,"href":"https:\/\/ajupe.com.uy\/web\/wp-json\/wp\/v2\/product_brand?post=2338"},{"taxonomy":"product_cat","embeddable":true,"href":"https:\/\/ajupe.com.uy\/web\/wp-json\/wp\/v2\/product_cat?post=2338"},{"taxonomy":"product_tag","embeddable":true,"href":"https:\/\/ajupe.com.uy\/web\/wp-json\/wp\/v2\/product_tag?post=2338"}],"curies":[{"name":"wp","href":"https:\/\/api.w.org\/{rel}","templated":true}]}}