{"id":2340,"date":"2010-07-14T00:00:00","date_gmt":"2010-07-14T03:00:00","guid":{"rendered":"http:\/\/ajupe.com.uy\/web\/?post_type=product&#038;p=2340"},"modified":"2011-09-15T20:24:42","modified_gmt":"2011-09-15T23:24:42","slug":"corazon-de-mar-trilogia-irlandesa-iii","status":"publish","type":"product","link":"https:\/\/ajupe.com.uy\/web\/biblioteca\/corazon-de-mar-trilogia-irlandesa-iii\/","title":{"rendered":"Coraz\u00f3n de Mar (Trilog\u00eda Irlandesa III)"},"content":{"rendered":"<p>La llegada a Ardmore de Trevor, un atractivo y orgulloso hombre de negocios, altera la vida del peque\u00f1o pueblo irland\u00e9s y aviva las ansias de amor de la joven y ambiciosa Darcy, la menor de los hermanos Gallagher. Entre ambos surge un apasionado idilio en el que la atracci\u00f3n f\u00edsica se impone a sus fuertes personalidades. Pero la magia, personificada en Carrick, el pr\u00edncipe de las hadas, y en el fantasma de su enamorada, terminar\u00e1 por convertir la pasi\u00f3n en amor. \u00abCoraz\u00f3n del mar\u00bb es la \u00faltima parte de la trilog\u00eda que la norteamericana Nora Roberts ambienta en tierras irlandesas, y en la que lujuria, pasi\u00f3n, leyenda y magia a\u00fanan sus fuerzas para conseguir que los protagonistas descubran el verdadero amor.<\/p>\n","protected":false},"excerpt":{"rendered":"<p>La llegada a Ardmore de Trevor, un atractivo y orgulloso hombre de negocios, altera la vida del peque\u00f1o pueblo irland\u00e9s y aviva las ansias de amor de la joven y ambiciosa Darcy, la menor de los hermanos Gallagher. Entre ambos surge un apasionado idilio en<\/p>\n","protected":false},"featured_media":2341,"template":"","meta":[],"product_brand":[267],"product_cat":[38,29],"product_tag":[],"class_list":{"0":"post-2340","1":"product","2":"type-product","3":"status-publish","4":"has-post-thumbnail","6":"product_brand-nora-roberts","7":"product_cat-amor","8":"product_cat-novela","10":"first","11":"instock","12":"purchasable","13":"product-type-simple"},"featured_image_urls_v2":{"full":["https:\/\/ajupe.com.uy\/web\/wp-content\/uploads\/2016\/04\/p-2340-7737.jpg",240,400,false],"thumbnail":["https:\/\/ajupe.com.uy\/web\/wp-content\/uploads\/2016\/04\/p-2340-7737.jpg",90,150,false],"medium":["https:\/\/ajupe.com.uy\/web\/wp-content\/uploads\/2016\/04\/p-2340-7737.jpg",180,300,false],"medium_large":["https:\/\/ajupe.com.uy\/web\/wp-content\/uploads\/2016\/04\/p-2340-7737.jpg",240,400,false],"large":["https:\/\/ajupe.com.uy\/web\/wp-content\/uploads\/2016\/04\/p-2340-7737.jpg",240,400,false],"1536x1536":["https:\/\/ajupe.com.uy\/web\/wp-content\/uploads\/2016\/04\/p-2340-7737.jpg",240,400,false],"2048x2048":["https:\/\/ajupe.com.uy\/web\/wp-content\/uploads\/2016\/04\/p-2340-7737.jpg",240,400,false],"woocommerce_archive_thumbnail":["https:\/\/ajupe.com.uy\/web\/wp-content\/uploads\/2016\/04\/p-2340-7737.jpg",240,400,false],"woocommerce_thumbnail":["https:\/\/ajupe.com.uy\/web\/wp-content\/uploads\/2016\/04\/p-2340-7737-240x300.jpg",240,300,true],"woocommerce_single":["https:\/\/ajupe.com.uy\/web\/wp-content\/uploads\/2016\/04\/p-2340-7737.jpg",240,400,false],"woocommerce_gallery_thumbnail":["https:\/\/ajupe.com.uy\/web\/wp-content\/uploads\/2016\/04\/p-2340-7737-100x100.jpg",100,100,true]},"post_excerpt_stackable_v2":"<p>La llegada a Ardmore de Trevor, un atractivo y orgulloso hombre de negocios, altera la vida del peque\u00f1o pueblo irland\u00e9s y aviva las ansias de amor de la joven y ambiciosa Darcy, la menor de los hermanos Gallagher. Entre ambos surge un apasionado idilio en<\/p>\n","category_list_v2":"","author_info_v2":{"name":"","url":""},"comments_num_v2":"0 comentarios","_links":{"self":[{"href":"https:\/\/ajupe.com.uy\/web\/wp-json\/wp\/v2\/product\/2340","targetHints":{"allow":["GET"]}}],"collection":[{"href":"https:\/\/ajupe.com.uy\/web\/wp-json\/wp\/v2\/product"}],"about":[{"href":"https:\/\/ajupe.com.uy\/web\/wp-json\/wp\/v2\/types\/product"}],"wp:featuredmedia":[{"embeddable":true,"href":"https:\/\/ajupe.com.uy\/web\/wp-json\/wp\/v2\/media\/2341"}],"wp:attachment":[{"href":"https:\/\/ajupe.com.uy\/web\/wp-json\/wp\/v2\/media?parent=2340"}],"wp:term":[{"taxonomy":"product_brand","embeddable":true,"href":"https:\/\/ajupe.com.uy\/web\/wp-json\/wp\/v2\/product_brand?post=2340"},{"taxonomy":"product_cat","embeddable":true,"href":"https:\/\/ajupe.com.uy\/web\/wp-json\/wp\/v2\/product_cat?post=2340"},{"taxonomy":"product_tag","embeddable":true,"href":"https:\/\/ajupe.com.uy\/web\/wp-json\/wp\/v2\/product_tag?post=2340"}],"curies":[{"name":"wp","href":"https:\/\/api.w.org\/{rel}","templated":true}]}}