{"id":2352,"date":"2010-07-14T00:00:00","date_gmt":"2010-07-14T03:00:00","guid":{"rendered":"http:\/\/ajupe.com.uy\/web\/?post_type=product&#038;p=2352"},"modified":"2011-09-15T19:58:50","modified_gmt":"2011-09-15T22:58:50","slug":"cuando-sube-la-marea","status":"publish","type":"product","link":"https:\/\/ajupe.com.uy\/web\/biblioteca\/cuando-sube-la-marea\/","title":{"rendered":"Cuando Sube La Marea"},"content":{"rendered":"<p>Ethan, el segundo de los hijos adoptivos de los Quinn, es un hombre de mar, un hombre tranquilo y reservado con un coraz\u00f3n, sin embargo, tan bravo como el oc\u00e9ano que adora y respeta. En Cuando sube la marea no s\u00f3lo se enfrentar\u00e1 al reto de sacar adelante el astillero que ha montado con sus hermanos. Sobre todo tendr\u00e1 que asumir que Seth, el peque\u00f1o de los Quinn, lo necesita desesperadamente, y que para amar en plenitud a Grace, la joven de la que siempre ha estado enamorado, deber\u00e1 recordar su oscuro pasado y su dolor, aceptarlos y confiar en que el amor lo cura y lo perdona todo.<\/p>\n","protected":false},"excerpt":{"rendered":"<p>Ethan, el segundo de los hijos adoptivos de los Quinn, es un hombre de mar, un hombre tranquilo y reservado con un coraz\u00f3n, sin embargo, tan bravo como el oc\u00e9ano que adora y respeta. En Cuando sube la marea no s\u00f3lo se enfrentar\u00e1 al reto de sacar adelante<\/p>\n","protected":false},"featured_media":2353,"template":"","meta":[],"product_brand":[267],"product_cat":[38,29],"product_tag":[],"class_list":{"0":"post-2352","1":"product","2":"type-product","3":"status-publish","4":"has-post-thumbnail","6":"product_brand-nora-roberts","7":"product_cat-amor","8":"product_cat-novela","10":"first","11":"instock","12":"purchasable","13":"product-type-simple"},"featured_image_urls_v2":{"full":["https:\/\/ajupe.com.uy\/web\/wp-content\/uploads\/2016\/04\/p-2352-7744.jpg",255,407,false],"thumbnail":["https:\/\/ajupe.com.uy\/web\/wp-content\/uploads\/2016\/04\/p-2352-7744.jpg",150,150,true],"medium":["https:\/\/ajupe.com.uy\/web\/wp-content\/uploads\/2016\/04\/p-2352-7744.jpg",300,214,true],"medium_large":["https:\/\/ajupe.com.uy\/web\/wp-content\/uploads\/2016\/04\/p-2352-7744.jpg",255,407,false],"large":["https:\/\/ajupe.com.uy\/web\/wp-content\/uploads\/2016\/04\/p-2352-7744.jpg",255,407,false],"1536x1536":["https:\/\/ajupe.com.uy\/web\/wp-content\/uploads\/2016\/04\/p-2352-7744.jpg",255,407,false],"2048x2048":["https:\/\/ajupe.com.uy\/web\/wp-content\/uploads\/2016\/04\/p-2352-7744.jpg",255,407,false],"woocommerce_archive_thumbnail":["https:\/\/ajupe.com.uy\/web\/wp-content\/uploads\/2016\/04\/p-2352-7744-255x400.jpg",255,400,true],"woocommerce_thumbnail":["https:\/\/ajupe.com.uy\/web\/wp-content\/uploads\/2016\/04\/p-2352-7744-255x300.jpg",255,300,true],"woocommerce_single":["https:\/\/ajupe.com.uy\/web\/wp-content\/uploads\/2016\/04\/p-2352-7744.jpg",255,407,false],"woocommerce_gallery_thumbnail":["https:\/\/ajupe.com.uy\/web\/wp-content\/uploads\/2016\/04\/p-2352-7744-100x100.jpg",100,100,true]},"post_excerpt_stackable_v2":"<p>Ethan, el segundo de los hijos adoptivos de los Quinn, es un hombre de mar, un hombre tranquilo y reservado con un coraz\u00f3n, sin embargo, tan bravo como el oc\u00e9ano que adora y respeta. En Cuando sube la marea no s\u00f3lo se enfrentar\u00e1 al reto de sacar adelante<\/p>\n","category_list_v2":"","author_info_v2":{"name":"","url":""},"comments_num_v2":"0 comentarios","_links":{"self":[{"href":"https:\/\/ajupe.com.uy\/web\/wp-json\/wp\/v2\/product\/2352","targetHints":{"allow":["GET"]}}],"collection":[{"href":"https:\/\/ajupe.com.uy\/web\/wp-json\/wp\/v2\/product"}],"about":[{"href":"https:\/\/ajupe.com.uy\/web\/wp-json\/wp\/v2\/types\/product"}],"wp:featuredmedia":[{"embeddable":true,"href":"https:\/\/ajupe.com.uy\/web\/wp-json\/wp\/v2\/media\/2353"}],"wp:attachment":[{"href":"https:\/\/ajupe.com.uy\/web\/wp-json\/wp\/v2\/media?parent=2352"}],"wp:term":[{"taxonomy":"product_brand","embeddable":true,"href":"https:\/\/ajupe.com.uy\/web\/wp-json\/wp\/v2\/product_brand?post=2352"},{"taxonomy":"product_cat","embeddable":true,"href":"https:\/\/ajupe.com.uy\/web\/wp-json\/wp\/v2\/product_cat?post=2352"},{"taxonomy":"product_tag","embeddable":true,"href":"https:\/\/ajupe.com.uy\/web\/wp-json\/wp\/v2\/product_tag?post=2352"}],"curies":[{"name":"wp","href":"https:\/\/api.w.org\/{rel}","templated":true}]}}