{"id":2374,"date":"2010-07-14T00:00:00","date_gmt":"2010-07-14T03:00:00","guid":{"rendered":"http:\/\/ajupe.com.uy\/web\/?post_type=product&#038;p=2374"},"modified":"2011-09-16T19:04:23","modified_gmt":"2011-09-16T22:04:23","slug":"empezar-de-nuevo","status":"publish","type":"product","link":"https:\/\/ajupe.com.uy\/web\/biblioteca\/empezar-de-nuevo\/","title":{"rendered":"Empezar de Nuevo"},"content":{"rendered":"<p>No pueden ser m\u00e1s distintos: ella es la reina del mundo de la moda, vive rodeada de glamour, de fiesta en fiesta y en compa\u00f1\u00eda de modelos anor\u00e9xicas. Pero cuando conoce al peculiar John sabe que su vida est\u00e1 a punto de cambiar. El sinuoso recorrido de una singular pareja.<\/p>\n","protected":false},"excerpt":{"rendered":"<p>No pueden ser m\u00e1s distintos: ella es la reina del mundo de la moda, vive rodeada de glamour, de fiesta en fiesta y en compa\u00f1\u00eda de modelos anor\u00e9xicas. Pero cuando conoce al peculiar John sabe que su vida est\u00e1 a punto de cambiar. El sinuoso recorrido de una<\/p>\n","protected":false},"featured_media":2375,"template":"","meta":[],"product_brand":[193],"product_cat":[38,29],"product_tag":[],"class_list":{"0":"post-2374","1":"product","2":"type-product","3":"status-publish","4":"has-post-thumbnail","6":"product_brand-danielle-steel","7":"product_cat-amor","8":"product_cat-novela","10":"first","11":"instock","12":"purchasable","13":"product-type-simple"},"featured_image_urls_v2":{"full":["https:\/\/ajupe.com.uy\/web\/wp-content\/uploads\/2016\/04\/p-2374-7777.jpg",241,397,false],"thumbnail":["https:\/\/ajupe.com.uy\/web\/wp-content\/uploads\/2016\/04\/p-2374-7777.jpg",150,150,true],"medium":["https:\/\/ajupe.com.uy\/web\/wp-content\/uploads\/2016\/04\/p-2374-7777.jpg",300,214,true],"medium_large":["https:\/\/ajupe.com.uy\/web\/wp-content\/uploads\/2016\/04\/p-2374-7777.jpg",241,397,false],"large":["https:\/\/ajupe.com.uy\/web\/wp-content\/uploads\/2016\/04\/p-2374-7777.jpg",241,397,false],"1536x1536":["https:\/\/ajupe.com.uy\/web\/wp-content\/uploads\/2016\/04\/p-2374-7777.jpg",241,397,false],"2048x2048":["https:\/\/ajupe.com.uy\/web\/wp-content\/uploads\/2016\/04\/p-2374-7777.jpg",241,397,false],"woocommerce_archive_thumbnail":["https:\/\/ajupe.com.uy\/web\/wp-content\/uploads\/2016\/04\/p-2374-7777-241x300.jpg",241,300,true],"woocommerce_thumbnail":["https:\/\/ajupe.com.uy\/web\/wp-content\/uploads\/2016\/04\/p-2374-7777-241x300.jpg",241,300,true],"woocommerce_single":["https:\/\/ajupe.com.uy\/web\/wp-content\/uploads\/2016\/04\/p-2374-7777.jpg",241,397,false],"woocommerce_gallery_thumbnail":["https:\/\/ajupe.com.uy\/web\/wp-content\/uploads\/2016\/04\/p-2374-7777-100x100.jpg",100,100,true]},"post_excerpt_stackable_v2":"<p>No pueden ser m\u00e1s distintos: ella es la reina del mundo de la moda, vive rodeada de glamour, de fiesta en fiesta y en compa\u00f1\u00eda de modelos anor\u00e9xicas. Pero cuando conoce al peculiar John sabe que su vida est\u00e1 a punto de cambiar. El sinuoso recorrido de una<\/p>\n","category_list_v2":"","author_info_v2":{"name":"","url":""},"comments_num_v2":"0 comentarios","_links":{"self":[{"href":"https:\/\/ajupe.com.uy\/web\/wp-json\/wp\/v2\/product\/2374","targetHints":{"allow":["GET"]}}],"collection":[{"href":"https:\/\/ajupe.com.uy\/web\/wp-json\/wp\/v2\/product"}],"about":[{"href":"https:\/\/ajupe.com.uy\/web\/wp-json\/wp\/v2\/types\/product"}],"wp:featuredmedia":[{"embeddable":true,"href":"https:\/\/ajupe.com.uy\/web\/wp-json\/wp\/v2\/media\/2375"}],"wp:attachment":[{"href":"https:\/\/ajupe.com.uy\/web\/wp-json\/wp\/v2\/media?parent=2374"}],"wp:term":[{"taxonomy":"product_brand","embeddable":true,"href":"https:\/\/ajupe.com.uy\/web\/wp-json\/wp\/v2\/product_brand?post=2374"},{"taxonomy":"product_cat","embeddable":true,"href":"https:\/\/ajupe.com.uy\/web\/wp-json\/wp\/v2\/product_cat?post=2374"},{"taxonomy":"product_tag","embeddable":true,"href":"https:\/\/ajupe.com.uy\/web\/wp-json\/wp\/v2\/product_tag?post=2374"}],"curies":[{"name":"wp","href":"https:\/\/api.w.org\/{rel}","templated":true}]}}