{"id":2426,"date":"2010-07-14T00:00:00","date_gmt":"2010-07-14T03:00:00","guid":{"rendered":"http:\/\/ajupe.com.uy\/web\/?post_type=product&#038;p=2426"},"modified":"2010-07-14T00:00:00","modified_gmt":"2010-07-14T03:00:00","slug":"basta-de-historias","status":"publish","type":"product","link":"https:\/\/ajupe.com.uy\/web\/biblioteca\/basta-de-historias\/","title":{"rendered":"Basta de Historias"},"content":{"rendered":"<p>\u00a1Basta de Historias! es un agudo viaje period\u00edstico alrededor del mundo, que aporta ideas \u00fatiles para trabajar en la principal asignatura pendiente de nuestros pa\u00edses y la \u00fanica que nos podr\u00e1 sacar de la mediocridad econ\u00f3mica e intelectual en la que vivimos: la educaci\u00f3n. &quot;Este libro sale a la luz en momentos en que buena parte de Latinoam\u00e9rica est\u00e1 festejando el bicentenario de su independencia. La obsesi\u00f3n con el pasado es un fen\u00f3meno caracter\u00edstico de la regi\u00f3n. Curiosamente, no ocurre lo mismo en China, India y otros pa\u00edses asi\u00e1ticos y de Europa del Este, a pesar de que muchos de ellos tienen historias milenarias. Vale la pena entonces hacernos una serie de preguntas tan pertinentes como pol\u00edticamente incorrectas: \u00bfes saludable esta obsesi\u00f3n con la historia? \u00bfNos ayuda a prepararnos para el futuro? \u00bfO, por el contrario, nos distrae de la tarea cada vez m\u00e1s urgente de prepararnos para competir mejor en la econom\u00eda del conocimiento del siglo XXI?&quot;<\/p>\n","protected":false},"excerpt":{"rendered":"<p>\u00a1Basta de Historias! es un agudo viaje period\u00edstico alrededor del mundo, que aporta ideas \u00fatiles para trabajar en la principal asignatura pendiente de nuestros pa\u00edses y la \u00fanica que nos podr\u00e1 sacar de la mediocridad econ\u00f3mica e intelectual en la que vivim<\/p>\n","protected":false},"featured_media":2427,"template":"","meta":[],"product_brand":[985],"product_cat":[40],"product_tag":[],"class_list":{"0":"post-2426","1":"product","2":"type-product","3":"status-publish","4":"has-post-thumbnail","6":"product_brand-hala-jaber","7":"product_cat-policial","9":"first","10":"instock","11":"purchasable","12":"product-type-simple"},"featured_image_urls_v2":{"full":["https:\/\/ajupe.com.uy\/web\/wp-content\/uploads\/2016\/04\/p-2426-7814.jpg",266,411,false],"thumbnail":["https:\/\/ajupe.com.uy\/web\/wp-content\/uploads\/2016\/04\/p-2426-7814.jpg",150,150,true],"medium":["https:\/\/ajupe.com.uy\/web\/wp-content\/uploads\/2016\/04\/p-2426-7814.jpg",300,214,true],"medium_large":["https:\/\/ajupe.com.uy\/web\/wp-content\/uploads\/2016\/04\/p-2426-7814.jpg",266,411,false],"large":["https:\/\/ajupe.com.uy\/web\/wp-content\/uploads\/2016\/04\/p-2426-7814.jpg",266,411,false],"1536x1536":["https:\/\/ajupe.com.uy\/web\/wp-content\/uploads\/2016\/04\/p-2426-7814.jpg",266,411,false],"2048x2048":["https:\/\/ajupe.com.uy\/web\/wp-content\/uploads\/2016\/04\/p-2426-7814.jpg",266,411,false],"woocommerce_archive_thumbnail":["https:\/\/ajupe.com.uy\/web\/wp-content\/uploads\/2016\/04\/p-2426-7814.jpg",266,411,false],"woocommerce_thumbnail":["https:\/\/ajupe.com.uy\/web\/wp-content\/uploads\/2016\/04\/p-2426-7814-266x300.jpg",266,300,true],"woocommerce_single":["https:\/\/ajupe.com.uy\/web\/wp-content\/uploads\/2016\/04\/p-2426-7814.jpg",266,411,false],"woocommerce_gallery_thumbnail":["https:\/\/ajupe.com.uy\/web\/wp-content\/uploads\/2016\/04\/p-2426-7814-100x100.jpg",100,100,true]},"post_excerpt_stackable_v2":"<p>\u00a1Basta de Historias! es un agudo viaje period\u00edstico alrededor del mundo, que aporta ideas \u00fatiles para trabajar en la principal asignatura pendiente de nuestros pa\u00edses y la \u00fanica que nos podr\u00e1 sacar de la mediocridad econ\u00f3mica e intelectual en la que vivim<\/p>\n","category_list_v2":"","author_info_v2":{"name":"","url":""},"comments_num_v2":"0 comentarios","_links":{"self":[{"href":"https:\/\/ajupe.com.uy\/web\/wp-json\/wp\/v2\/product\/2426","targetHints":{"allow":["GET"]}}],"collection":[{"href":"https:\/\/ajupe.com.uy\/web\/wp-json\/wp\/v2\/product"}],"about":[{"href":"https:\/\/ajupe.com.uy\/web\/wp-json\/wp\/v2\/types\/product"}],"wp:featuredmedia":[{"embeddable":true,"href":"https:\/\/ajupe.com.uy\/web\/wp-json\/wp\/v2\/media\/2427"}],"wp:attachment":[{"href":"https:\/\/ajupe.com.uy\/web\/wp-json\/wp\/v2\/media?parent=2426"}],"wp:term":[{"taxonomy":"product_brand","embeddable":true,"href":"https:\/\/ajupe.com.uy\/web\/wp-json\/wp\/v2\/product_brand?post=2426"},{"taxonomy":"product_cat","embeddable":true,"href":"https:\/\/ajupe.com.uy\/web\/wp-json\/wp\/v2\/product_cat?post=2426"},{"taxonomy":"product_tag","embeddable":true,"href":"https:\/\/ajupe.com.uy\/web\/wp-json\/wp\/v2\/product_tag?post=2426"}],"curies":[{"name":"wp","href":"https:\/\/api.w.org\/{rel}","templated":true}]}}