{"id":2428,"date":"2010-07-14T00:00:00","date_gmt":"2010-07-14T03:00:00","guid":{"rendered":"http:\/\/ajupe.com.uy\/web\/?post_type=product&#038;p=2428"},"modified":"2011-09-19T17:42:36","modified_gmt":"2011-09-19T20:42:36","slug":"pasaje-al-paraiso","status":"publish","type":"product","link":"https:\/\/ajupe.com.uy\/web\/biblioteca\/pasaje-al-paraiso\/","title":{"rendered":"Pasaje al Para\u00edso"},"content":{"rendered":"<p>Al detective Harry Bosch, reci\u00e9n incorporado al Departamento de Homicidios de la pol\u00edcia de Los \u00c1ngeles tras una baja voluntaria, le cae un trabajito rutinario. En el maletero de un RollsRoyce se ha encontrado el cuerpo de Tony Aliso, productor de pel\u00edculas porno, con dos tiros en la cabeza. Aunque todo apunta a un ajuste de cuentas entre mafiosos, la Divisi\u00f3n contra el Crimen Organizado reacciona de forma extra\u00f1a ante el caso y deja abiertas las puertas para el perseverante Bosh.<\/p>\n","protected":false},"excerpt":{"rendered":"<p>Al detective Harry Bosch, reci\u00e9n incorporado al Departamento de Homicidios de la pol\u00edcia de Los \u00c1ngeles tras una baja voluntaria, le cae un trabajito rutinario. En el maletero de un RollsRoyce se ha encontrado el cuerpo de Tony Aliso, productor de pel\u00edcul<\/p>\n","protected":false},"featured_media":2429,"template":"","meta":[],"product_brand":[384],"product_cat":[40,30],"product_tag":[],"class_list":{"0":"post-2428","1":"product","2":"type-product","3":"status-publish","4":"has-post-thumbnail","6":"product_brand-michael-connelly","7":"product_cat-policial","8":"product_cat-suspenso","10":"first","11":"instock","12":"purchasable","13":"product-type-simple"},"featured_image_urls_v2":{"full":["https:\/\/ajupe.com.uy\/web\/wp-content\/uploads\/2016\/04\/p-2428-7815.jpg",288,466,false],"thumbnail":["https:\/\/ajupe.com.uy\/web\/wp-content\/uploads\/2016\/04\/p-2428-7815.jpg",150,150,true],"medium":["https:\/\/ajupe.com.uy\/web\/wp-content\/uploads\/2016\/04\/p-2428-7815.jpg",300,214,true],"medium_large":["https:\/\/ajupe.com.uy\/web\/wp-content\/uploads\/2016\/04\/p-2428-7815.jpg",288,466,false],"large":["https:\/\/ajupe.com.uy\/web\/wp-content\/uploads\/2016\/04\/p-2428-7815.jpg",288,466,false],"1536x1536":["https:\/\/ajupe.com.uy\/web\/wp-content\/uploads\/2016\/04\/p-2428-7815.jpg",288,466,false],"2048x2048":["https:\/\/ajupe.com.uy\/web\/wp-content\/uploads\/2016\/04\/p-2428-7815.jpg",288,466,false],"woocommerce_archive_thumbnail":["https:\/\/ajupe.com.uy\/web\/wp-content\/uploads\/2016\/04\/p-2428-7815-288x450.jpg",288,450,true],"woocommerce_thumbnail":["https:\/\/ajupe.com.uy\/web\/wp-content\/uploads\/2016\/04\/p-2428-7815-288x300.jpg",288,300,true],"woocommerce_single":["https:\/\/ajupe.com.uy\/web\/wp-content\/uploads\/2016\/04\/p-2428-7815.jpg",288,466,false],"woocommerce_gallery_thumbnail":["https:\/\/ajupe.com.uy\/web\/wp-content\/uploads\/2016\/04\/p-2428-7815-100x100.jpg",100,100,true]},"post_excerpt_stackable_v2":"<p>Al detective Harry Bosch, reci\u00e9n incorporado al Departamento de Homicidios de la pol\u00edcia de Los \u00c1ngeles tras una baja voluntaria, le cae un trabajito rutinario. En el maletero de un RollsRoyce se ha encontrado el cuerpo de Tony Aliso, productor de pel\u00edcul<\/p>\n","category_list_v2":"","author_info_v2":{"name":"","url":""},"comments_num_v2":"0 comentarios","_links":{"self":[{"href":"https:\/\/ajupe.com.uy\/web\/wp-json\/wp\/v2\/product\/2428","targetHints":{"allow":["GET"]}}],"collection":[{"href":"https:\/\/ajupe.com.uy\/web\/wp-json\/wp\/v2\/product"}],"about":[{"href":"https:\/\/ajupe.com.uy\/web\/wp-json\/wp\/v2\/types\/product"}],"wp:featuredmedia":[{"embeddable":true,"href":"https:\/\/ajupe.com.uy\/web\/wp-json\/wp\/v2\/media\/2429"}],"wp:attachment":[{"href":"https:\/\/ajupe.com.uy\/web\/wp-json\/wp\/v2\/media?parent=2428"}],"wp:term":[{"taxonomy":"product_brand","embeddable":true,"href":"https:\/\/ajupe.com.uy\/web\/wp-json\/wp\/v2\/product_brand?post=2428"},{"taxonomy":"product_cat","embeddable":true,"href":"https:\/\/ajupe.com.uy\/web\/wp-json\/wp\/v2\/product_cat?post=2428"},{"taxonomy":"product_tag","embeddable":true,"href":"https:\/\/ajupe.com.uy\/web\/wp-json\/wp\/v2\/product_tag?post=2428"}],"curies":[{"name":"wp","href":"https:\/\/api.w.org\/{rel}","templated":true}]}}