{"id":2466,"date":"2010-07-14T00:00:00","date_gmt":"2010-07-14T03:00:00","guid":{"rendered":"http:\/\/ajupe.com.uy\/web\/?post_type=product&#038;p=2466"},"modified":"2011-09-07T12:47:15","modified_gmt":"2011-09-07T15:47:15","slug":"las-viudas-de-los-jueves","status":"publish","type":"product","link":"https:\/\/ajupe.com.uy\/web\/biblioteca\/las-viudas-de-los-jueves\/","title":{"rendered":"Las Viudas de los Jueves"},"content":{"rendered":"<p>Detr\u00e1s de las altas paredes perimetrales, m\u00e1s all\u00e1 de los portones reforzados por barreras y flanqueados por garitas de vigilancia, se encuentra Altos de la Cascada. Afuera, la ruta, la barriada popular de Santa Mar\u00eda de los Tigrecitos, la autopista, la ciudad, el resto del mundo. En Altos de la Cascada viven familias que llevan un mismo estilo de vida y que quieren mantenerlo cueste lo que cueste. All\u00ed, en el country, un grupo de amigos se re\u00fane semanalmente lejos de las miradas de sus hijos, sus empleadas dom\u00e9sticas y sus esposas, quienes excluidas del encuentro varonil, se autodenominan, bromeando, \u00ablas viudas de los jueves\u00bb. Pero una noche la rutina se quiebra y ese hecho permite descubrir, en un pa\u00eds que se desmorona, el lado oscuro de una vida \u00abperfecta\u00bb.<\/p>\n","protected":false},"excerpt":{"rendered":"<p>Detr\u00e1s de las altas paredes perimetrales, m\u00e1s all\u00e1 de los portones reforzados por barreras y flanqueados por garitas de vigilancia, se encuentra Altos de la Cascada. Afuera, la ruta, la barriada popular de Santa Mar\u00eda de los Tigrecitos, la autopista, la c<\/p>\n","protected":false},"featured_media":2467,"template":"","meta":[],"product_brand":[1000],"product_cat":[33],"product_tag":[],"class_list":{"0":"post-2466","1":"product","2":"type-product","3":"status-publish","4":"has-post-thumbnail","6":"product_brand-claudia-pineiro","7":"product_cat-cuentos","9":"first","10":"instock","11":"purchasable","12":"product-type-simple"},"featured_image_urls_v2":{"full":["https:\/\/ajupe.com.uy\/web\/wp-content\/uploads\/2016\/04\/p-2466-7847.jpg",240,404,false],"thumbnail":["https:\/\/ajupe.com.uy\/web\/wp-content\/uploads\/2016\/04\/p-2466-7847.jpg",150,150,true],"medium":["https:\/\/ajupe.com.uy\/web\/wp-content\/uploads\/2016\/04\/p-2466-7847.jpg",300,214,true],"medium_large":["https:\/\/ajupe.com.uy\/web\/wp-content\/uploads\/2016\/04\/p-2466-7847.jpg",240,404,false],"large":["https:\/\/ajupe.com.uy\/web\/wp-content\/uploads\/2016\/04\/p-2466-7847.jpg",240,404,false],"1536x1536":["https:\/\/ajupe.com.uy\/web\/wp-content\/uploads\/2016\/04\/p-2466-7847.jpg",240,404,false],"2048x2048":["https:\/\/ajupe.com.uy\/web\/wp-content\/uploads\/2016\/04\/p-2466-7847.jpg",240,404,false],"woocommerce_archive_thumbnail":["https:\/\/ajupe.com.uy\/web\/wp-content\/uploads\/2016\/04\/p-2466-7847-240x400.jpg",240,400,true],"woocommerce_thumbnail":["https:\/\/ajupe.com.uy\/web\/wp-content\/uploads\/2016\/04\/p-2466-7847-240x300.jpg",240,300,true],"woocommerce_single":["https:\/\/ajupe.com.uy\/web\/wp-content\/uploads\/2016\/04\/p-2466-7847.jpg",240,404,false],"woocommerce_gallery_thumbnail":["https:\/\/ajupe.com.uy\/web\/wp-content\/uploads\/2016\/04\/p-2466-7847-100x100.jpg",100,100,true]},"post_excerpt_stackable_v2":"<p>Detr\u00e1s de las altas paredes perimetrales, m\u00e1s all\u00e1 de los portones reforzados por barreras y flanqueados por garitas de vigilancia, se encuentra Altos de la Cascada. Afuera, la ruta, la barriada popular de Santa Mar\u00eda de los Tigrecitos, la autopista, la c<\/p>\n","category_list_v2":"","author_info_v2":{"name":"","url":""},"comments_num_v2":"0 comentarios","_links":{"self":[{"href":"https:\/\/ajupe.com.uy\/web\/wp-json\/wp\/v2\/product\/2466","targetHints":{"allow":["GET"]}}],"collection":[{"href":"https:\/\/ajupe.com.uy\/web\/wp-json\/wp\/v2\/product"}],"about":[{"href":"https:\/\/ajupe.com.uy\/web\/wp-json\/wp\/v2\/types\/product"}],"wp:featuredmedia":[{"embeddable":true,"href":"https:\/\/ajupe.com.uy\/web\/wp-json\/wp\/v2\/media\/2467"}],"wp:attachment":[{"href":"https:\/\/ajupe.com.uy\/web\/wp-json\/wp\/v2\/media?parent=2466"}],"wp:term":[{"taxonomy":"product_brand","embeddable":true,"href":"https:\/\/ajupe.com.uy\/web\/wp-json\/wp\/v2\/product_brand?post=2466"},{"taxonomy":"product_cat","embeddable":true,"href":"https:\/\/ajupe.com.uy\/web\/wp-json\/wp\/v2\/product_cat?post=2466"},{"taxonomy":"product_tag","embeddable":true,"href":"https:\/\/ajupe.com.uy\/web\/wp-json\/wp\/v2\/product_tag?post=2466"}],"curies":[{"name":"wp","href":"https:\/\/api.w.org\/{rel}","templated":true}]}}