{"id":2565,"date":"2010-07-14T00:00:00","date_gmt":"2010-07-14T03:00:00","guid":{"rendered":"http:\/\/ajupe.com.uy\/web\/?post_type=product&#038;p=2565"},"modified":"2011-09-06T18:22:38","modified_gmt":"2011-09-06T21:22:38","slug":"el-honor-del-silencio-2","status":"publish","type":"product","link":"https:\/\/ajupe.com.uy\/web\/biblioteca\/el-honor-del-silencio-2\/","title":{"rendered":"El Honor Del Silencio"},"content":{"rendered":"<p>Una joven japonesa decide cursar sus estudios en California a principios de los a\u00f1os 40. All\u00ed se ve atrapada entre el tradicionalismo de su `pa\u00eds y la modernidad de la sociedad estadounidense. Tras el ataque a Pearl Harbor, tanto Hiroko como toda la colonia japonesa, se convierten en enemigos potenciales de EEUU y sufren la hostilidad y prejuicios de sus convecinos. Solo su c\u00e1lida relaci\u00f3n con un profesor universitario pone un poco de esperanza en su vida. Pero ni el amor puede quedar al margen de los estragos de una guerra.<\/p>\n","protected":false},"excerpt":{"rendered":"<p>Una joven japonesa decide cursar sus estudios en California a principios de los a\u00f1os 40. All\u00ed se ve atrapada entre el tradicionalismo de su `pa\u00eds y la modernidad de la sociedad estadounidense. Tras el ataque a Pearl Harbor, tanto Hiroko como toda la colon<\/p>\n","protected":false},"featured_media":2566,"template":"","meta":[],"product_brand":[193],"product_cat":[38],"product_tag":[],"class_list":{"0":"post-2565","1":"product","2":"type-product","3":"status-publish","4":"has-post-thumbnail","6":"product_brand-danielle-steel","7":"product_cat-amor","9":"first","10":"instock","11":"purchasable","12":"product-type-simple"},"featured_image_urls_v2":{"full":["https:\/\/ajupe.com.uy\/web\/wp-content\/uploads\/2016\/04\/p-2565-7877.jpg",349,465,false],"thumbnail":["https:\/\/ajupe.com.uy\/web\/wp-content\/uploads\/2016\/04\/p-2565-7877.jpg",150,150,true],"medium":["https:\/\/ajupe.com.uy\/web\/wp-content\/uploads\/2016\/04\/p-2565-7877.jpg",300,214,true],"medium_large":["https:\/\/ajupe.com.uy\/web\/wp-content\/uploads\/2016\/04\/p-2565-7877.jpg",349,465,false],"large":["https:\/\/ajupe.com.uy\/web\/wp-content\/uploads\/2016\/04\/p-2565-7877.jpg",349,465,false],"1536x1536":["https:\/\/ajupe.com.uy\/web\/wp-content\/uploads\/2016\/04\/p-2565-7877.jpg",349,465,false],"2048x2048":["https:\/\/ajupe.com.uy\/web\/wp-content\/uploads\/2016\/04\/p-2565-7877.jpg",349,465,false],"woocommerce_archive_thumbnail":["https:\/\/ajupe.com.uy\/web\/wp-content\/uploads\/2016\/04\/p-2565-7877-300x450.jpg",300,450,true],"woocommerce_thumbnail":["https:\/\/ajupe.com.uy\/web\/wp-content\/uploads\/2016\/04\/p-2565-7877-300x300.jpg",300,300,true],"woocommerce_single":["https:\/\/ajupe.com.uy\/web\/wp-content\/uploads\/2016\/04\/p-2565-7877-300x400.jpg",300,400,true],"woocommerce_gallery_thumbnail":["https:\/\/ajupe.com.uy\/web\/wp-content\/uploads\/2016\/04\/p-2565-7877-100x100.jpg",100,100,true]},"post_excerpt_stackable_v2":"<p>Una joven japonesa decide cursar sus estudios en California a principios de los a\u00f1os 40. All\u00ed se ve atrapada entre el tradicionalismo de su `pa\u00eds y la modernidad de la sociedad estadounidense. Tras el ataque a Pearl Harbor, tanto Hiroko como toda la colon<\/p>\n","category_list_v2":"","author_info_v2":{"name":"","url":""},"comments_num_v2":"0 comentarios","_links":{"self":[{"href":"https:\/\/ajupe.com.uy\/web\/wp-json\/wp\/v2\/product\/2565","targetHints":{"allow":["GET"]}}],"collection":[{"href":"https:\/\/ajupe.com.uy\/web\/wp-json\/wp\/v2\/product"}],"about":[{"href":"https:\/\/ajupe.com.uy\/web\/wp-json\/wp\/v2\/types\/product"}],"wp:featuredmedia":[{"embeddable":true,"href":"https:\/\/ajupe.com.uy\/web\/wp-json\/wp\/v2\/media\/2566"}],"wp:attachment":[{"href":"https:\/\/ajupe.com.uy\/web\/wp-json\/wp\/v2\/media?parent=2565"}],"wp:term":[{"taxonomy":"product_brand","embeddable":true,"href":"https:\/\/ajupe.com.uy\/web\/wp-json\/wp\/v2\/product_brand?post=2565"},{"taxonomy":"product_cat","embeddable":true,"href":"https:\/\/ajupe.com.uy\/web\/wp-json\/wp\/v2\/product_cat?post=2565"},{"taxonomy":"product_tag","embeddable":true,"href":"https:\/\/ajupe.com.uy\/web\/wp-json\/wp\/v2\/product_tag?post=2565"}],"curies":[{"name":"wp","href":"https:\/\/api.w.org\/{rel}","templated":true}]}}