{"id":2605,"date":"2010-07-14T00:00:00","date_gmt":"2010-07-14T03:00:00","guid":{"rendered":"http:\/\/ajupe.com.uy\/web\/?post_type=product&#038;p=2605"},"modified":"2011-09-07T13:01:57","modified_gmt":"2011-09-07T16:01:57","slug":"el-codice-de-la-atlantida","status":"publish","type":"product","link":"https:\/\/ajupe.com.uy\/web\/biblioteca\/el-codice-de-la-atlantida\/","title":{"rendered":"El C\u00f3dice de la Atl\u00e1ntida"},"content":{"rendered":"<p>De lo m\u00e1s profundo del hielo de la Ant\u00e1rtida sale una se\u00f1al. La Atl\u00e1ntida ha despertado. Los monumentos antiguos de todo el mundo, desde las pir\u00e1mides de Egipto y M\u00e9jico hasta los yacimientos sagrados de China, est\u00e1n reaccionando a la crisis que se avecina. Los monumentos se est\u00e1n interconectando a trav\u00e9s de los oc\u00e9anos. En la tierra cunde el p\u00e1nico, porque parece que las se\u00f1ales procedentes de la Atl\u00e1ntida son el preludio de algo de mucha m\u00e1s envergadura&#8230; Dos ej\u00e9rcitos, el estadounidense y el chino, est\u00e1n a punto de entrar en guerra por el control de los enigmas, codificados en fragmentos de cristal rescatados de la ciudad hundida. La humanidad ha tenido doce mil a\u00f1os para interpretar las claves&#8230; pero ahora al mundo solo le queda una semana..<\/p>\n","protected":false},"excerpt":{"rendered":"<p>De lo m\u00e1s profundo del hielo de la Ant\u00e1rtida sale una se\u00f1al. La Atl\u00e1ntida ha despertado. Los monumentos antiguos de todo el mundo, desde las pir\u00e1mides de Egipto y M\u00e9jico hasta los yacimientos sagrados de China, est\u00e1n reaccionando a la crisis que se avecin<\/p>\n","protected":false},"featured_media":2606,"template":"","meta":[],"product_brand":[1033],"product_cat":[37],"product_tag":[],"class_list":{"0":"post-2605","1":"product","2":"type-product","3":"status-publish","4":"has-post-thumbnail","6":"product_brand-stel-pavlou","7":"product_cat-ficcion","9":"first","10":"instock","11":"purchasable","12":"product-type-simple"},"featured_image_urls_v2":{"full":["https:\/\/ajupe.com.uy\/web\/wp-content\/uploads\/2016\/04\/p-2605-7914.jpg",370,547,false],"thumbnail":["https:\/\/ajupe.com.uy\/web\/wp-content\/uploads\/2016\/04\/p-2605-7914.jpg",150,150,true],"medium":["https:\/\/ajupe.com.uy\/web\/wp-content\/uploads\/2016\/04\/p-2605-7914.jpg",300,214,true],"medium_large":["https:\/\/ajupe.com.uy\/web\/wp-content\/uploads\/2016\/04\/p-2605-7914.jpg",370,547,false],"large":["https:\/\/ajupe.com.uy\/web\/wp-content\/uploads\/2016\/04\/p-2605-7914.jpg",370,547,false],"1536x1536":["https:\/\/ajupe.com.uy\/web\/wp-content\/uploads\/2016\/04\/p-2605-7914.jpg",370,547,false],"2048x2048":["https:\/\/ajupe.com.uy\/web\/wp-content\/uploads\/2016\/04\/p-2605-7914.jpg",370,547,false],"woocommerce_archive_thumbnail":["https:\/\/ajupe.com.uy\/web\/wp-content\/uploads\/2016\/04\/p-2605-7914-300x450.jpg",300,450,true],"woocommerce_thumbnail":["https:\/\/ajupe.com.uy\/web\/wp-content\/uploads\/2016\/04\/p-2605-7914-300x300.jpg",300,300,true],"woocommerce_single":["https:\/\/ajupe.com.uy\/web\/wp-content\/uploads\/2016\/04\/p-2605-7914-300x444.jpg",300,444,true],"woocommerce_gallery_thumbnail":["https:\/\/ajupe.com.uy\/web\/wp-content\/uploads\/2016\/04\/p-2605-7914-100x100.jpg",100,100,true]},"post_excerpt_stackable_v2":"<p>De lo m\u00e1s profundo del hielo de la Ant\u00e1rtida sale una se\u00f1al. La Atl\u00e1ntida ha despertado. Los monumentos antiguos de todo el mundo, desde las pir\u00e1mides de Egipto y M\u00e9jico hasta los yacimientos sagrados de China, est\u00e1n reaccionando a la crisis que se avecin<\/p>\n","category_list_v2":"","author_info_v2":{"name":"","url":""},"comments_num_v2":"0 comentarios","_links":{"self":[{"href":"https:\/\/ajupe.com.uy\/web\/wp-json\/wp\/v2\/product\/2605","targetHints":{"allow":["GET"]}}],"collection":[{"href":"https:\/\/ajupe.com.uy\/web\/wp-json\/wp\/v2\/product"}],"about":[{"href":"https:\/\/ajupe.com.uy\/web\/wp-json\/wp\/v2\/types\/product"}],"wp:featuredmedia":[{"embeddable":true,"href":"https:\/\/ajupe.com.uy\/web\/wp-json\/wp\/v2\/media\/2606"}],"wp:attachment":[{"href":"https:\/\/ajupe.com.uy\/web\/wp-json\/wp\/v2\/media?parent=2605"}],"wp:term":[{"taxonomy":"product_brand","embeddable":true,"href":"https:\/\/ajupe.com.uy\/web\/wp-json\/wp\/v2\/product_brand?post=2605"},{"taxonomy":"product_cat","embeddable":true,"href":"https:\/\/ajupe.com.uy\/web\/wp-json\/wp\/v2\/product_cat?post=2605"},{"taxonomy":"product_tag","embeddable":true,"href":"https:\/\/ajupe.com.uy\/web\/wp-json\/wp\/v2\/product_tag?post=2605"}],"curies":[{"name":"wp","href":"https:\/\/api.w.org\/{rel}","templated":true}]}}