{"id":2609,"date":"2010-07-14T00:00:00","date_gmt":"2010-07-14T03:00:00","guid":{"rendered":"http:\/\/ajupe.com.uy\/web\/?post_type=product&#038;p=2609"},"modified":"2011-09-16T17:44:31","modified_gmt":"2011-09-16T20:44:31","slug":"memorias-del-guila-y-del-jaguar","status":"publish","type":"product","link":"https:\/\/ajupe.com.uy\/web\/biblioteca\/memorias-del-guila-y-del-jaguar\/","title":{"rendered":"Memorias del \u00c1guila y del Jaguar"},"content":{"rendered":"<p>La pluma m\u00e1gica de Allende nos invita a conocer, en esta preciosa trilog\u00eda de aventuras, realismo m\u00e1gico y naturaleza, a Alexander Cold, un muchacho americano de quince a\u00f1os; a su abuela Kate, una reportera de viajes; y a Nadia Santos, una compa\u00f1era de aventuras muy especial. En La Ciudad de las Bestias partir\u00e1n en busca de una bestia gigantesca que se halla en la vasta selva del Amazonas, donde conocer\u00e1n a un cham\u00e1n ind\u00edgena que les mostrar\u00e1 las maravillas de su tierra. En El Reino del Drag\u00f3n de Oro conocer\u00e1n las ense\u00f1anzas budistas cuando visiten el Himalaya, donde se esconde la estatua del Drag\u00f3n de Oro, un objeto magn\u00edfico de piedras preciosas cuyo descubrimiento puede provocar da\u00f1os irreparables en estas tierras. En El Bosque de los Pigmeos viajar\u00e1n al coraz\u00f3n de \u00c1frica para ayudar a liberar de la esclavitud a los pigmeos y favorecer la paz entre las tribus.<\/p>\n","protected":false},"excerpt":{"rendered":"<p>La pluma m\u00e1gica de Allende nos invita a conocer, en esta preciosa trilog\u00eda de aventuras, realismo m\u00e1gico y naturaleza, a Alexander Cold, un muchacho americano de quince a\u00f1os; a su abuela Kate, una reportera de viajes; y a Nadia Santos, una compa\u00f1era de av<\/p>\n","protected":false},"featured_media":2610,"template":"","meta":[],"product_brand":[50],"product_cat":[42,29],"product_tag":[],"class_list":{"0":"post-2609","1":"product","2":"type-product","3":"status-publish","4":"has-post-thumbnail","6":"product_brand-isabel-allende","7":"product_cat-aventura","8":"product_cat-novela","10":"first","11":"instock","12":"purchasable","13":"product-type-simple"},"featured_image_urls_v2":{"full":["https:\/\/ajupe.com.uy\/web\/wp-content\/uploads\/2016\/04\/p-2609-7916.jpg",244,370,false],"thumbnail":["https:\/\/ajupe.com.uy\/web\/wp-content\/uploads\/2016\/04\/p-2609-7916.jpg",150,150,true],"medium":["https:\/\/ajupe.com.uy\/web\/wp-content\/uploads\/2016\/04\/p-2609-7916.jpg",300,214,true],"medium_large":["https:\/\/ajupe.com.uy\/web\/wp-content\/uploads\/2016\/04\/p-2609-7916.jpg",244,370,false],"large":["https:\/\/ajupe.com.uy\/web\/wp-content\/uploads\/2016\/04\/p-2609-7916.jpg",244,370,false],"1536x1536":["https:\/\/ajupe.com.uy\/web\/wp-content\/uploads\/2016\/04\/p-2609-7916.jpg",244,370,false],"2048x2048":["https:\/\/ajupe.com.uy\/web\/wp-content\/uploads\/2016\/04\/p-2609-7916.jpg",244,370,false],"woocommerce_archive_thumbnail":["https:\/\/ajupe.com.uy\/web\/wp-content\/uploads\/2016\/04\/p-2609-7916-244x300.jpg",244,300,true],"woocommerce_thumbnail":["https:\/\/ajupe.com.uy\/web\/wp-content\/uploads\/2016\/04\/p-2609-7916-244x300.jpg",244,300,true],"woocommerce_single":["https:\/\/ajupe.com.uy\/web\/wp-content\/uploads\/2016\/04\/p-2609-7916.jpg",244,370,false],"woocommerce_gallery_thumbnail":["https:\/\/ajupe.com.uy\/web\/wp-content\/uploads\/2016\/04\/p-2609-7916-100x100.jpg",100,100,true]},"post_excerpt_stackable_v2":"<p>La pluma m\u00e1gica de Allende nos invita a conocer, en esta preciosa trilog\u00eda de aventuras, realismo m\u00e1gico y naturaleza, a Alexander Cold, un muchacho americano de quince a\u00f1os; a su abuela Kate, una reportera de viajes; y a Nadia Santos, una compa\u00f1era de av<\/p>\n","category_list_v2":"","author_info_v2":{"name":"","url":""},"comments_num_v2":"0 comentarios","_links":{"self":[{"href":"https:\/\/ajupe.com.uy\/web\/wp-json\/wp\/v2\/product\/2609","targetHints":{"allow":["GET"]}}],"collection":[{"href":"https:\/\/ajupe.com.uy\/web\/wp-json\/wp\/v2\/product"}],"about":[{"href":"https:\/\/ajupe.com.uy\/web\/wp-json\/wp\/v2\/types\/product"}],"wp:featuredmedia":[{"embeddable":true,"href":"https:\/\/ajupe.com.uy\/web\/wp-json\/wp\/v2\/media\/2610"}],"wp:attachment":[{"href":"https:\/\/ajupe.com.uy\/web\/wp-json\/wp\/v2\/media?parent=2609"}],"wp:term":[{"taxonomy":"product_brand","embeddable":true,"href":"https:\/\/ajupe.com.uy\/web\/wp-json\/wp\/v2\/product_brand?post=2609"},{"taxonomy":"product_cat","embeddable":true,"href":"https:\/\/ajupe.com.uy\/web\/wp-json\/wp\/v2\/product_cat?post=2609"},{"taxonomy":"product_tag","embeddable":true,"href":"https:\/\/ajupe.com.uy\/web\/wp-json\/wp\/v2\/product_tag?post=2609"}],"curies":[{"name":"wp","href":"https:\/\/api.w.org\/{rel}","templated":true}]}}