{"id":2625,"date":"2010-07-14T00:00:00","date_gmt":"2010-07-14T03:00:00","guid":{"rendered":"http:\/\/ajupe.com.uy\/web\/?post_type=product&#038;p=2625"},"modified":"2011-09-07T14:03:28","modified_gmt":"2011-09-07T17:03:28","slug":"invitacion-a-un-asesinato","status":"publish","type":"product","link":"https:\/\/ajupe.com.uy\/web\/biblioteca\/invitacion-a-un-asesinato\/","title":{"rendered":"Invitaci\u00f3n A Un Asesinato"},"content":{"rendered":"<p>Olivia Uriarte acaba de ser abandonada por su marido. Ha sido reemplazada por una mujer m\u00e1s joven y adem\u00e1s est\u00e1 al borde la ruina. \u00bfQu\u00e9 puede hacer? Planear al mil\u00edmetro su propio asesinato. \u00bfC\u00f3mo? Invitando a todos sus enemigos a un lujoso velero en el Mediterr\u00e1neo. Sin embargo\u2026 Ser\u00e1 su hermana \u00c1gata quien reconstruir\u00e1 los \u00faltimos minutos de la vida de Olivia y bucear\u00e1 en los posibles motivos de cada invitado para asesinarla. Esto, cambiar\u00e1 su propia vida y la de su hermana. Carmen Posadas llega cargada de iron\u00eda, humor y suspense.<\/p>\n","protected":false},"excerpt":{"rendered":"<p>Olivia Uriarte acaba de ser abandonada por su marido. Ha sido reemplazada por una mujer m\u00e1s joven y adem\u00e1s est\u00e1 al borde la ruina. \u00bfQu\u00e9 puede hacer? Planear al mil\u00edmetro su propio asesinato. \u00bfC\u00f3mo? Invitando a todos sus enemigos a un lujoso velero en el M<\/p>\n","protected":false},"featured_media":2626,"template":"","meta":[],"product_brand":[130],"product_cat":[40],"product_tag":[],"class_list":{"0":"post-2625","1":"product","2":"type-product","3":"status-publish","4":"has-post-thumbnail","6":"product_brand-carmen-posadas","7":"product_cat-policial","9":"first","10":"instock","11":"purchasable","12":"product-type-simple"},"featured_image_urls_v2":{"full":["https:\/\/ajupe.com.uy\/web\/wp-content\/uploads\/2016\/04\/p-2625-7927.jpg",265,401,false],"thumbnail":["https:\/\/ajupe.com.uy\/web\/wp-content\/uploads\/2016\/04\/p-2625-7927.jpg",150,150,true],"medium":["https:\/\/ajupe.com.uy\/web\/wp-content\/uploads\/2016\/04\/p-2625-7927.jpg",300,214,true],"medium_large":["https:\/\/ajupe.com.uy\/web\/wp-content\/uploads\/2016\/04\/p-2625-7927.jpg",265,401,false],"large":["https:\/\/ajupe.com.uy\/web\/wp-content\/uploads\/2016\/04\/p-2625-7927.jpg",265,401,false],"1536x1536":["https:\/\/ajupe.com.uy\/web\/wp-content\/uploads\/2016\/04\/p-2625-7927.jpg",265,401,false],"2048x2048":["https:\/\/ajupe.com.uy\/web\/wp-content\/uploads\/2016\/04\/p-2625-7927.jpg",265,401,false],"woocommerce_archive_thumbnail":["https:\/\/ajupe.com.uy\/web\/wp-content\/uploads\/2016\/04\/p-2625-7927-265x300.jpg",265,300,true],"woocommerce_thumbnail":["https:\/\/ajupe.com.uy\/web\/wp-content\/uploads\/2016\/04\/p-2625-7927-265x300.jpg",265,300,true],"woocommerce_single":["https:\/\/ajupe.com.uy\/web\/wp-content\/uploads\/2016\/04\/p-2625-7927.jpg",265,401,false],"woocommerce_gallery_thumbnail":["https:\/\/ajupe.com.uy\/web\/wp-content\/uploads\/2016\/04\/p-2625-7927-100x100.jpg",100,100,true]},"post_excerpt_stackable_v2":"<p>Olivia Uriarte acaba de ser abandonada por su marido. Ha sido reemplazada por una mujer m\u00e1s joven y adem\u00e1s est\u00e1 al borde la ruina. \u00bfQu\u00e9 puede hacer? Planear al mil\u00edmetro su propio asesinato. \u00bfC\u00f3mo? Invitando a todos sus enemigos a un lujoso velero en el M<\/p>\n","category_list_v2":"","author_info_v2":{"name":"","url":""},"comments_num_v2":"0 comentarios","_links":{"self":[{"href":"https:\/\/ajupe.com.uy\/web\/wp-json\/wp\/v2\/product\/2625","targetHints":{"allow":["GET"]}}],"collection":[{"href":"https:\/\/ajupe.com.uy\/web\/wp-json\/wp\/v2\/product"}],"about":[{"href":"https:\/\/ajupe.com.uy\/web\/wp-json\/wp\/v2\/types\/product"}],"wp:featuredmedia":[{"embeddable":true,"href":"https:\/\/ajupe.com.uy\/web\/wp-json\/wp\/v2\/media\/2626"}],"wp:attachment":[{"href":"https:\/\/ajupe.com.uy\/web\/wp-json\/wp\/v2\/media?parent=2625"}],"wp:term":[{"taxonomy":"product_brand","embeddable":true,"href":"https:\/\/ajupe.com.uy\/web\/wp-json\/wp\/v2\/product_brand?post=2625"},{"taxonomy":"product_cat","embeddable":true,"href":"https:\/\/ajupe.com.uy\/web\/wp-json\/wp\/v2\/product_cat?post=2625"},{"taxonomy":"product_tag","embeddable":true,"href":"https:\/\/ajupe.com.uy\/web\/wp-json\/wp\/v2\/product_tag?post=2625"}],"curies":[{"name":"wp","href":"https:\/\/api.w.org\/{rel}","templated":true}]}}