{"id":2633,"date":"2010-07-14T00:00:00","date_gmt":"2010-07-14T03:00:00","guid":{"rendered":"http:\/\/ajupe.com.uy\/web\/?post_type=product&#038;p=2633"},"modified":"2011-09-07T14:09:49","modified_gmt":"2011-09-07T17:09:49","slug":"si-los-muertos-no-resucitan","status":"publish","type":"product","link":"https:\/\/ajupe.com.uy\/web\/biblioteca\/si-los-muertos-no-resucitan\/","title":{"rendered":"Si Los Muertos No Resucitan"},"content":{"rendered":"<p>Sexta entrega protagonizada por el investigador privado Bernie Gunther en una alemania dominada por los nazis, justo durante los Juegos Ol\u00edmpicos de Berl\u00edn. Gunther se ver\u00e1 envuelto en una historia de corrupci\u00f3n que unir\u00e1 a la c\u00fapula nazi con los peores elementos del crimen americano, una situaci\u00f3n que continuar\u00e1 incluso 20 a\u00f1os despu\u00e9s, esta vez en la Cuba gobernada por Batista.<\/p>\n","protected":false},"excerpt":{"rendered":"<p>Sexta entrega protagonizada por el investigador privado Bernie Gunther en una alemania dominada por los nazis, justo durante los Juegos Ol\u00edmpicos de Berl\u00edn. Gunther se ver\u00e1 envuelto en una historia de corrupci\u00f3n que unir\u00e1 a la c\u00fapula nazi con los peores e<\/p>\n","protected":false},"featured_media":2634,"template":"","meta":[],"product_brand":[1037],"product_cat":[40],"product_tag":[],"class_list":{"0":"post-2633","1":"product","2":"type-product","3":"status-publish","4":"has-post-thumbnail","6":"product_brand-philip-kerr","7":"product_cat-policial","9":"first","10":"instock","11":"purchasable","12":"product-type-simple"},"featured_image_urls_v2":{"full":["https:\/\/ajupe.com.uy\/web\/wp-content\/uploads\/2016\/04\/p-2633-7931.jpg",278,415,false],"thumbnail":["https:\/\/ajupe.com.uy\/web\/wp-content\/uploads\/2016\/04\/p-2633-7931.jpg",150,150,true],"medium":["https:\/\/ajupe.com.uy\/web\/wp-content\/uploads\/2016\/04\/p-2633-7931.jpg",300,214,true],"medium_large":["https:\/\/ajupe.com.uy\/web\/wp-content\/uploads\/2016\/04\/p-2633-7931.jpg",278,415,false],"large":["https:\/\/ajupe.com.uy\/web\/wp-content\/uploads\/2016\/04\/p-2633-7931.jpg",278,415,false],"1536x1536":["https:\/\/ajupe.com.uy\/web\/wp-content\/uploads\/2016\/04\/p-2633-7931.jpg",278,415,false],"2048x2048":["https:\/\/ajupe.com.uy\/web\/wp-content\/uploads\/2016\/04\/p-2633-7931.jpg",278,415,false],"woocommerce_archive_thumbnail":["https:\/\/ajupe.com.uy\/web\/wp-content\/uploads\/2016\/04\/p-2633-7931-278x400.jpg",278,400,true],"woocommerce_thumbnail":["https:\/\/ajupe.com.uy\/web\/wp-content\/uploads\/2016\/04\/p-2633-7931-278x300.jpg",278,300,true],"woocommerce_single":["https:\/\/ajupe.com.uy\/web\/wp-content\/uploads\/2016\/04\/p-2633-7931.jpg",278,415,false],"woocommerce_gallery_thumbnail":["https:\/\/ajupe.com.uy\/web\/wp-content\/uploads\/2016\/04\/p-2633-7931-100x100.jpg",100,100,true]},"post_excerpt_stackable_v2":"<p>Sexta entrega protagonizada por el investigador privado Bernie Gunther en una alemania dominada por los nazis, justo durante los Juegos Ol\u00edmpicos de Berl\u00edn. Gunther se ver\u00e1 envuelto en una historia de corrupci\u00f3n que unir\u00e1 a la c\u00fapula nazi con los peores e<\/p>\n","category_list_v2":"","author_info_v2":{"name":"","url":""},"comments_num_v2":"0 comentarios","_links":{"self":[{"href":"https:\/\/ajupe.com.uy\/web\/wp-json\/wp\/v2\/product\/2633","targetHints":{"allow":["GET"]}}],"collection":[{"href":"https:\/\/ajupe.com.uy\/web\/wp-json\/wp\/v2\/product"}],"about":[{"href":"https:\/\/ajupe.com.uy\/web\/wp-json\/wp\/v2\/types\/product"}],"wp:featuredmedia":[{"embeddable":true,"href":"https:\/\/ajupe.com.uy\/web\/wp-json\/wp\/v2\/media\/2634"}],"wp:attachment":[{"href":"https:\/\/ajupe.com.uy\/web\/wp-json\/wp\/v2\/media?parent=2633"}],"wp:term":[{"taxonomy":"product_brand","embeddable":true,"href":"https:\/\/ajupe.com.uy\/web\/wp-json\/wp\/v2\/product_brand?post=2633"},{"taxonomy":"product_cat","embeddable":true,"href":"https:\/\/ajupe.com.uy\/web\/wp-json\/wp\/v2\/product_cat?post=2633"},{"taxonomy":"product_tag","embeddable":true,"href":"https:\/\/ajupe.com.uy\/web\/wp-json\/wp\/v2\/product_tag?post=2633"}],"curies":[{"name":"wp","href":"https:\/\/api.w.org\/{rel}","templated":true}]}}