{"id":2661,"date":"2010-07-14T00:00:00","date_gmt":"2010-07-14T03:00:00","guid":{"rendered":"http:\/\/ajupe.com.uy\/web\/?post_type=product&#038;p=2661"},"modified":"2011-08-26T19:32:52","modified_gmt":"2011-08-26T22:32:52","slug":"artigas-emonare-tomo-1","status":"publish","type":"product","link":"https:\/\/ajupe.com.uy\/web\/biblioteca\/artigas-emonare-tomo-1\/","title":{"rendered":"Artigas \u00d1emo\u00f1are Tomo 1"},"content":{"rendered":"<p>\u00d1emo\u00f1ar\u00e9, en el sentido literal de su traducci\u00f3n del idioma guaran\u00ed, quiere decir descendientes. Artigas \u00f1emo\u00f1ar\u00e9, o sea \u00ablos descendientes de Artigas\u00bb, se interpreta a la vez como \u00ablos artigue\u00f1os\u00bb. Fue en el ancestral universo guaran\u00ed que el Pr\u00f3cer pas\u00f3 sus \u00faltimos a\u00f1os de vida. El per\u00edodo m\u00e1s enigm\u00e1tico y dif\u00edcil de desentra\u00f1ar en la imponente trayectoria del Protector de los Pueblos Libres. Inigualables mujeres que han dejado de ser, a ra\u00edz del mismo, \u00abapenas la sombra de Artigas\u00bb, igualmente sus hijos y nietos, por lo general generadores de rica como propia trayectoria. Han entrado a la Historia de la mano de este libro. Asimismo, la vida privada de Artigas inserta en su correcto universo rural, es aqu\u00ed expuesta cabalmente por primera vez. El mito del h\u00e9roe de bronce cede su lugar al hombre de carne y hueso. Al decir de H\u00e9ctor Gross Espiell: \u00abCaula ha escrito un libro fundamental para terminar con las dos leyendas negras: el Artigas destructor y el Artigas marm\u00f3reo. Este libro por tanto, abre el camino de la verdadera grandeza de Artigas\u00bb.<\/p>\n","protected":false},"excerpt":{"rendered":"<p>\u00d1emo\u00f1ar\u00e9, en el sentido literal de su traducci\u00f3n del idioma guaran\u00ed, quiere decir descendientes. Artigas \u00f1emo\u00f1ar\u00e9, o sea \u00ablos descendientes de Artigas\u00bb, se interpreta a la vez como \u00ablos artigue\u00f1os\u00bb. Fue en el ancestral universo guaran\u00ed<\/p>\n","protected":false},"featured_media":2662,"template":"","meta":[],"product_brand":[362],"product_cat":[31,45],"product_tag":[],"class_list":{"0":"post-2661","1":"product","2":"type-product","3":"status-publish","4":"has-post-thumbnail","6":"product_brand-nelson-caula","7":"product_cat-historico","8":"product_cat-uruguayo","10":"first","11":"instock","12":"purchasable","13":"product-type-simple"},"featured_image_urls_v2":{"full":["https:\/\/ajupe.com.uy\/web\/wp-content\/uploads\/2016\/04\/p-2661-7945.jpg",351,351,false],"thumbnail":["https:\/\/ajupe.com.uy\/web\/wp-content\/uploads\/2016\/04\/p-2661-7945.jpg",150,150,true],"medium":["https:\/\/ajupe.com.uy\/web\/wp-content\/uploads\/2016\/04\/p-2661-7945.jpg",300,214,true],"medium_large":["https:\/\/ajupe.com.uy\/web\/wp-content\/uploads\/2016\/04\/p-2661-7945.jpg",351,351,false],"large":["https:\/\/ajupe.com.uy\/web\/wp-content\/uploads\/2016\/04\/p-2661-7945.jpg",351,351,false],"1536x1536":["https:\/\/ajupe.com.uy\/web\/wp-content\/uploads\/2016\/04\/p-2661-7945.jpg",351,351,false],"2048x2048":["https:\/\/ajupe.com.uy\/web\/wp-content\/uploads\/2016\/04\/p-2661-7945.jpg",351,351,false],"woocommerce_archive_thumbnail":["https:\/\/ajupe.com.uy\/web\/wp-content\/uploads\/2016\/04\/p-2661-7945-300x351.jpg",300,351,true],"woocommerce_thumbnail":["https:\/\/ajupe.com.uy\/web\/wp-content\/uploads\/2016\/04\/p-2661-7945-300x300.jpg",300,300,true],"woocommerce_single":["https:\/\/ajupe.com.uy\/web\/wp-content\/uploads\/2016\/04\/p-2661-7945-300x300.jpg",300,300,true],"woocommerce_gallery_thumbnail":["https:\/\/ajupe.com.uy\/web\/wp-content\/uploads\/2016\/04\/p-2661-7945-100x100.jpg",100,100,true]},"post_excerpt_stackable_v2":"<p>\u00d1emo\u00f1ar\u00e9, en el sentido literal de su traducci\u00f3n del idioma guaran\u00ed, quiere decir descendientes. Artigas \u00f1emo\u00f1ar\u00e9, o sea \u00ablos descendientes de Artigas\u00bb, se interpreta a la vez como \u00ablos artigue\u00f1os\u00bb. Fue en el ancestral universo guaran\u00ed<\/p>\n","category_list_v2":"","author_info_v2":{"name":"","url":""},"comments_num_v2":"0 comentarios","_links":{"self":[{"href":"https:\/\/ajupe.com.uy\/web\/wp-json\/wp\/v2\/product\/2661","targetHints":{"allow":["GET"]}}],"collection":[{"href":"https:\/\/ajupe.com.uy\/web\/wp-json\/wp\/v2\/product"}],"about":[{"href":"https:\/\/ajupe.com.uy\/web\/wp-json\/wp\/v2\/types\/product"}],"wp:featuredmedia":[{"embeddable":true,"href":"https:\/\/ajupe.com.uy\/web\/wp-json\/wp\/v2\/media\/2662"}],"wp:attachment":[{"href":"https:\/\/ajupe.com.uy\/web\/wp-json\/wp\/v2\/media?parent=2661"}],"wp:term":[{"taxonomy":"product_brand","embeddable":true,"href":"https:\/\/ajupe.com.uy\/web\/wp-json\/wp\/v2\/product_brand?post=2661"},{"taxonomy":"product_cat","embeddable":true,"href":"https:\/\/ajupe.com.uy\/web\/wp-json\/wp\/v2\/product_cat?post=2661"},{"taxonomy":"product_tag","embeddable":true,"href":"https:\/\/ajupe.com.uy\/web\/wp-json\/wp\/v2\/product_tag?post=2661"}],"curies":[{"name":"wp","href":"https:\/\/api.w.org\/{rel}","templated":true}]}}