{"id":2669,"date":"2010-07-14T00:00:00","date_gmt":"2010-07-14T03:00:00","guid":{"rendered":"http:\/\/ajupe.com.uy\/web\/?post_type=product&#038;p=2669"},"modified":"2010-07-14T00:00:00","modified_gmt":"2010-07-14T03:00:00","slug":"ensayo-sobre-la-lucidez","status":"publish","type":"product","link":"https:\/\/ajupe.com.uy\/web\/biblioteca\/ensayo-sobre-la-lucidez\/","title":{"rendered":"Ensayo Sobre La Lucidez"},"content":{"rendered":"<p>Durante las elecciones municipales de una ciudad sin nombre, la mayor\u00eda de sus habitantes decide individualmente ejercer su derecho al voto de una manera inesperada. El gobierno teme que ese gesto revolucionario, capaz de socavar los cimientos de una democracia degenerada, sea producto de una conjura anarquista internacional o de grupos extremistas desconocidos. Las cloacas del poder se ponen en marcha: los culpables tienen que ser eliminados. Y si no se hallan, se inventan. Los protagonistas de esta nueva novela de Saramago, un inspector de polic\u00eda y la mujer que conserv\u00f3 la vista en la epidemia de luz blanca de Ensayo sobre la ceguera, dan muestras de la altura moral que los ciudadanos an\u00f3nimos pueden alcanzar cuando deciden ejercer la libertad. Saramago, un escritor que se ha convertido en la conciencia l\u00facida de una \u00e9poca cegada por los mecanismos del poder, lanza una llamada de alerta: \u00abPuede suceder que un d\u00eda tengamos que preguntarnos Qui\u00e9n ha firmado esto por m\u00ed\u00bb. Ese d\u00eda puede ser hoy.<\/p>\n","protected":false},"excerpt":{"rendered":"<p>Durante las elecciones municipales de una ciudad sin nombre, la mayor\u00eda de sus habitantes decide individualmente ejercer su derecho al voto de una manera inesperada. El gobierno teme que ese gesto revolucionario, capaz de socavar los cimientos de una demo<\/p>\n","protected":false},"featured_media":2670,"template":"","meta":[],"product_brand":[189],"product_cat":[33],"product_tag":[],"class_list":{"0":"post-2669","1":"product","2":"type-product","3":"status-publish","4":"has-post-thumbnail","6":"product_brand-jose-saramago","7":"product_cat-cuentos","9":"first","10":"instock","11":"purchasable","12":"product-type-simple"},"featured_image_urls_v2":{"full":["https:\/\/ajupe.com.uy\/web\/wp-content\/uploads\/2016\/04\/p-2669-7949.jpg",259,395,false],"thumbnail":["https:\/\/ajupe.com.uy\/web\/wp-content\/uploads\/2016\/04\/p-2669-7949.jpg",150,150,true],"medium":["https:\/\/ajupe.com.uy\/web\/wp-content\/uploads\/2016\/04\/p-2669-7949.jpg",300,214,true],"medium_large":["https:\/\/ajupe.com.uy\/web\/wp-content\/uploads\/2016\/04\/p-2669-7949.jpg",259,395,false],"large":["https:\/\/ajupe.com.uy\/web\/wp-content\/uploads\/2016\/04\/p-2669-7949.jpg",259,395,false],"1536x1536":["https:\/\/ajupe.com.uy\/web\/wp-content\/uploads\/2016\/04\/p-2669-7949.jpg",259,395,false],"2048x2048":["https:\/\/ajupe.com.uy\/web\/wp-content\/uploads\/2016\/04\/p-2669-7949.jpg",259,395,false],"woocommerce_archive_thumbnail":["https:\/\/ajupe.com.uy\/web\/wp-content\/uploads\/2016\/04\/p-2669-7949-259x300.jpg",259,300,true],"woocommerce_thumbnail":["https:\/\/ajupe.com.uy\/web\/wp-content\/uploads\/2016\/04\/p-2669-7949-259x300.jpg",259,300,true],"woocommerce_single":["https:\/\/ajupe.com.uy\/web\/wp-content\/uploads\/2016\/04\/p-2669-7949.jpg",259,395,false],"woocommerce_gallery_thumbnail":["https:\/\/ajupe.com.uy\/web\/wp-content\/uploads\/2016\/04\/p-2669-7949-100x100.jpg",100,100,true]},"post_excerpt_stackable_v2":"<p>Durante las elecciones municipales de una ciudad sin nombre, la mayor\u00eda de sus habitantes decide individualmente ejercer su derecho al voto de una manera inesperada. El gobierno teme que ese gesto revolucionario, capaz de socavar los cimientos de una demo<\/p>\n","category_list_v2":"","author_info_v2":{"name":"","url":""},"comments_num_v2":"0 comentarios","_links":{"self":[{"href":"https:\/\/ajupe.com.uy\/web\/wp-json\/wp\/v2\/product\/2669","targetHints":{"allow":["GET"]}}],"collection":[{"href":"https:\/\/ajupe.com.uy\/web\/wp-json\/wp\/v2\/product"}],"about":[{"href":"https:\/\/ajupe.com.uy\/web\/wp-json\/wp\/v2\/types\/product"}],"wp:featuredmedia":[{"embeddable":true,"href":"https:\/\/ajupe.com.uy\/web\/wp-json\/wp\/v2\/media\/2670"}],"wp:attachment":[{"href":"https:\/\/ajupe.com.uy\/web\/wp-json\/wp\/v2\/media?parent=2669"}],"wp:term":[{"taxonomy":"product_brand","embeddable":true,"href":"https:\/\/ajupe.com.uy\/web\/wp-json\/wp\/v2\/product_brand?post=2669"},{"taxonomy":"product_cat","embeddable":true,"href":"https:\/\/ajupe.com.uy\/web\/wp-json\/wp\/v2\/product_cat?post=2669"},{"taxonomy":"product_tag","embeddable":true,"href":"https:\/\/ajupe.com.uy\/web\/wp-json\/wp\/v2\/product_tag?post=2669"}],"curies":[{"name":"wp","href":"https:\/\/api.w.org\/{rel}","templated":true}]}}