{"id":2711,"date":"2010-07-14T00:00:00","date_gmt":"2010-07-14T03:00:00","guid":{"rendered":"http:\/\/ajupe.com.uy\/web\/?post_type=product&#038;p=2711"},"modified":"2011-09-22T20:38:28","modified_gmt":"2011-09-22T23:38:28","slug":"ciudad-de-hiel","status":"publish","type":"product","link":"https:\/\/ajupe.com.uy\/web\/biblioteca\/ciudad-de-hiel\/","title":{"rendered":"Ciudad de hiel"},"content":{"rendered":"<p>Cicero Grimes es un psiquiatra especializado en casos de drogodependencia. Cuando empieza a tratar a una mujer llamada Callie, adicta a la coca\u00edna, se siente tentado de obtener el bot\u00edn de un atraco con el cual su paciente ha estado relacionada. Pero de forma insospechada alguien m\u00e1s se entera de la existencia del dinero: Clarence Jefferson, con seguridad el polic\u00eda m\u00e1s corrupto y cruel del pa\u00eds. La violencia que se desata en la carrera por obtener esa fortuna sufre una escalada demencial y pronto emergen aspectos profundamente inquietantes en esa rivalidad, uno de los cuales es la terror\u00edfica similitud que Grimes y Jefferson descubren mutuamente y que pondr\u00e1 la integridad, tanto f\u00edsica como mental, de ambos en peligro.<\/p>\n","protected":false},"excerpt":{"rendered":"<p>Cicero Grimes es un psiquiatra especializado en casos de drogodependencia. Cuando empieza a tratar a una mujer llamada Callie, adicta a la coca\u00edna, se siente tentado de obtener el bot\u00edn de un atraco con el cual su paciente ha estado relacionada. Pero de f<\/p>\n","protected":false},"featured_media":2712,"template":"","meta":[],"product_brand":[918],"product_cat":[30],"product_tag":[],"class_list":{"0":"post-2711","1":"product","2":"type-product","3":"status-publish","4":"has-post-thumbnail","6":"product_brand-tim-willocks","7":"product_cat-suspenso","9":"first","10":"instock","11":"purchasable","12":"product-type-simple"},"featured_image_urls_v2":{"full":["https:\/\/ajupe.com.uy\/web\/wp-content\/uploads\/2016\/04\/p-2711-7302.jpg",264,399,false],"thumbnail":["https:\/\/ajupe.com.uy\/web\/wp-content\/uploads\/2016\/04\/p-2711-7302.jpg",150,150,true],"medium":["https:\/\/ajupe.com.uy\/web\/wp-content\/uploads\/2016\/04\/p-2711-7302.jpg",300,214,true],"medium_large":["https:\/\/ajupe.com.uy\/web\/wp-content\/uploads\/2016\/04\/p-2711-7302.jpg",264,399,false],"large":["https:\/\/ajupe.com.uy\/web\/wp-content\/uploads\/2016\/04\/p-2711-7302.jpg",264,399,false],"1536x1536":["https:\/\/ajupe.com.uy\/web\/wp-content\/uploads\/2016\/04\/p-2711-7302.jpg",264,399,false],"2048x2048":["https:\/\/ajupe.com.uy\/web\/wp-content\/uploads\/2016\/04\/p-2711-7302.jpg",264,399,false],"woocommerce_archive_thumbnail":["https:\/\/ajupe.com.uy\/web\/wp-content\/uploads\/2016\/04\/p-2711-7302-264x300.jpg",264,300,true],"woocommerce_thumbnail":["https:\/\/ajupe.com.uy\/web\/wp-content\/uploads\/2016\/04\/p-2711-7302-264x300.jpg",264,300,true],"woocommerce_single":["https:\/\/ajupe.com.uy\/web\/wp-content\/uploads\/2016\/04\/p-2711-7302.jpg",264,399,false],"woocommerce_gallery_thumbnail":["https:\/\/ajupe.com.uy\/web\/wp-content\/uploads\/2016\/04\/p-2711-7302-100x100.jpg",100,100,true]},"post_excerpt_stackable_v2":"<p>Cicero Grimes es un psiquiatra especializado en casos de drogodependencia. Cuando empieza a tratar a una mujer llamada Callie, adicta a la coca\u00edna, se siente tentado de obtener el bot\u00edn de un atraco con el cual su paciente ha estado relacionada. Pero de f<\/p>\n","category_list_v2":"","author_info_v2":{"name":"","url":""},"comments_num_v2":"0 comentarios","_links":{"self":[{"href":"https:\/\/ajupe.com.uy\/web\/wp-json\/wp\/v2\/product\/2711","targetHints":{"allow":["GET"]}}],"collection":[{"href":"https:\/\/ajupe.com.uy\/web\/wp-json\/wp\/v2\/product"}],"about":[{"href":"https:\/\/ajupe.com.uy\/web\/wp-json\/wp\/v2\/types\/product"}],"wp:featuredmedia":[{"embeddable":true,"href":"https:\/\/ajupe.com.uy\/web\/wp-json\/wp\/v2\/media\/2712"}],"wp:attachment":[{"href":"https:\/\/ajupe.com.uy\/web\/wp-json\/wp\/v2\/media?parent=2711"}],"wp:term":[{"taxonomy":"product_brand","embeddable":true,"href":"https:\/\/ajupe.com.uy\/web\/wp-json\/wp\/v2\/product_brand?post=2711"},{"taxonomy":"product_cat","embeddable":true,"href":"https:\/\/ajupe.com.uy\/web\/wp-json\/wp\/v2\/product_cat?post=2711"},{"taxonomy":"product_tag","embeddable":true,"href":"https:\/\/ajupe.com.uy\/web\/wp-json\/wp\/v2\/product_tag?post=2711"}],"curies":[{"name":"wp","href":"https:\/\/api.w.org\/{rel}","templated":true}]}}