{"id":2833,"date":"2011-08-07T23:17:54","date_gmt":"2011-08-08T02:17:54","guid":{"rendered":"http:\/\/ajupe.com.uy\/web\/?post_type=product&#038;p=2833"},"modified":"2011-09-16T18:10:36","modified_gmt":"2011-09-16T21:10:36","slug":"en-penumbras-la-masoneria-uruguaya-1973-2008","status":"publish","type":"product","link":"https:\/\/ajupe.com.uy\/web\/biblioteca\/en-penumbras-la-masoneria-uruguaya-1973-2008\/","title":{"rendered":"En penumbras. La Masoner\u00eda uruguaya (1973-2008)"},"content":{"rendered":"<p>Son pocas las organizaciones o instituciones importantes de nuestro pa\u00eds que conservan un halo de misterio en su funcionamiento. La Masoner\u00eda es una de ellas: est\u00e1 rodeada de una niebla de lealtades, discreciones, ceremonias y rituales secretos, que la hacen particularmente opaca al profano. En esta investigaci\u00f3n Fernando Amado aclara temas centrales en las \u00faltimas d\u00e9cadas de una instituci\u00f3n que no pretende ser secreta -menos a\u00fan clandestina- y que pese a ello se conserva en la penumbra. \u00bfQu\u00e9 es exactamente la Masoner\u00eda en nuestro pa\u00eds? \u00bfExisten muchas logias? \u00bfC\u00f3mo se organizan? \u00bfC\u00f3mo se ingresa a la instituci\u00f3n? \u00bfQui\u00e9nes pueden integrarla? \u00bfPor qu\u00e9 los masones preservan celosamente sus ceremonias y rituales? \u00bfHay instituciones que responden a la Masoner\u00eda? \u00bfQu\u00e9 hizo la Masoner\u00eda cuando el golpe de Estado en 1973? \u00bfC\u00f3mo actuaron los militares masones en ese entonces? \u00bfHubo participaci\u00f3n de la Masoner\u00eda en el Pacto del Club Naval? \u00bfEn democracia,la Masoner\u00eda juzg\u00f3 \u00abmas\u00f3nicamente\u00bb a los ex represores que formaban parte de sus logias? Si as\u00ed fue, \u00bflos expuls\u00f3 o los perdon\u00f3? \u00bfCu\u00e1l fue el grado de influencia de la Masoner\u00eda en los gobiernos de Lacalle, Sanguinetti y Batlle? \u00bfQui\u00e9nes son los masones del presidente Tabar\u00e9 V\u00e1zquez? \u00bfQu\u00e9 tienen en com\u00fan las logias mas\u00f3nicas y las logias militares? \u00bfQu\u00e9 relaci\u00f3n existe entre los Tenientes de Artigas y la Masoner\u00eda? \u00bfExisten otras logias militares? \u00bfQu\u00e9 pol\u00edticos y qu\u00e9 militares ingresaron a la Masoner\u00eda casi sin tr\u00e1mite para evitar no ser aceptados? \u00bfInfluy\u00f3 la Masoner\u00eda en la designaci\u00f3n del general Carlos D\u00edaz como comandante en jefe del Ej\u00e9rcito? \u00bfExisti\u00f3 cooperaci\u00f3n entre la Iglesia cat\u00f3lica y la Masoner\u00eda para cerrar el tema sobre los detenidos desaparecidos? \u00bfTabar\u00e9 V\u00e1zquez asiste asiduamente a las reuniones de su logia? \u00bfLa mujer es discriminada en la Masoner\u00eda? \u00bfQu\u00e9 mujeres pol\u00edticas integran la Gran Logia Femenina del Uruguay?<\/p>\n","protected":false},"excerpt":{"rendered":"<p>Son pocas las organizaciones o instituciones importantes de nuestro pa\u00eds que conservan un halo de misterio en su funcionamiento. La Masoner\u00eda es una de ellas: est\u00e1 rodeada de una niebla de lealtades, discreciones, ceremonias y rituales secretos, que la hacen particularmente opaca al profano. En esta investigaci\u00f3n Fernando Amado aclara temas centrales en las \u00faltimas [&hellip;]<\/p>\n","protected":false},"featured_media":2834,"template":"","meta":[],"product_brand":[650],"product_cat":[45],"product_tag":[],"class_list":{"0":"post-2833","1":"product","2":"type-product","3":"status-publish","4":"has-post-thumbnail","6":"product_brand-fernando-amado","7":"product_cat-uruguayo","9":"first","10":"instock","11":"purchasable","12":"product-type-simple"},"featured_image_urls_v2":{"full":["https:\/\/ajupe.com.uy\/web\/wp-content\/uploads\/2016\/04\/p-2833-En_penumbras_de__4e3f1d2204665.jpg",375,500,false],"thumbnail":["https:\/\/ajupe.com.uy\/web\/wp-content\/uploads\/2016\/04\/p-2833-En_penumbras_de__4e3f1d2204665.jpg",150,150,true],"medium":["https:\/\/ajupe.com.uy\/web\/wp-content\/uploads\/2016\/04\/p-2833-En_penumbras_de__4e3f1d2204665.jpg",300,214,true],"medium_large":["https:\/\/ajupe.com.uy\/web\/wp-content\/uploads\/2016\/04\/p-2833-En_penumbras_de__4e3f1d2204665.jpg",375,500,false],"large":["https:\/\/ajupe.com.uy\/web\/wp-content\/uploads\/2016\/04\/p-2833-En_penumbras_de__4e3f1d2204665.jpg",375,500,false],"1536x1536":["https:\/\/ajupe.com.uy\/web\/wp-content\/uploads\/2016\/04\/p-2833-En_penumbras_de__4e3f1d2204665.jpg",375,500,false],"2048x2048":["https:\/\/ajupe.com.uy\/web\/wp-content\/uploads\/2016\/04\/p-2833-En_penumbras_de__4e3f1d2204665.jpg",375,500,false],"woocommerce_archive_thumbnail":["https:\/\/ajupe.com.uy\/web\/wp-content\/uploads\/2016\/04\/p-2833-En_penumbras_de__4e3f1d2204665-300x450.jpg",300,450,true],"woocommerce_thumbnail":["https:\/\/ajupe.com.uy\/web\/wp-content\/uploads\/2016\/04\/p-2833-En_penumbras_de__4e3f1d2204665-300x300.jpg",300,300,true],"woocommerce_single":["https:\/\/ajupe.com.uy\/web\/wp-content\/uploads\/2016\/04\/p-2833-En_penumbras_de__4e3f1d2204665-300x400.jpg",300,400,true],"woocommerce_gallery_thumbnail":["https:\/\/ajupe.com.uy\/web\/wp-content\/uploads\/2016\/04\/p-2833-En_penumbras_de__4e3f1d2204665-100x100.jpg",100,100,true]},"post_excerpt_stackable_v2":"<p>Son pocas las organizaciones o instituciones importantes de nuestro pa\u00eds que conservan un halo de misterio en su funcionamiento. La Masoner\u00eda es una de ellas: est\u00e1 rodeada de una niebla de lealtades, discreciones, ceremonias y rituales secretos, que la hacen particularmente opaca al profano. En esta investigaci\u00f3n Fernando Amado aclara temas centrales en las \u00faltimas d\u00e9cadas de una instituci\u00f3n que no pretende ser secreta -menos a\u00fan clandestina- y que pese a ello se conserva en la penumbra. \u00bfQu\u00e9 es exactamente la Masoner\u00eda en nuestro pa\u00eds? \u00bfExisten muchas logias? \u00bfC\u00f3mo se organizan? \u00bfC\u00f3mo se ingresa a la instituci\u00f3n? \u00bfQui\u00e9nes pueden integrarla?&hellip;<\/p>\n","category_list_v2":"","author_info_v2":{"name":"","url":""},"comments_num_v2":"0 comentarios","_links":{"self":[{"href":"https:\/\/ajupe.com.uy\/web\/wp-json\/wp\/v2\/product\/2833","targetHints":{"allow":["GET"]}}],"collection":[{"href":"https:\/\/ajupe.com.uy\/web\/wp-json\/wp\/v2\/product"}],"about":[{"href":"https:\/\/ajupe.com.uy\/web\/wp-json\/wp\/v2\/types\/product"}],"wp:featuredmedia":[{"embeddable":true,"href":"https:\/\/ajupe.com.uy\/web\/wp-json\/wp\/v2\/media\/2834"}],"wp:attachment":[{"href":"https:\/\/ajupe.com.uy\/web\/wp-json\/wp\/v2\/media?parent=2833"}],"wp:term":[{"taxonomy":"product_brand","embeddable":true,"href":"https:\/\/ajupe.com.uy\/web\/wp-json\/wp\/v2\/product_brand?post=2833"},{"taxonomy":"product_cat","embeddable":true,"href":"https:\/\/ajupe.com.uy\/web\/wp-json\/wp\/v2\/product_cat?post=2833"},{"taxonomy":"product_tag","embeddable":true,"href":"https:\/\/ajupe.com.uy\/web\/wp-json\/wp\/v2\/product_tag?post=2833"}],"curies":[{"name":"wp","href":"https:\/\/api.w.org\/{rel}","templated":true}]}}