{"id":2980,"date":"2011-08-22T21:36:41","date_gmt":"2011-08-23T00:36:41","guid":{"rendered":"http:\/\/ajupe.com.uy\/web\/?post_type=product&#038;p=2980"},"modified":"2011-08-22T21:36:55","modified_gmt":"2011-08-23T00:36:55","slug":"accidente-2","status":"publish","type":"product","link":"https:\/\/ajupe.com.uy\/web\/biblioteca\/accidente-2\/","title":{"rendered":"Accidente"},"content":{"rendered":"<p>Page considera que su vida es perfecta: madre de dos hijos  encantadores, casada con un hombre afectuoso, atractivo y de \u00e9xito  profesional, lleva diecis\u00e9is a\u00f1os de matrimonio feliz. Sin embargo, una  noche le comunican que su hija ha sufrido un terrible accidente. <\/p>\n<p>El  mundo de Page se derrumba como un castillo de naipes. Comprueba que su  existencia no es tan id\u00edlica: su marido le enga\u00f1a, su hijo se sume en la  depresi\u00f3n, la vida de su hija pende de un hilo&#8230;<\/p>\n","protected":false},"excerpt":{"rendered":"<p>Accidente es una historia de sentimientos extremos, de cambios irreversibles y de personajes de excepcional entereza ante la adversidad. Danielle Steel plantea cruciales dilemas morales entre culpa y responsabilidad, independencia y seguridad, libertad se<\/p>\n","protected":false},"featured_media":2981,"template":"","meta":[],"product_brand":[193],"product_cat":[29],"product_tag":[],"class_list":{"0":"post-2980","1":"product","2":"type-product","3":"status-publish","4":"has-post-thumbnail","6":"product_brand-danielle-steel","7":"product_cat-novela","9":"first","10":"instock","11":"purchasable","12":"product-type-simple"},"featured_image_urls_v2":{"full":["https:\/\/ajupe.com.uy\/web\/wp-content\/uploads\/2016\/04\/p-2980-Accidente_4e52cbe931f18.jpg",202,302,false],"thumbnail":["https:\/\/ajupe.com.uy\/web\/wp-content\/uploads\/2016\/04\/p-2980-Accidente_4e52cbe931f18.jpg",150,150,true],"medium":["https:\/\/ajupe.com.uy\/web\/wp-content\/uploads\/2016\/04\/p-2980-Accidente_4e52cbe931f18.jpg",300,214,true],"medium_large":["https:\/\/ajupe.com.uy\/web\/wp-content\/uploads\/2016\/04\/p-2980-Accidente_4e52cbe931f18.jpg",202,302,false],"large":["https:\/\/ajupe.com.uy\/web\/wp-content\/uploads\/2016\/04\/p-2980-Accidente_4e52cbe931f18.jpg",202,302,false],"1536x1536":["https:\/\/ajupe.com.uy\/web\/wp-content\/uploads\/2016\/04\/p-2980-Accidente_4e52cbe931f18.jpg",202,302,false],"2048x2048":["https:\/\/ajupe.com.uy\/web\/wp-content\/uploads\/2016\/04\/p-2980-Accidente_4e52cbe931f18.jpg",202,302,false],"woocommerce_archive_thumbnail":["https:\/\/ajupe.com.uy\/web\/wp-content\/uploads\/2016\/04\/p-2980-Accidente_4e52cbe931f18-202x300.jpg",202,300,true],"woocommerce_thumbnail":["https:\/\/ajupe.com.uy\/web\/wp-content\/uploads\/2016\/04\/p-2980-Accidente_4e52cbe931f18-202x300.jpg",202,300,true],"woocommerce_single":["https:\/\/ajupe.com.uy\/web\/wp-content\/uploads\/2016\/04\/p-2980-Accidente_4e52cbe931f18.jpg",202,302,false],"woocommerce_gallery_thumbnail":["https:\/\/ajupe.com.uy\/web\/wp-content\/uploads\/2016\/04\/p-2980-Accidente_4e52cbe931f18-100x100.jpg",100,100,true]},"post_excerpt_stackable_v2":"<p>Accidente es una historia de sentimientos extremos, de cambios irreversibles y de personajes de excepcional entereza ante la adversidad. Danielle Steel plantea cruciales dilemas morales entre culpa y responsabilidad, independencia y seguridad, libertad se<\/p>\n","category_list_v2":"","author_info_v2":{"name":"","url":""},"comments_num_v2":"0 comentarios","_links":{"self":[{"href":"https:\/\/ajupe.com.uy\/web\/wp-json\/wp\/v2\/product\/2980","targetHints":{"allow":["GET"]}}],"collection":[{"href":"https:\/\/ajupe.com.uy\/web\/wp-json\/wp\/v2\/product"}],"about":[{"href":"https:\/\/ajupe.com.uy\/web\/wp-json\/wp\/v2\/types\/product"}],"wp:featuredmedia":[{"embeddable":true,"href":"https:\/\/ajupe.com.uy\/web\/wp-json\/wp\/v2\/media\/2981"}],"wp:attachment":[{"href":"https:\/\/ajupe.com.uy\/web\/wp-json\/wp\/v2\/media?parent=2980"}],"wp:term":[{"taxonomy":"product_brand","embeddable":true,"href":"https:\/\/ajupe.com.uy\/web\/wp-json\/wp\/v2\/product_brand?post=2980"},{"taxonomy":"product_cat","embeddable":true,"href":"https:\/\/ajupe.com.uy\/web\/wp-json\/wp\/v2\/product_cat?post=2980"},{"taxonomy":"product_tag","embeddable":true,"href":"https:\/\/ajupe.com.uy\/web\/wp-json\/wp\/v2\/product_tag?post=2980"}],"curies":[{"name":"wp","href":"https:\/\/api.w.org\/{rel}","templated":true}]}}