{"id":3056,"date":"2011-08-24T21:45:06","date_gmt":"2011-08-25T00:45:06","guid":{"rendered":"http:\/\/ajupe.com.uy\/web\/?post_type=product&#038;p=3056"},"modified":"2011-08-24T21:45:24","modified_gmt":"2011-08-25T00:45:24","slug":"la-belleza-del-mundo","status":"publish","type":"product","link":"https:\/\/ajupe.com.uy\/web\/biblioteca\/la-belleza-del-mundo\/","title":{"rendered":"La belleza del mundo"},"content":{"rendered":"<p><span style=\"font-family: Tahoma,Arial,Helvetica,sans-serif;\">El lector  se pregunta si la belleza del mundo que  plantea la novela es  trascendente al sujeto que lo observa, si existe por s\u00ed  misma o es  construida por el ojo contemplador. Pero aqu\u00ed tampoco acabar\u00e1 la   reflexi\u00f3n ya que la belleza del mundo no estar\u00eda estrictamente en el  sujeto o el  objeto, sino en un modo de ser, de existir: en la  conciencia de pertenecer a un  todo, en la satisfacci\u00f3n de no estar  aferrado a nada, por lo tanto, en el hecho  de no tener temor a morir  por no tener de qu\u00e9 o de qui\u00e9n desprenderse,  despedirse: \u201d Por fin era  un hombre libre, que nada ten\u00eda que perder o ganar, ni  siquiera los  recuerdos. Que era un hombre despojado.<br \/> \u201cLa mirada de sus ojos  vag\u00f3 por el espacio, hacia el final del camino y  la sombra oscura del bosque. Y  sinti\u00f3 la m\u00fasica del cosmos, el un\u00edsono  maravilloso y terrible de todas las  cosas.\u201d<br \/> La estructura de la novela es   lineal, dada una situaci\u00f3n inicial, se produce un conflicto, el  protagonista,  \u201cel joven apicultor\u201d, emprende un viaje escapando de  aquello y de s\u00ed mismo,  luego de veinte a\u00f1os regresa al punto de  partida. Pero ese regreso no es el del  hijo pr\u00f3digo, a quien le esperan  el amor incondicional de su padre y el banquete  reparador, deseados a  su vez por aquel. El protagonista busca en su trayecto, el  despojo  material y sentimental. Busca (y encuentra) una libertad que es la de no   necesitar de nada, de all\u00ed que no le sirva reintentar una nueva vida  junto a  Virginia, que es la repetici\u00f3n de lo que vivi\u00f3 con Laura. Busca  una ascesis  personal compensada por la riqueza del mundo, siempre  bello y ajeno al devenir  de las estaciones y al estado de \u00e1nimo del  observador. De all\u00ed que dij\u00e9ramos que  la belleza del mundo no es  paisaj\u00edstica sino que es la conciencia de existir en  el mundo, de  formar parte del mundo desapaciblemente, como en un pante\u00edsmo  laico, no  esperando unirse a un dios sino al cosmos.<\/p>\n<p> <\/span><\/p>\n","protected":false},"excerpt":{"rendered":"<p>La \u00faltima novela de H\u00e8ctor Tiz\u00f3n narra la historia de un hombre quien, como Ulises, obligado por las circunstancias, abandona su casa, su lugar, realiza un itinerario m\u00e1s o menos desventurado y regresa envejecido pero conocedor del mundo y de s\u00ed mismo.<\/p>\n","protected":false},"featured_media":3057,"template":"","meta":[],"product_brand":[1080],"product_cat":[29],"product_tag":[],"class_list":["post-3056","product","type-product","status-publish","has-post-thumbnail","product_brand-hector-tizon","product_cat-novela","first","instock","purchasable","product-type-simple"],"featured_image_urls_v2":{"full":["https:\/\/ajupe.com.uy\/web\/wp-content\/uploads\/2016\/04\/p-3056-La_belleza_del_m_4e5570e207f4e.jpg",236,404,false],"thumbnail":["https:\/\/ajupe.com.uy\/web\/wp-content\/uploads\/2016\/04\/p-3056-La_belleza_del_m_4e5570e207f4e.jpg",150,150,true],"medium":["https:\/\/ajupe.com.uy\/web\/wp-content\/uploads\/2016\/04\/p-3056-La_belleza_del_m_4e5570e207f4e.jpg",300,214,true],"medium_large":["https:\/\/ajupe.com.uy\/web\/wp-content\/uploads\/2016\/04\/p-3056-La_belleza_del_m_4e5570e207f4e.jpg",236,404,false],"large":["https:\/\/ajupe.com.uy\/web\/wp-content\/uploads\/2016\/04\/p-3056-La_belleza_del_m_4e5570e207f4e.jpg",236,404,false],"1536x1536":["https:\/\/ajupe.com.uy\/web\/wp-content\/uploads\/2016\/04\/p-3056-La_belleza_del_m_4e5570e207f4e.jpg",236,404,false],"2048x2048":["https:\/\/ajupe.com.uy\/web\/wp-content\/uploads\/2016\/04\/p-3056-La_belleza_del_m_4e5570e207f4e.jpg",236,404,false],"woocommerce_archive_thumbnail":["https:\/\/ajupe.com.uy\/web\/wp-content\/uploads\/2016\/04\/p-3056-La_belleza_del_m_4e5570e207f4e-236x400.jpg",236,400,true],"woocommerce_thumbnail":["https:\/\/ajupe.com.uy\/web\/wp-content\/uploads\/2016\/04\/p-3056-La_belleza_del_m_4e5570e207f4e-236x300.jpg",236,300,true],"woocommerce_single":["https:\/\/ajupe.com.uy\/web\/wp-content\/uploads\/2016\/04\/p-3056-La_belleza_del_m_4e5570e207f4e.jpg",236,404,false],"woocommerce_gallery_thumbnail":["https:\/\/ajupe.com.uy\/web\/wp-content\/uploads\/2016\/04\/p-3056-La_belleza_del_m_4e5570e207f4e-100x100.jpg",100,100,true]},"post_excerpt_stackable_v2":"<p>La \u00faltima novela de H\u00e8ctor Tiz\u00f3n narra la historia de un hombre quien, como Ulises, obligado por las circunstancias, abandona su casa, su lugar, realiza un itinerario m\u00e1s o menos desventurado y regresa envejecido pero conocedor del mundo y de s\u00ed mismo.<\/p>\n","category_list_v2":"","author_info_v2":{"name":"","url":""},"comments_num_v2":"0 comentarios","_links":{"self":[{"href":"https:\/\/ajupe.com.uy\/web\/wp-json\/wp\/v2\/product\/3056","targetHints":{"allow":["GET"]}}],"collection":[{"href":"https:\/\/ajupe.com.uy\/web\/wp-json\/wp\/v2\/product"}],"about":[{"href":"https:\/\/ajupe.com.uy\/web\/wp-json\/wp\/v2\/types\/product"}],"wp:featuredmedia":[{"embeddable":true,"href":"https:\/\/ajupe.com.uy\/web\/wp-json\/wp\/v2\/media\/3057"}],"wp:attachment":[{"href":"https:\/\/ajupe.com.uy\/web\/wp-json\/wp\/v2\/media?parent=3056"}],"wp:term":[{"taxonomy":"product_brand","embeddable":true,"href":"https:\/\/ajupe.com.uy\/web\/wp-json\/wp\/v2\/product_brand?post=3056"},{"taxonomy":"product_cat","embeddable":true,"href":"https:\/\/ajupe.com.uy\/web\/wp-json\/wp\/v2\/product_cat?post=3056"},{"taxonomy":"product_tag","embeddable":true,"href":"https:\/\/ajupe.com.uy\/web\/wp-json\/wp\/v2\/product_tag?post=3056"}],"curies":[{"name":"wp","href":"https:\/\/api.w.org\/{rel}","templated":true}]}}

<p><span style="font-family: Tahoma,Arial,Helvetica,sans-serif;">El lector  se pregunta si la belleza del mundo que  plantea la novela es  trascendente al sujeto que lo observa, si existe por sí  misma o es  construida por el ojo contemplador. Pero aquí tampoco acabará la   reflexión ya que la belleza del mundo no estaría estrictamente en el  sujeto o el  objeto, sino en un modo de ser, de existir: en la  conciencia de pertenecer a un  todo, en la satisfacción de no estar  aferrado a nada, por lo tanto, en el hecho  de no tener temor a morir  por no tener de qué o de quién desprenderse,  despedirse: ” Por fin era  un hombre libre, que nada tenía que perder o ganar, ni  siquiera los  recuerdos. Que era un hombre despojado.<br /> “La mirada de sus ojos  vagó por el espacio, hacia el final del camino y  la sombra oscura del bosque. Y  sintió la música del cosmos, el unísono  maravilloso y terrible de todas las  cosas.”<br /> La estructura de la novela es   lineal, dada una situación inicial, se produce un conflicto, el  protagonista,  “el joven apicultor”, emprende un viaje escapando de  aquello y de sí mismo,  luego de veinte años regresa al punto de  partida. Pero ese regreso no es el del  hijo pródigo, a quien le esperan  el amor incondicional de su padre y el banquete  reparador, deseados a  su vez por aquel. El protagonista busca en su trayecto, el  despojo  material y sentimental. Busca (y encuentra) una libertad que es la de no   necesitar de nada, de allí que no le sirva reintentar una nueva vida  junto a  Virginia, que es la repetición de lo que vivió con Laura. Busca  una ascesis  personal compensada por la riqueza del mundo, siempre  bello y ajeno al devenir  de las estaciones y al estado de ánimo del  observador. De allí que dijéramos que  la belleza del mundo no es  paisajística sino que es la conciencia de existir en  el mundo, de  formar parte del mundo desapaciblemente, como en un panteísmo  laico, no  esperando unirse a un dios sino al cosmos.</p>
<p> </span></p>

<p>La última novela de Hèctor Tizón narra la historia de un hombre quien, como Ulises, obligado por las circunstancias, abandona su casa, su lugar, realiza un itinerario más o menos desventurado y regresa envejecido pero conocedor del mundo y de sí mismo.</p>
