{"id":3074,"date":"2011-08-30T21:54:48","date_gmt":"2011-08-31T00:54:48","guid":{"rendered":"http:\/\/ajupe.com.uy\/web\/?post_type=product&#038;p=3074"},"modified":"2011-09-16T23:08:52","modified_gmt":"2011-09-17T02:08:52","slug":"los-reyes-malditos-v","status":"publish","type":"product","link":"https:\/\/ajupe.com.uy\/web\/biblioteca\/los-reyes-malditos-v\/","title":{"rendered":"Los Reyes Malditos V"},"content":{"rendered":"<div style=\"text-align: justify;\"><span>Un intervalo de seis a\u00f1os separa La Ley de los  Varones y La Loba de Francia. Durante esos a\u00f1os, de 1318 a 1324, el pa\u00eds  ha sido sabiamente gobernado, aunque azotado por diversas calamidades:  la cruzada de los campesinos, la rebeli\u00f3n de los leprosos, agitaciones,  masacres&#8230; Felipe V el Largo muere sin haber llegado a los treinta a\u00f1os  de edad y, como su hermano Luis X, no deja descendencia masculina. El  tercer hijo del Rey de Hierro, el d\u00e9bil Carlos IV, sucede a Felipe V.  Durante su reinado, Francia ser\u00e1 gobernada por representantes de la alta  nobleza, Carlos de Valois y Roberto de Artois. El nuevo y dram\u00e1tico  giro de la historia se originar\u00e1 en Inglaterra. La Loba de Francia es el  tr\u00e1gico sobrenombre que los cronistas de la \u00e9poca le dieron a Isabel,  hija de Felipe el Hermoso y reina de Inglaterra, quien pareci\u00f3  trasplantar la maldici\u00f3n de los templarios al otro lado del Canal de la  Mancha. <\/span><\/div>\n","protected":false},"excerpt":{"rendered":"<p>Un intervalo de seis a\u00f1os separa La Ley de los Varones y La Loba de Francia.<\/p>\n","protected":false},"featured_media":3075,"template":"","meta":[],"product_brand":[1082],"product_cat":[31,29],"product_tag":[],"class_list":{"0":"post-3074","1":"product","2":"type-product","3":"status-publish","4":"has-post-thumbnail","6":"product_brand-maurice-druon","7":"product_cat-historico","8":"product_cat-novela","10":"first","11":"instock","12":"purchasable","13":"product-type-simple"},"featured_image_urls_v2":{"full":["https:\/\/ajupe.com.uy\/web\/wp-content\/uploads\/2016\/04\/p-3074-Los_Reyes_Maldit_4e5d5c289c398.jpg",184,290,false],"thumbnail":["https:\/\/ajupe.com.uy\/web\/wp-content\/uploads\/2016\/04\/p-3074-Los_Reyes_Maldit_4e5d5c289c398.jpg",150,150,true],"medium":["https:\/\/ajupe.com.uy\/web\/wp-content\/uploads\/2016\/04\/p-3074-Los_Reyes_Maldit_4e5d5c289c398.jpg",300,214,true],"medium_large":["https:\/\/ajupe.com.uy\/web\/wp-content\/uploads\/2016\/04\/p-3074-Los_Reyes_Maldit_4e5d5c289c398.jpg",184,290,false],"large":["https:\/\/ajupe.com.uy\/web\/wp-content\/uploads\/2016\/04\/p-3074-Los_Reyes_Maldit_4e5d5c289c398.jpg",184,290,false],"1536x1536":["https:\/\/ajupe.com.uy\/web\/wp-content\/uploads\/2016\/04\/p-3074-Los_Reyes_Maldit_4e5d5c289c398.jpg",184,290,false],"2048x2048":["https:\/\/ajupe.com.uy\/web\/wp-content\/uploads\/2016\/04\/p-3074-Los_Reyes_Maldit_4e5d5c289c398.jpg",184,290,false],"woocommerce_archive_thumbnail":["https:\/\/ajupe.com.uy\/web\/wp-content\/uploads\/2016\/04\/p-3074-Los_Reyes_Maldit_4e5d5c289c398.jpg",184,290,false],"woocommerce_thumbnail":["https:\/\/ajupe.com.uy\/web\/wp-content\/uploads\/2016\/04\/p-3074-Los_Reyes_Maldit_4e5d5c289c398.jpg",184,290,false],"woocommerce_single":["https:\/\/ajupe.com.uy\/web\/wp-content\/uploads\/2016\/04\/p-3074-Los_Reyes_Maldit_4e5d5c289c398.jpg",184,290,false],"woocommerce_gallery_thumbnail":["https:\/\/ajupe.com.uy\/web\/wp-content\/uploads\/2016\/04\/p-3074-Los_Reyes_Maldit_4e5d5c289c398-100x100.jpg",100,100,true]},"post_excerpt_stackable_v2":"<p>Un intervalo de seis a\u00f1os separa La Ley de los Varones y La Loba de Francia.<\/p>\n","category_list_v2":"","author_info_v2":{"name":"","url":""},"comments_num_v2":"0 comentarios","_links":{"self":[{"href":"https:\/\/ajupe.com.uy\/web\/wp-json\/wp\/v2\/product\/3074","targetHints":{"allow":["GET"]}}],"collection":[{"href":"https:\/\/ajupe.com.uy\/web\/wp-json\/wp\/v2\/product"}],"about":[{"href":"https:\/\/ajupe.com.uy\/web\/wp-json\/wp\/v2\/types\/product"}],"wp:featuredmedia":[{"embeddable":true,"href":"https:\/\/ajupe.com.uy\/web\/wp-json\/wp\/v2\/media\/3075"}],"wp:attachment":[{"href":"https:\/\/ajupe.com.uy\/web\/wp-json\/wp\/v2\/media?parent=3074"}],"wp:term":[{"taxonomy":"product_brand","embeddable":true,"href":"https:\/\/ajupe.com.uy\/web\/wp-json\/wp\/v2\/product_brand?post=3074"},{"taxonomy":"product_cat","embeddable":true,"href":"https:\/\/ajupe.com.uy\/web\/wp-json\/wp\/v2\/product_cat?post=3074"},{"taxonomy":"product_tag","embeddable":true,"href":"https:\/\/ajupe.com.uy\/web\/wp-json\/wp\/v2\/product_tag?post=3074"}],"curies":[{"name":"wp","href":"https:\/\/api.w.org\/{rel}","templated":true}]}}