{"id":3164,"date":"2011-09-16T22:03:04","date_gmt":"2011-09-17T01:03:04","guid":{"rendered":"http:\/\/ajupe.com.uy\/web\/?post_type=product&#038;p=3164"},"modified":"2011-09-27T21:25:30","modified_gmt":"2011-09-28T00:25:30","slug":"pacto-de-sangre","status":"publish","type":"product","link":"https:\/\/ajupe.com.uy\/web\/biblioteca\/pacto-de-sangre\/","title":{"rendered":"PACTO DE SANGRE"},"content":{"rendered":"<p>Un ambicioso corredor de seguros encuentra el camino m\u00e1s r\u00e1pido para convertirse en millonario: el crimen de un hombre con dinero. El plan, ideado por la joven esposa de la v\u00edctima, unir\u00e1 a los asesinos en una s\u00f3rdida historia que combina el erotismo con la codicia desesperada. Pero el marido traicionado no ser\u00e1 la \u00fanica v\u00edctima de esta intriga.<\/p>\n","protected":false},"excerpt":{"rendered":"<p>Un ambicioso corredor de seguros encuentra el camino m\u00e1s r\u00e1pido para convertirse en millonario: el crimen de un hombre con dinero.<\/p>\n","protected":false},"featured_media":3165,"template":"","meta":[],"product_brand":[717],"product_cat":[40,30],"product_tag":[],"class_list":{"0":"post-3164","1":"product","2":"type-product","3":"status-publish","4":"has-post-thumbnail","6":"product_brand-james-m-cain","7":"product_cat-policial","8":"product_cat-suspenso","10":"first","11":"instock","12":"purchasable","13":"product-type-simple"},"featured_image_urls_v2":{"full":["https:\/\/ajupe.com.uy\/web\/wp-content\/uploads\/2016\/04\/p-3164-PACTO_DE_SANGRE_4e73c79814f6b.jpg",120,190,false],"thumbnail":["https:\/\/ajupe.com.uy\/web\/wp-content\/uploads\/2016\/04\/p-3164-PACTO_DE_SANGRE_4e73c79814f6b.jpg",150,150,true],"medium":["https:\/\/ajupe.com.uy\/web\/wp-content\/uploads\/2016\/04\/p-3164-PACTO_DE_SANGRE_4e73c79814f6b.jpg",300,214,true],"medium_large":["https:\/\/ajupe.com.uy\/web\/wp-content\/uploads\/2016\/04\/p-3164-PACTO_DE_SANGRE_4e73c79814f6b.jpg",120,190,false],"large":["https:\/\/ajupe.com.uy\/web\/wp-content\/uploads\/2016\/04\/p-3164-PACTO_DE_SANGRE_4e73c79814f6b.jpg",120,190,false],"1536x1536":["https:\/\/ajupe.com.uy\/web\/wp-content\/uploads\/2016\/04\/p-3164-PACTO_DE_SANGRE_4e73c79814f6b.jpg",120,190,false],"2048x2048":["https:\/\/ajupe.com.uy\/web\/wp-content\/uploads\/2016\/04\/p-3164-PACTO_DE_SANGRE_4e73c79814f6b.jpg",120,190,false],"woocommerce_archive_thumbnail":["https:\/\/ajupe.com.uy\/web\/wp-content\/uploads\/2016\/04\/p-3164-PACTO_DE_SANGRE_4e73c79814f6b.jpg",120,190,false],"woocommerce_thumbnail":["https:\/\/ajupe.com.uy\/web\/wp-content\/uploads\/2016\/04\/p-3164-PACTO_DE_SANGRE_4e73c79814f6b.jpg",120,190,false],"woocommerce_single":["https:\/\/ajupe.com.uy\/web\/wp-content\/uploads\/2016\/04\/p-3164-PACTO_DE_SANGRE_4e73c79814f6b.jpg",120,190,false],"woocommerce_gallery_thumbnail":["https:\/\/ajupe.com.uy\/web\/wp-content\/uploads\/2016\/04\/p-3164-PACTO_DE_SANGRE_4e73c79814f6b-100x100.jpg",100,100,true]},"post_excerpt_stackable_v2":"<p>Un ambicioso corredor de seguros encuentra el camino m\u00e1s r\u00e1pido para convertirse en millonario: el crimen de un hombre con dinero.<\/p>\n","category_list_v2":"","author_info_v2":{"name":"","url":""},"comments_num_v2":"0 comentarios","_links":{"self":[{"href":"https:\/\/ajupe.com.uy\/web\/wp-json\/wp\/v2\/product\/3164","targetHints":{"allow":["GET"]}}],"collection":[{"href":"https:\/\/ajupe.com.uy\/web\/wp-json\/wp\/v2\/product"}],"about":[{"href":"https:\/\/ajupe.com.uy\/web\/wp-json\/wp\/v2\/types\/product"}],"wp:featuredmedia":[{"embeddable":true,"href":"https:\/\/ajupe.com.uy\/web\/wp-json\/wp\/v2\/media\/3165"}],"wp:attachment":[{"href":"https:\/\/ajupe.com.uy\/web\/wp-json\/wp\/v2\/media?parent=3164"}],"wp:term":[{"taxonomy":"product_brand","embeddable":true,"href":"https:\/\/ajupe.com.uy\/web\/wp-json\/wp\/v2\/product_brand?post=3164"},{"taxonomy":"product_cat","embeddable":true,"href":"https:\/\/ajupe.com.uy\/web\/wp-json\/wp\/v2\/product_cat?post=3164"},{"taxonomy":"product_tag","embeddable":true,"href":"https:\/\/ajupe.com.uy\/web\/wp-json\/wp\/v2\/product_tag?post=3164"}],"curies":[{"name":"wp","href":"https:\/\/api.w.org\/{rel}","templated":true}]}}