{"id":3239,"date":"2011-09-17T00:18:21","date_gmt":"2011-09-17T03:18:21","guid":{"rendered":"http:\/\/ajupe.com.uy\/web\/?post_type=product&#038;p=3239"},"modified":"2011-09-28T18:12:32","modified_gmt":"2011-09-28T21:12:32","slug":"los-jardines-de-la-luna-tomo-1","status":"publish","type":"product","link":"https:\/\/ajupe.com.uy\/web\/biblioteca\/los-jardines-de-la-luna-tomo-1\/","title":{"rendered":"LOS JARDINES DE LA LUNA (TOMO 1)"},"content":{"rendered":"<div style=\"outline-width: 0px; outline-style: initial; outline-color: initial; vertical-align: baseline; background-image: initial; background-attachment: initial; background-origin: initial; background-clip: initial; background-color: transparent; text-align: center; background-position: initial initial; background-repeat: initial initial; padding: 0px; margin: 0px; border: 0px initial initial;\">Tras interminables guerras, amargas lucha internas y sangrientas confrontaciones, incluso las tropas imperiales necesitan un descanso. Pero la obsesi\u00f3n expansionista de la emperatriz Laseen no tiene l\u00edmites, y cuenta con el apoyo de sus sanguinarios agentes de la Garra. Tras el \u00faltimo asedio, el sargento Whiskeyjack y su pelot\u00f3n de Abrasapuentes necesitan tiempo para descansar y enterrar a sus muertos, pero Darujhistan, la \u00faltima de las Ciudades Libres de Genabackis, los espera. Es el objetivo \u00faltimo de la insaciable emperatriz. Y parece que el Imperio no es el \u00fanico que codicia esa plaza: fuerzas siniestras conspiran dentro y fuera de las sendas m\u00e1gicas, y todo indica que los propios dioses se preparan para la batalla&#8230;<\/div>\n<p>\u00a0<\/p>\n","protected":false},"excerpt":{"rendered":"<p>Con Los Jardines de la Luna, Steven Erikson da inicio a &#8216;Malaz: El libro de los ca\u00eddos&#8217; una saga \u00e9pica original, absorbente y de proporciones colosales, un mundo m\u00e1gico que sienta nuevas bases para la literatura fant\u00e1stica.<\/p>\n","protected":false},"featured_media":3240,"template":"","meta":[],"product_brand":[896],"product_cat":[42],"product_tag":[],"class_list":{"0":"post-3239","1":"product","2":"type-product","3":"status-publish","4":"has-post-thumbnail","6":"product_brand-steven-erikson","7":"product_cat-aventura","9":"first","10":"instock","11":"purchasable","12":"product-type-simple"},"featured_image_urls_v2":{"full":["https:\/\/ajupe.com.uy\/web\/wp-content\/uploads\/2016\/04\/p-3239-LOS_JARDINES_DE__4e73e74ddd455.jpg",341,500,false],"thumbnail":["https:\/\/ajupe.com.uy\/web\/wp-content\/uploads\/2016\/04\/p-3239-LOS_JARDINES_DE__4e73e74ddd455.jpg",150,150,true],"medium":["https:\/\/ajupe.com.uy\/web\/wp-content\/uploads\/2016\/04\/p-3239-LOS_JARDINES_DE__4e73e74ddd455.jpg",300,214,true],"medium_large":["https:\/\/ajupe.com.uy\/web\/wp-content\/uploads\/2016\/04\/p-3239-LOS_JARDINES_DE__4e73e74ddd455.jpg",341,500,false],"large":["https:\/\/ajupe.com.uy\/web\/wp-content\/uploads\/2016\/04\/p-3239-LOS_JARDINES_DE__4e73e74ddd455.jpg",341,500,false],"1536x1536":["https:\/\/ajupe.com.uy\/web\/wp-content\/uploads\/2016\/04\/p-3239-LOS_JARDINES_DE__4e73e74ddd455.jpg",341,500,false],"2048x2048":["https:\/\/ajupe.com.uy\/web\/wp-content\/uploads\/2016\/04\/p-3239-LOS_JARDINES_DE__4e73e74ddd455.jpg",341,500,false],"woocommerce_archive_thumbnail":["https:\/\/ajupe.com.uy\/web\/wp-content\/uploads\/2016\/04\/p-3239-LOS_JARDINES_DE__4e73e74ddd455-300x450.jpg",300,450,true],"woocommerce_thumbnail":["https:\/\/ajupe.com.uy\/web\/wp-content\/uploads\/2016\/04\/p-3239-LOS_JARDINES_DE__4e73e74ddd455-300x300.jpg",300,300,true],"woocommerce_single":["https:\/\/ajupe.com.uy\/web\/wp-content\/uploads\/2016\/04\/p-3239-LOS_JARDINES_DE__4e73e74ddd455-300x440.jpg",300,440,true],"woocommerce_gallery_thumbnail":["https:\/\/ajupe.com.uy\/web\/wp-content\/uploads\/2016\/04\/p-3239-LOS_JARDINES_DE__4e73e74ddd455-100x100.jpg",100,100,true]},"post_excerpt_stackable_v2":"<p>Con Los Jardines de la Luna, Steven Erikson da inicio a &#8216;Malaz: El libro de los ca\u00eddos&#8217; una saga \u00e9pica original, absorbente y de proporciones colosales, un mundo m\u00e1gico que sienta nuevas bases para la literatura fant\u00e1stica.<\/p>\n","category_list_v2":"","author_info_v2":{"name":"","url":""},"comments_num_v2":"0 comentarios","_links":{"self":[{"href":"https:\/\/ajupe.com.uy\/web\/wp-json\/wp\/v2\/product\/3239","targetHints":{"allow":["GET"]}}],"collection":[{"href":"https:\/\/ajupe.com.uy\/web\/wp-json\/wp\/v2\/product"}],"about":[{"href":"https:\/\/ajupe.com.uy\/web\/wp-json\/wp\/v2\/types\/product"}],"wp:featuredmedia":[{"embeddable":true,"href":"https:\/\/ajupe.com.uy\/web\/wp-json\/wp\/v2\/media\/3240"}],"wp:attachment":[{"href":"https:\/\/ajupe.com.uy\/web\/wp-json\/wp\/v2\/media?parent=3239"}],"wp:term":[{"taxonomy":"product_brand","embeddable":true,"href":"https:\/\/ajupe.com.uy\/web\/wp-json\/wp\/v2\/product_brand?post=3239"},{"taxonomy":"product_cat","embeddable":true,"href":"https:\/\/ajupe.com.uy\/web\/wp-json\/wp\/v2\/product_cat?post=3239"},{"taxonomy":"product_tag","embeddable":true,"href":"https:\/\/ajupe.com.uy\/web\/wp-json\/wp\/v2\/product_tag?post=3239"}],"curies":[{"name":"wp","href":"https:\/\/api.w.org\/{rel}","templated":true}]}}

<div style="outline-width: 0px; outline-style: initial; outline-color: initial; vertical-align: baseline; background-image: initial; background-attachment: initial; background-origin: initial; background-clip: initial; background-color: transparent; text-align: center; background-position: initial initial; background-repeat: initial initial; padding: 0px; margin: 0px; border: 0px initial initial;">Tras interminables guerras, amargas lucha internas y sangrientas confrontaciones, incluso las tropas imperiales necesitan un descanso. Pero la obsesión expansionista de la emperatriz Laseen no tiene límites, y cuenta con el apoyo de sus sanguinarios agentes de la Garra. Tras el último asedio, el sargento Whiskeyjack y su pelotón de Abrasapuentes necesitan tiempo para descansar y enterrar a sus muertos, pero Darujhistan, la última de las Ciudades Libres de Genabackis, los espera. Es el objetivo último de la insaciable emperatriz. Y parece que el Imperio no es el único que codicia esa plaza: fuerzas siniestras conspiran dentro y fuera de las sendas mágicas, y todo indica que los propios dioses se preparan para la batalla&#8230;</div>
<p> </p>

<p>Con Los Jardines de la Luna, Steven Erikson da inicio a &#8216;Malaz: El libro de los caídos&#8217; una saga épica original, absorbente y de proporciones colosales, un mundo mágico que sienta nuevas bases para la literatura fantástica.</p>
