{"id":3293,"date":"2011-09-19T08:47:07","date_gmt":"2011-09-19T11:47:07","guid":{"rendered":"http:\/\/ajupe.com.uy\/web\/?post_type=product&#038;p=3293"},"modified":"2011-09-19T08:47:07","modified_gmt":"2011-09-19T11:47:07","slug":"yoshua-y-la-ciudad","status":"publish","type":"product","link":"https:\/\/ajupe.com.uy\/web\/biblioteca\/yoshua-y-la-ciudad\/","title":{"rendered":"Yoshua y la Ciudad"},"content":{"rendered":"<p>Un forastero llamado Joshua (Jes\u00fas en hebreo) llega y se cuela de inmediato en el coraz\u00f3n de la gente y aunque vive de cerca el racismo, la soledad, la indiferencia y la explotaci\u00f3n, sabe abrirse camino e inyectar fe en los corazones de quienes ah\u00ed habitan.<\/p>\n<p>Con su genuina caridad y su actitud abierta y transformadora, Joshua les ense\u00f1a el camino para regenerar la ciudad y alcanzar una revitalizaci\u00f3n econ\u00f3mica con la que pocos se atreven a so\u00f1ar.<\/p>\n","protected":false},"excerpt":{"rendered":"<p>Joseph continua con esta novela el ciclo iniciado con Joshua y Joshua y los ni\u00f1os, cuyo personaje seduce por su encanto y por la sencillez de su mensaje.<\/p>\n","protected":false},"featured_media":3294,"template":"","meta":[],"product_brand":[756],"product_cat":[32,42],"product_tag":[],"class_list":{"0":"post-3293","1":"product","2":"type-product","3":"status-publish","4":"has-post-thumbnail","6":"product_brand-joseph-girzone","7":"product_cat-autoayuda","8":"product_cat-aventura","10":"first","11":"instock","12":"purchasable","13":"product-type-simple"},"featured_image_urls_v2":{"full":["https:\/\/ajupe.com.uy\/web\/wp-content\/uploads\/2016\/04\/p-3293-Yoshua_y_la_Ciud_4e77018b1a493.jpg",93,141,false],"thumbnail":["https:\/\/ajupe.com.uy\/web\/wp-content\/uploads\/2016\/04\/p-3293-Yoshua_y_la_Ciud_4e77018b1a493.jpg",150,150,true],"medium":["https:\/\/ajupe.com.uy\/web\/wp-content\/uploads\/2016\/04\/p-3293-Yoshua_y_la_Ciud_4e77018b1a493.jpg",300,214,true],"medium_large":["https:\/\/ajupe.com.uy\/web\/wp-content\/uploads\/2016\/04\/p-3293-Yoshua_y_la_Ciud_4e77018b1a493.jpg",93,141,false],"large":["https:\/\/ajupe.com.uy\/web\/wp-content\/uploads\/2016\/04\/p-3293-Yoshua_y_la_Ciud_4e77018b1a493.jpg",93,141,false],"1536x1536":["https:\/\/ajupe.com.uy\/web\/wp-content\/uploads\/2016\/04\/p-3293-Yoshua_y_la_Ciud_4e77018b1a493.jpg",93,141,false],"2048x2048":["https:\/\/ajupe.com.uy\/web\/wp-content\/uploads\/2016\/04\/p-3293-Yoshua_y_la_Ciud_4e77018b1a493.jpg",93,141,false],"woocommerce_archive_thumbnail":["https:\/\/ajupe.com.uy\/web\/wp-content\/uploads\/2016\/04\/p-3293-Yoshua_y_la_Ciud_4e77018b1a493.jpg",93,141,false],"woocommerce_thumbnail":["https:\/\/ajupe.com.uy\/web\/wp-content\/uploads\/2016\/04\/p-3293-Yoshua_y_la_Ciud_4e77018b1a493.jpg",93,141,false],"woocommerce_single":["https:\/\/ajupe.com.uy\/web\/wp-content\/uploads\/2016\/04\/p-3293-Yoshua_y_la_Ciud_4e77018b1a493.jpg",93,141,false],"woocommerce_gallery_thumbnail":["https:\/\/ajupe.com.uy\/web\/wp-content\/uploads\/2016\/04\/p-3293-Yoshua_y_la_Ciud_4e77018b1a493-93x100.jpg",93,100,true]},"post_excerpt_stackable_v2":"<p>Joseph continua con esta novela el ciclo iniciado con Joshua y Joshua y los ni\u00f1os, cuyo personaje seduce por su encanto y por la sencillez de su mensaje.<\/p>\n","category_list_v2":"","author_info_v2":{"name":"","url":""},"comments_num_v2":"0 comentarios","_links":{"self":[{"href":"https:\/\/ajupe.com.uy\/web\/wp-json\/wp\/v2\/product\/3293","targetHints":{"allow":["GET"]}}],"collection":[{"href":"https:\/\/ajupe.com.uy\/web\/wp-json\/wp\/v2\/product"}],"about":[{"href":"https:\/\/ajupe.com.uy\/web\/wp-json\/wp\/v2\/types\/product"}],"wp:featuredmedia":[{"embeddable":true,"href":"https:\/\/ajupe.com.uy\/web\/wp-json\/wp\/v2\/media\/3294"}],"wp:attachment":[{"href":"https:\/\/ajupe.com.uy\/web\/wp-json\/wp\/v2\/media?parent=3293"}],"wp:term":[{"taxonomy":"product_brand","embeddable":true,"href":"https:\/\/ajupe.com.uy\/web\/wp-json\/wp\/v2\/product_brand?post=3293"},{"taxonomy":"product_cat","embeddable":true,"href":"https:\/\/ajupe.com.uy\/web\/wp-json\/wp\/v2\/product_cat?post=3293"},{"taxonomy":"product_tag","embeddable":true,"href":"https:\/\/ajupe.com.uy\/web\/wp-json\/wp\/v2\/product_tag?post=3293"}],"curies":[{"name":"wp","href":"https:\/\/api.w.org\/{rel}","templated":true}]}}