{"id":3299,"date":"2011-09-19T09:24:06","date_gmt":"2011-09-19T12:24:06","guid":{"rendered":"http:\/\/ajupe.com.uy\/web\/?post_type=product&#038;p=3299"},"modified":"2011-09-20T20:31:19","modified_gmt":"2011-09-20T23:31:19","slug":"viaje-a-ixtlan","status":"publish","type":"product","link":"https:\/\/ajupe.com.uy\/web\/biblioteca\/viaje-a-ixtlan\/","title":{"rendered":"Viaje a Ixtlan"},"content":{"rendered":"<p>Ixtl\u00e1n: un aprendizaje para concebir el acontecer como una emanaci\u00f3n de esp\u00edritu y no como un juego de la materia&#8230;<\/p>\n","protected":false},"excerpt":{"rendered":"<p>Ixtl\u00e1n: un aprendizaje para concebir el acontecer como una emanaci\u00f3n de esp\u00edritu y no como un juego de la materia.<\/p>\n","protected":false},"featured_media":3300,"template":"","meta":[],"product_brand":[73],"product_cat":[46],"product_tag":[],"class_list":{"0":"post-3299","1":"product","2":"type-product","3":"status-publish","4":"has-post-thumbnail","6":"product_brand-carlos-castaneda","7":"product_cat-poesia","9":"first","10":"instock","11":"purchasable","12":"product-type-simple"},"featured_image_urls_v2":{"full":["https:\/\/ajupe.com.uy\/web\/wp-content\/uploads\/2016\/04\/p-3299-Viaje_a_Ixtlan_4e770a36473dd.jpg",120,183,false],"thumbnail":["https:\/\/ajupe.com.uy\/web\/wp-content\/uploads\/2016\/04\/p-3299-Viaje_a_Ixtlan_4e770a36473dd.jpg",150,150,true],"medium":["https:\/\/ajupe.com.uy\/web\/wp-content\/uploads\/2016\/04\/p-3299-Viaje_a_Ixtlan_4e770a36473dd.jpg",300,214,true],"medium_large":["https:\/\/ajupe.com.uy\/web\/wp-content\/uploads\/2016\/04\/p-3299-Viaje_a_Ixtlan_4e770a36473dd.jpg",120,183,false],"large":["https:\/\/ajupe.com.uy\/web\/wp-content\/uploads\/2016\/04\/p-3299-Viaje_a_Ixtlan_4e770a36473dd.jpg",120,183,false],"1536x1536":["https:\/\/ajupe.com.uy\/web\/wp-content\/uploads\/2016\/04\/p-3299-Viaje_a_Ixtlan_4e770a36473dd.jpg",120,183,false],"2048x2048":["https:\/\/ajupe.com.uy\/web\/wp-content\/uploads\/2016\/04\/p-3299-Viaje_a_Ixtlan_4e770a36473dd.jpg",120,183,false],"woocommerce_archive_thumbnail":["https:\/\/ajupe.com.uy\/web\/wp-content\/uploads\/2016\/04\/p-3299-Viaje_a_Ixtlan_4e770a36473dd.jpg",120,183,false],"woocommerce_thumbnail":["https:\/\/ajupe.com.uy\/web\/wp-content\/uploads\/2016\/04\/p-3299-Viaje_a_Ixtlan_4e770a36473dd.jpg",120,183,false],"woocommerce_single":["https:\/\/ajupe.com.uy\/web\/wp-content\/uploads\/2016\/04\/p-3299-Viaje_a_Ixtlan_4e770a36473dd.jpg",120,183,false],"woocommerce_gallery_thumbnail":["https:\/\/ajupe.com.uy\/web\/wp-content\/uploads\/2016\/04\/p-3299-Viaje_a_Ixtlan_4e770a36473dd-100x100.jpg",100,100,true]},"post_excerpt_stackable_v2":"<p>Ixtl\u00e1n: un aprendizaje para concebir el acontecer como una emanaci\u00f3n de esp\u00edritu y no como un juego de la materia.<\/p>\n","category_list_v2":"","author_info_v2":{"name":"","url":""},"comments_num_v2":"0 comentarios","_links":{"self":[{"href":"https:\/\/ajupe.com.uy\/web\/wp-json\/wp\/v2\/product\/3299","targetHints":{"allow":["GET"]}}],"collection":[{"href":"https:\/\/ajupe.com.uy\/web\/wp-json\/wp\/v2\/product"}],"about":[{"href":"https:\/\/ajupe.com.uy\/web\/wp-json\/wp\/v2\/types\/product"}],"wp:featuredmedia":[{"embeddable":true,"href":"https:\/\/ajupe.com.uy\/web\/wp-json\/wp\/v2\/media\/3300"}],"wp:attachment":[{"href":"https:\/\/ajupe.com.uy\/web\/wp-json\/wp\/v2\/media?parent=3299"}],"wp:term":[{"taxonomy":"product_brand","embeddable":true,"href":"https:\/\/ajupe.com.uy\/web\/wp-json\/wp\/v2\/product_brand?post=3299"},{"taxonomy":"product_cat","embeddable":true,"href":"https:\/\/ajupe.com.uy\/web\/wp-json\/wp\/v2\/product_cat?post=3299"},{"taxonomy":"product_tag","embeddable":true,"href":"https:\/\/ajupe.com.uy\/web\/wp-json\/wp\/v2\/product_tag?post=3299"}],"curies":[{"name":"wp","href":"https:\/\/api.w.org\/{rel}","templated":true}]}}

<p>Ixtlán: un aprendizaje para concebir el acontecer como una emanación de espíritu y no como un juego de la materia&#8230;</p>

<p>Ixtlán: un aprendizaje para concebir el acontecer como una emanación de espíritu y no como un juego de la materia.</p>
