{"id":3329,"date":"2011-09-19T22:01:05","date_gmt":"2011-09-20T01:01:05","guid":{"rendered":"http:\/\/ajupe.com.uy\/web\/?post_type=product&#038;p=3329"},"modified":"2011-09-19T22:01:05","modified_gmt":"2011-09-20T01:01:05","slug":"cuenta-conmigo","status":"publish","type":"product","link":"https:\/\/ajupe.com.uy\/web\/biblioteca\/cuenta-conmigo\/","title":{"rendered":"Cuenta Conmigo"},"content":{"rendered":"<p><span>Han pasado veinte a\u00f1os. Demi\u00e1n, el entra\u00f1able  protagonista de D\u00e9jame que te cuente, ha cumplido ya los cuarenta. Hace  mucho tiempo que dej\u00f3 de tener contacto con el Gordo, el psicoterapeuta  que le ense\u00f1\u00f3 a enfrentarse a la vida cont\u00e1ndole cuentos. Pero, llegada  su madurez, se encuentra en un momento de crisis. Su matrimonio ha  fracasado y tiene que emprender nuevos caminos. Un reto profesional le  lleva a trasladarse a otro pa\u00eds, la relaci\u00f3n con su familia da un vuelco  y, adem\u00e1s, aparece en su vida una mujer muy importante para \u00e9l.Demi\u00e1n  no puede olvidar c\u00f3mo le ayud\u00f3 Jorge en su juventud y siente la  necesidad de buscarle. Finalmente, consigue encontrarle, pero esta vez  tendr\u00e1 que confiar m\u00e1s en sus propios recursos? <\/span><\/p>\n","protected":false},"excerpt":{"rendered":"<p>Han pasado veinte a\u00f1os. Demi\u00e1n, el entra\u00f1able protagonista de D\u00e9jame que te cuente, ha cumplido ya los cuarenta. Hace mucho tiempo que dej\u00f3 de tener contacto con el Gordo, el psicoterapeuta que le ense\u00f1\u00f3 a enfrentarse a la vida cont\u00e1ndole cuentos. Pero, llegada su madurez, se encuentra en un momento de crisis. Su matrimonio ha [&hellip;]<\/p>\n","protected":false},"featured_media":3330,"template":"","meta":[],"product_brand":[276],"product_cat":[32],"product_tag":[],"class_list":{"0":"post-3329","1":"product","2":"type-product","3":"status-publish","4":"has-post-thumbnail","6":"product_brand-jorge-bucay","7":"product_cat-autoayuda","9":"first","10":"instock","11":"purchasable","12":"product-type-simple"},"featured_image_urls_v2":{"full":["https:\/\/ajupe.com.uy\/web\/wp-content\/uploads\/2016\/04\/p-3329-Cuenta_Conmigo_4e77bba179a45.jpg",220,345,false],"thumbnail":["https:\/\/ajupe.com.uy\/web\/wp-content\/uploads\/2016\/04\/p-3329-Cuenta_Conmigo_4e77bba179a45.jpg",150,150,true],"medium":["https:\/\/ajupe.com.uy\/web\/wp-content\/uploads\/2016\/04\/p-3329-Cuenta_Conmigo_4e77bba179a45.jpg",300,214,true],"medium_large":["https:\/\/ajupe.com.uy\/web\/wp-content\/uploads\/2016\/04\/p-3329-Cuenta_Conmigo_4e77bba179a45.jpg",220,345,false],"large":["https:\/\/ajupe.com.uy\/web\/wp-content\/uploads\/2016\/04\/p-3329-Cuenta_Conmigo_4e77bba179a45.jpg",220,345,false],"1536x1536":["https:\/\/ajupe.com.uy\/web\/wp-content\/uploads\/2016\/04\/p-3329-Cuenta_Conmigo_4e77bba179a45.jpg",220,345,false],"2048x2048":["https:\/\/ajupe.com.uy\/web\/wp-content\/uploads\/2016\/04\/p-3329-Cuenta_Conmigo_4e77bba179a45.jpg",220,345,false],"woocommerce_archive_thumbnail":["https:\/\/ajupe.com.uy\/web\/wp-content\/uploads\/2016\/04\/p-3329-Cuenta_Conmigo_4e77bba179a45-220x300.jpg",220,300,true],"woocommerce_thumbnail":["https:\/\/ajupe.com.uy\/web\/wp-content\/uploads\/2016\/04\/p-3329-Cuenta_Conmigo_4e77bba179a45-220x300.jpg",220,300,true],"woocommerce_single":["https:\/\/ajupe.com.uy\/web\/wp-content\/uploads\/2016\/04\/p-3329-Cuenta_Conmigo_4e77bba179a45.jpg",220,345,false],"woocommerce_gallery_thumbnail":["https:\/\/ajupe.com.uy\/web\/wp-content\/uploads\/2016\/04\/p-3329-Cuenta_Conmigo_4e77bba179a45-100x100.jpg",100,100,true]},"post_excerpt_stackable_v2":"<p>Han pasado veinte a\u00f1os. Demi\u00e1n, el entra\u00f1able protagonista de D\u00e9jame que te cuente, ha cumplido ya los cuarenta. Hace mucho tiempo que dej\u00f3 de tener contacto con el Gordo, el psicoterapeuta que le ense\u00f1\u00f3 a enfrentarse a la vida cont\u00e1ndole cuentos. Pero, llegada su madurez, se encuentra en un momento de crisis. Su matrimonio ha fracasado y tiene que emprender nuevos caminos. Un reto profesional le lleva a trasladarse a otro pa\u00eds, la relaci\u00f3n con su familia da un vuelco y, adem\u00e1s, aparece en su vida una mujer muy importante para \u00e9l.Demi\u00e1n no puede olvidar c\u00f3mo le ayud\u00f3 Jorge en&hellip;<\/p>\n","category_list_v2":"","author_info_v2":{"name":"","url":""},"comments_num_v2":"0 comentarios","_links":{"self":[{"href":"https:\/\/ajupe.com.uy\/web\/wp-json\/wp\/v2\/product\/3329","targetHints":{"allow":["GET"]}}],"collection":[{"href":"https:\/\/ajupe.com.uy\/web\/wp-json\/wp\/v2\/product"}],"about":[{"href":"https:\/\/ajupe.com.uy\/web\/wp-json\/wp\/v2\/types\/product"}],"wp:featuredmedia":[{"embeddable":true,"href":"https:\/\/ajupe.com.uy\/web\/wp-json\/wp\/v2\/media\/3330"}],"wp:attachment":[{"href":"https:\/\/ajupe.com.uy\/web\/wp-json\/wp\/v2\/media?parent=3329"}],"wp:term":[{"taxonomy":"product_brand","embeddable":true,"href":"https:\/\/ajupe.com.uy\/web\/wp-json\/wp\/v2\/product_brand?post=3329"},{"taxonomy":"product_cat","embeddable":true,"href":"https:\/\/ajupe.com.uy\/web\/wp-json\/wp\/v2\/product_cat?post=3329"},{"taxonomy":"product_tag","embeddable":true,"href":"https:\/\/ajupe.com.uy\/web\/wp-json\/wp\/v2\/product_tag?post=3329"}],"curies":[{"name":"wp","href":"https:\/\/api.w.org\/{rel}","templated":true}]}}

<p><span>Han pasado veinte años. Demián, el entrañable  protagonista de Déjame que te cuente, ha cumplido ya los cuarenta. Hace  mucho tiempo que dejó de tener contacto con el Gordo, el psicoterapeuta  que le enseñó a enfrentarse a la vida contándole cuentos. Pero, llegada  su madurez, se encuentra en un momento de crisis. Su matrimonio ha  fracasado y tiene que emprender nuevos caminos. Un reto profesional le  lleva a trasladarse a otro país, la relación con su familia da un vuelco  y, además, aparece en su vida una mujer muy importante para él.Demián  no puede olvidar cómo le ayudó Jorge en su juventud y siente la  necesidad de buscarle. Finalmente, consigue encontrarle, pero esta vez  tendrá que confiar más en sus propios recursos? </span></p>

<p>Han pasado veinte años. Demián, el entrañable protagonista de Déjame que te cuente, ha cumplido ya los cuarenta. Hace mucho tiempo que dejó de tener contacto con el Gordo, el psicoterapeuta que le enseñó a enfrentarse a la vida contándole cuentos. Pero, llegada su madurez, se encuentra en un momento de crisis. Su matrimonio ha [&hellip;]</p>

<p>Han pasado veinte años. Demián, el entrañable protagonista de Déjame que te cuente, ha cumplido ya los cuarenta. Hace mucho tiempo que dejó de tener contacto con el Gordo, el psicoterapeuta que le enseñó a enfrentarse a la vida contándole cuentos. Pero, llegada su madurez, se encuentra en un momento de crisis. Su matrimonio ha fracasado y tiene que emprender nuevos caminos. Un reto profesional le lleva a trasladarse a otro país, la relación con su familia da un vuelco y, además, aparece en su vida una mujer muy importante para él.Demián no puede olvidar cómo le ayudó Jorge en&hellip;</p>
