{"id":3332,"date":"2011-09-19T22:11:20","date_gmt":"2011-09-20T01:11:20","guid":{"rendered":"http:\/\/ajupe.com.uy\/web\/?post_type=product&#038;p=3332"},"modified":"2011-09-20T20:28:30","modified_gmt":"2011-09-20T23:28:30","slug":"relatos-del-poder","status":"publish","type":"product","link":"https:\/\/ajupe.com.uy\/web\/biblioteca\/relatos-del-poder\/","title":{"rendered":"Relatos del Poder"},"content":{"rendered":"<p><span style=\"color: #0000ff;\"><\/p>\n<p><span style=\"color: #000000;\"><em>\u00bfC\u00f3mo puedo llegar a la explicaci\u00f3n de los brujos?<\/em> &#8211; Acumulando  poder personal. El poder personal te har\u00e1 deslizarte con gran facilidad  y entrar en la explicaci\u00f3n de los brujos.La explicaci\u00f3n no es lo que t\u00fa  llamar\u00edas una explicaci\u00f3n; sin embargo aunque no aclara el mundo ni sus  misterios, los hace menos pavorosos. Esa deber\u00eda ser la esencia de una  explicaci\u00f3n, pero no es eso lo que t\u00fa buscas. T\u00fa andas detr\u00e1s del  reflejo de t\u00ed y tus ideas.<\/span><\/p>\n<p><strong><span style=\"color: #000000;\"> <\/span><\/strong><\/p>\n<p><span style=\"color: #000000;\"><span style=\"font-size: medium;\">La  confianza de un guerrero no es la confianza del hombre com\u00fan. El hombre  com\u00fan busca la certeza en los ojos del espectador y llama a eso  confianza en s\u00ed mismo. El guerrero busca la impecabilidad en sus propios  ojos y llama a eso humildad. El hombre com\u00fan est\u00e1 enganchado a sus  pr\u00f3jimos, mientras que el guerrero s\u00f3lo depende de s\u00ed mismo. Andas en  pos de lo imposible. Buscas la confianza del hombre com\u00fan, cuando  deber\u00edas buscar la humildad del guerrero. Hay una gran diferencia entre  las dos. <em>La confianza implica saber algo con certeza; la humildad implica ser impecable con los propios actos y sentimientos.<\/em><\/span><\/span><\/p>\n<p><\/span><\/p>\n","protected":false},"excerpt":{"rendered":"<p>\u00bfC\u00f3mo puedo llegar a la explicaci\u00f3n de los brujos? &#8211; Acumulando poder personal. El poder personal te har\u00e1 deslizarte con gran facilidad y entrar en la explicaci\u00f3n de los brujos.La explicaci\u00f3n no es lo que t\u00fa llamar\u00edas una explicaci\u00f3n; sin embargo aunque no aclara el mundo ni sus misterios, los hace menos pavorosos. Esa deber\u00eda [&hellip;]<\/p>\n","protected":false},"featured_media":3333,"template":"","meta":[],"product_brand":[73],"product_cat":[46],"product_tag":[],"class_list":{"0":"post-3332","1":"product","2":"type-product","3":"status-publish","4":"has-post-thumbnail","6":"product_brand-carlos-castaneda","7":"product_cat-poesia","9":"first","10":"instock","11":"purchasable","12":"product-type-simple"},"featured_image_urls_v2":{"full":["https:\/\/ajupe.com.uy\/web\/wp-content\/uploads\/2016\/04\/p-3332-Relatos_del_Pode_4e77be086c96e.jpg",204,320,false],"thumbnail":["https:\/\/ajupe.com.uy\/web\/wp-content\/uploads\/2016\/04\/p-3332-Relatos_del_Pode_4e77be086c96e.jpg",150,150,true],"medium":["https:\/\/ajupe.com.uy\/web\/wp-content\/uploads\/2016\/04\/p-3332-Relatos_del_Pode_4e77be086c96e.jpg",300,214,true],"medium_large":["https:\/\/ajupe.com.uy\/web\/wp-content\/uploads\/2016\/04\/p-3332-Relatos_del_Pode_4e77be086c96e.jpg",204,320,false],"large":["https:\/\/ajupe.com.uy\/web\/wp-content\/uploads\/2016\/04\/p-3332-Relatos_del_Pode_4e77be086c96e.jpg",204,320,false],"1536x1536":["https:\/\/ajupe.com.uy\/web\/wp-content\/uploads\/2016\/04\/p-3332-Relatos_del_Pode_4e77be086c96e.jpg",204,320,false],"2048x2048":["https:\/\/ajupe.com.uy\/web\/wp-content\/uploads\/2016\/04\/p-3332-Relatos_del_Pode_4e77be086c96e.jpg",204,320,false],"woocommerce_archive_thumbnail":["https:\/\/ajupe.com.uy\/web\/wp-content\/uploads\/2016\/04\/p-3332-Relatos_del_Pode_4e77be086c96e-204x300.jpg",204,300,true],"woocommerce_thumbnail":["https:\/\/ajupe.com.uy\/web\/wp-content\/uploads\/2016\/04\/p-3332-Relatos_del_Pode_4e77be086c96e-204x300.jpg",204,300,true],"woocommerce_single":["https:\/\/ajupe.com.uy\/web\/wp-content\/uploads\/2016\/04\/p-3332-Relatos_del_Pode_4e77be086c96e.jpg",204,320,false],"woocommerce_gallery_thumbnail":["https:\/\/ajupe.com.uy\/web\/wp-content\/uploads\/2016\/04\/p-3332-Relatos_del_Pode_4e77be086c96e-100x100.jpg",100,100,true]},"post_excerpt_stackable_v2":"<p>\u00bfC\u00f3mo puedo llegar a la explicaci\u00f3n de los brujos? &#8211; Acumulando poder personal. El poder personal te har\u00e1 deslizarte con gran facilidad y entrar en la explicaci\u00f3n de los brujos.La explicaci\u00f3n no es lo que t\u00fa llamar\u00edas una explicaci\u00f3n; sin embargo aunque no aclara el mundo ni sus misterios, los hace menos pavorosos. Esa deber\u00eda ser la esencia de una explicaci\u00f3n, pero no es eso lo que t\u00fa buscas. T\u00fa andas detr\u00e1s del reflejo de t\u00ed y tus ideas. La confianza de un guerrero no es la confianza del hombre com\u00fan. El hombre com\u00fan busca la certeza en los ojos&hellip;<\/p>\n","category_list_v2":"","author_info_v2":{"name":"","url":""},"comments_num_v2":"0 comentarios","_links":{"self":[{"href":"https:\/\/ajupe.com.uy\/web\/wp-json\/wp\/v2\/product\/3332","targetHints":{"allow":["GET"]}}],"collection":[{"href":"https:\/\/ajupe.com.uy\/web\/wp-json\/wp\/v2\/product"}],"about":[{"href":"https:\/\/ajupe.com.uy\/web\/wp-json\/wp\/v2\/types\/product"}],"wp:featuredmedia":[{"embeddable":true,"href":"https:\/\/ajupe.com.uy\/web\/wp-json\/wp\/v2\/media\/3333"}],"wp:attachment":[{"href":"https:\/\/ajupe.com.uy\/web\/wp-json\/wp\/v2\/media?parent=3332"}],"wp:term":[{"taxonomy":"product_brand","embeddable":true,"href":"https:\/\/ajupe.com.uy\/web\/wp-json\/wp\/v2\/product_brand?post=3332"},{"taxonomy":"product_cat","embeddable":true,"href":"https:\/\/ajupe.com.uy\/web\/wp-json\/wp\/v2\/product_cat?post=3332"},{"taxonomy":"product_tag","embeddable":true,"href":"https:\/\/ajupe.com.uy\/web\/wp-json\/wp\/v2\/product_tag?post=3332"}],"curies":[{"name":"wp","href":"https:\/\/api.w.org\/{rel}","templated":true}]}}