{"id":3374,"date":"2011-09-20T20:37:26","date_gmt":"2011-09-20T23:37:26","guid":{"rendered":"http:\/\/ajupe.com.uy\/web\/?post_type=product&#038;p=3374"},"modified":"2011-09-20T20:37:26","modified_gmt":"2011-09-20T23:37:26","slug":"la-colmena","status":"publish","type":"product","link":"https:\/\/ajupe.com.uy\/web\/biblioteca\/la-colmena\/","title":{"rendered":"La Colmena"},"content":{"rendered":"<p>La acci\u00f3n de <em>La Colmena<\/em> tiene lugar en Madrid a lo largo de dos  d\u00edas del mes de diciembre de 1942, aunque su episodio final sucede unos  d\u00edas m\u00e1s tarde, cuando ya el aire va tomando cierto olor de navidad. En  esa realidad precisa, convertida en espacio narrativo, en ficci\u00f3n, se  fija la mirada penetrante de Camilo Jos\u00e9 Cela para dejar apresadas en  las p\u00e1ginas del relato la angustia, la mediocridad, la desesperanza de  casi trescientos personajes que, cuidadosamente seleccionados por el  autor, pretenden representar a todo un mundo ciudadano.<\/p>\n","protected":false},"excerpt":{"rendered":"<p>La acci\u00f3n de La Colmena tiene lugar en Madrid a lo largo de dos d\u00edas del mes de diciembre de 1942, aunque su episodio final sucede unos d\u00edas m\u00e1s tarde, cuando ya el aire va tomando cierto olor de navidad. En esa realidad precisa, convertida en espacio narrativo, en ficci\u00f3n, se fija la mirada penetrante [&hellip;]<\/p>\n","protected":false},"featured_media":3375,"template":"","meta":[],"product_brand":[591],"product_cat":[29],"product_tag":[],"class_list":["post-3374","product","type-product","status-publish","has-post-thumbnail","product_brand-camilo-jose-cela","product_cat-novela","first","instock","purchasable","product-type-simple"],"featured_image_urls_v2":{"full":["https:\/\/ajupe.com.uy\/web\/wp-content\/uploads\/2016\/04\/p-3374-La_Colmena_4e78f986830b6.jpg",407,567,false],"thumbnail":["https:\/\/ajupe.com.uy\/web\/wp-content\/uploads\/2016\/04\/p-3374-La_Colmena_4e78f986830b6.jpg",150,150,true],"medium":["https:\/\/ajupe.com.uy\/web\/wp-content\/uploads\/2016\/04\/p-3374-La_Colmena_4e78f986830b6.jpg",300,214,true],"medium_large":["https:\/\/ajupe.com.uy\/web\/wp-content\/uploads\/2016\/04\/p-3374-La_Colmena_4e78f986830b6.jpg",407,567,false],"large":["https:\/\/ajupe.com.uy\/web\/wp-content\/uploads\/2016\/04\/p-3374-La_Colmena_4e78f986830b6.jpg",407,567,false],"1536x1536":["https:\/\/ajupe.com.uy\/web\/wp-content\/uploads\/2016\/04\/p-3374-La_Colmena_4e78f986830b6.jpg",407,567,false],"2048x2048":["https:\/\/ajupe.com.uy\/web\/wp-content\/uploads\/2016\/04\/p-3374-La_Colmena_4e78f986830b6.jpg",407,567,false],"woocommerce_archive_thumbnail":["https:\/\/ajupe.com.uy\/web\/wp-content\/uploads\/2016\/04\/p-3374-La_Colmena_4e78f986830b6-300x450.jpg",300,450,true],"woocommerce_thumbnail":["https:\/\/ajupe.com.uy\/web\/wp-content\/uploads\/2016\/04\/p-3374-La_Colmena_4e78f986830b6-300x300.jpg",300,300,true],"woocommerce_single":["https:\/\/ajupe.com.uy\/web\/wp-content\/uploads\/2016\/04\/p-3374-La_Colmena_4e78f986830b6-300x418.jpg",300,418,true],"woocommerce_gallery_thumbnail":["https:\/\/ajupe.com.uy\/web\/wp-content\/uploads\/2016\/04\/p-3374-La_Colmena_4e78f986830b6-100x100.jpg",100,100,true]},"post_excerpt_stackable_v2":"<p>La acci\u00f3n de La Colmena tiene lugar en Madrid a lo largo de dos d\u00edas del mes de diciembre de 1942, aunque su episodio final sucede unos d\u00edas m\u00e1s tarde, cuando ya el aire va tomando cierto olor de navidad. En esa realidad precisa, convertida en espacio narrativo, en ficci\u00f3n, se fija la mirada penetrante de Camilo Jos\u00e9 Cela para dejar apresadas en las p\u00e1ginas del relato la angustia, la mediocridad, la desesperanza de casi trescientos personajes que, cuidadosamente seleccionados por el autor, pretenden representar a todo un mundo ciudadano.<\/p>\n","category_list_v2":"","author_info_v2":{"name":"","url":""},"comments_num_v2":"0 comentarios","_links":{"self":[{"href":"https:\/\/ajupe.com.uy\/web\/wp-json\/wp\/v2\/product\/3374","targetHints":{"allow":["GET"]}}],"collection":[{"href":"https:\/\/ajupe.com.uy\/web\/wp-json\/wp\/v2\/product"}],"about":[{"href":"https:\/\/ajupe.com.uy\/web\/wp-json\/wp\/v2\/types\/product"}],"wp:featuredmedia":[{"embeddable":true,"href":"https:\/\/ajupe.com.uy\/web\/wp-json\/wp\/v2\/media\/3375"}],"wp:attachment":[{"href":"https:\/\/ajupe.com.uy\/web\/wp-json\/wp\/v2\/media?parent=3374"}],"wp:term":[{"taxonomy":"product_brand","embeddable":true,"href":"https:\/\/ajupe.com.uy\/web\/wp-json\/wp\/v2\/product_brand?post=3374"},{"taxonomy":"product_cat","embeddable":true,"href":"https:\/\/ajupe.com.uy\/web\/wp-json\/wp\/v2\/product_cat?post=3374"},{"taxonomy":"product_tag","embeddable":true,"href":"https:\/\/ajupe.com.uy\/web\/wp-json\/wp\/v2\/product_tag?post=3374"}],"curies":[{"name":"wp","href":"https:\/\/api.w.org\/{rel}","templated":true}]}}

<p>La acción de <em>La Colmena</em> tiene lugar en Madrid a lo largo de dos  días del mes de diciembre de 1942, aunque su episodio final sucede unos  días más tarde, cuando ya el aire va tomando cierto olor de navidad. En  esa realidad precisa, convertida en espacio narrativo, en ficción, se  fija la mirada penetrante de Camilo José Cela para dejar apresadas en  las páginas del relato la angustia, la mediocridad, la desesperanza de  casi trescientos personajes que, cuidadosamente seleccionados por el  autor, pretenden representar a todo un mundo ciudadano.</p>

<p>La acción de La Colmena tiene lugar en Madrid a lo largo de dos días del mes de diciembre de 1942, aunque su episodio final sucede unos días más tarde, cuando ya el aire va tomando cierto olor de navidad. En esa realidad precisa, convertida en espacio narrativo, en ficción, se fija la mirada penetrante [&hellip;]</p>

<p>La acción de La Colmena tiene lugar en Madrid a lo largo de dos días del mes de diciembre de 1942, aunque su episodio final sucede unos días más tarde, cuando ya el aire va tomando cierto olor de navidad. En esa realidad precisa, convertida en espacio narrativo, en ficción, se fija la mirada penetrante de Camilo José Cela para dejar apresadas en las páginas del relato la angustia, la mediocridad, la desesperanza de casi trescientos personajes que, cuidadosamente seleccionados por el autor, pretenden representar a todo un mundo ciudadano.</p>
