{"id":3410,"date":"2011-09-21T20:22:02","date_gmt":"2011-09-21T23:22:02","guid":{"rendered":"http:\/\/ajupe.com.uy\/web\/?post_type=product&#038;p=3410"},"modified":"2011-09-26T18:10:05","modified_gmt":"2011-09-26T21:10:05","slug":"el-burlador-de-sevilla-el-vergonzoso-en-palacio","status":"publish","type":"product","link":"https:\/\/ajupe.com.uy\/web\/biblioteca\/el-burlador-de-sevilla-el-vergonzoso-en-palacio\/","title":{"rendered":"El Burlador de Sevilla\/ El Vergonzoso en Palacio"},"content":{"rendered":"<p>El libro trata sobre Don Juan, un personaje que se burla de todo el  mundo. A la primera mujer que burla Don Juan es a Isabela, haci\u00e9ndose  pasar por el Duque Octavio. Las culpas y la deshonra son para el Duque  Octavio. La siguiente mujer es Tisbea, una pescadora, que cuando Don  Juan y Catalin\u00f3n nadando hacia la orilla, va en su ayuda. Cuando Don  Juan est\u00e1 mas o menos recuperado intenta conquistar a Tisbea, le da su  palabra y le promete ser su esposo, igual que a Isabel, y cuando la  deshonra se escapa. Su siguiente burla fue para Do\u00f1a Ana, a la cual no  conoc\u00eda, pero el Marques de la Mota le hizo una descripci\u00f3n tan buena de  ella, que decidi\u00f3 intentar deshonrarla. Pero tras enga\u00f1ar a Mota e ir a  por Do\u00f1a Ana, se le interpuso Don Gonzalo, por lo que Don Juan lo mat\u00f3.  Tras esto Don Juan deshonro a Do\u00f1a Ana y le dice a Mota que ya puede ir  a visitar a su prima. Cuando este va a ver a su prima se encuentra con  un extra\u00f1o alboroto, pregunto que ocurr\u00eda y le prendieron, ya que este  le hab\u00eda dejado una capa a Don Juan y seguidamente Don Juan se la  devolvi\u00f3. La \u00faltima v\u00edctima de Don Juan fue Arminta, prometida de  Batricio, con el cual pronto se casar\u00eda. Don Juan la li\u00f3 y como a todas  las anteriores la prometi\u00f3 matrimonio, la deshonro y volvi\u00f3 a escapar.  El Rey concreto matrimonio con Do\u00f1a Isabel. Tres d\u00edas antes de la boda  se le aparece a Don Juan y a Catalin\u00f3n el difunto Don Gonzalo que se  auto invit\u00f3 a cenar. Don Gonzalo invit\u00f3 a Don Juan para el pr\u00f3ximo d\u00eda,  Don Juan acept\u00f3. Al d\u00eda siguiente fue donde hab\u00edan quedado, pero la cena  que sirvi\u00f3 Don Gonzalo no era muy apetitosa por lo que Don Juan se dio  por cenado. Despu\u00e9s Don Gonzalo se vengo de don Juan por todas las  deshonras que hab\u00eda hecho y le mato. Catalin\u00f3n huyo y fue a cont\u00e1rselo  al rey cuando este se entero no se lo quer\u00eda creer, pero despu\u00e9s se lo  volvi\u00f3 a contar Catalin\u00f3n y dijo que era castigo del cielo y que se lo  tenia merecido. Tras enterarse de la muerte de Don Juan, las mujeres que  cre\u00edan ser sus esposas pidieron al rey que si podr\u00edan casarse con sus  antiguas parejas, Mota con Do\u00f1a Ana, Don Octavio con Isabela y Batricio  con Arminta.<\/p>\n","protected":false},"excerpt":{"rendered":"<p>El libro trata sobre Don Juan, un personaje que se burla de todo el mundo. A la primera mujer que burla Don Juan es a Isabela, haci\u00e9ndose pasar por el Duque Octavio. Las culpas y la deshonra son para el Duque Octavio. La siguiente mujer es Tisbea, una pescadora, que cuando Don Juan y Catalin\u00f3n [&hellip;]<\/p>\n","protected":false},"featured_media":3411,"template":"","meta":[],"product_brand":[920],"product_cat":[46],"product_tag":[],"class_list":{"0":"post-3410","1":"product","2":"type-product","3":"status-publish","4":"has-post-thumbnail","6":"product_brand-tirso-de-molina","7":"product_cat-poesia","9":"first","10":"instock","11":"purchasable","12":"product-type-simple"},"featured_image_urls_v2":{"full":["https:\/\/ajupe.com.uy\/web\/wp-content\/uploads\/2016\/04\/p-3410-El_Burlador_de_S_4e7a476a58ce3.jpg",250,250,false],"thumbnail":["https:\/\/ajupe.com.uy\/web\/wp-content\/uploads\/2016\/04\/p-3410-El_Burlador_de_S_4e7a476a58ce3.jpg",150,150,true],"medium":["https:\/\/ajupe.com.uy\/web\/wp-content\/uploads\/2016\/04\/p-3410-El_Burlador_de_S_4e7a476a58ce3.jpg",300,214,true],"medium_large":["https:\/\/ajupe.com.uy\/web\/wp-content\/uploads\/2016\/04\/p-3410-El_Burlador_de_S_4e7a476a58ce3.jpg",250,250,false],"large":["https:\/\/ajupe.com.uy\/web\/wp-content\/uploads\/2016\/04\/p-3410-El_Burlador_de_S_4e7a476a58ce3.jpg",250,250,false],"1536x1536":["https:\/\/ajupe.com.uy\/web\/wp-content\/uploads\/2016\/04\/p-3410-El_Burlador_de_S_4e7a476a58ce3.jpg",250,250,false],"2048x2048":["https:\/\/ajupe.com.uy\/web\/wp-content\/uploads\/2016\/04\/p-3410-El_Burlador_de_S_4e7a476a58ce3.jpg",250,250,false],"woocommerce_archive_thumbnail":["https:\/\/ajupe.com.uy\/web\/wp-content\/uploads\/2016\/04\/p-3410-El_Burlador_de_S_4e7a476a58ce3.jpg",250,250,false],"woocommerce_thumbnail":["https:\/\/ajupe.com.uy\/web\/wp-content\/uploads\/2016\/04\/p-3410-El_Burlador_de_S_4e7a476a58ce3.jpg",250,250,false],"woocommerce_single":["https:\/\/ajupe.com.uy\/web\/wp-content\/uploads\/2016\/04\/p-3410-El_Burlador_de_S_4e7a476a58ce3.jpg",250,250,false],"woocommerce_gallery_thumbnail":["https:\/\/ajupe.com.uy\/web\/wp-content\/uploads\/2016\/04\/p-3410-El_Burlador_de_S_4e7a476a58ce3-100x100.jpg",100,100,true]},"post_excerpt_stackable_v2":"<p>El libro trata sobre Don Juan, un personaje que se burla de todo el mundo. A la primera mujer que burla Don Juan es a Isabela, haci\u00e9ndose pasar por el Duque Octavio. Las culpas y la deshonra son para el Duque Octavio. La siguiente mujer es Tisbea, una pescadora, que cuando Don Juan y Catalin\u00f3n nadando hacia la orilla, va en su ayuda. Cuando Don Juan est\u00e1 mas o menos recuperado intenta conquistar a Tisbea, le da su palabra y le promete ser su esposo, igual que a Isabel, y cuando la deshonra se escapa. Su siguiente burla fue para&hellip;<\/p>\n","category_list_v2":"","author_info_v2":{"name":"","url":""},"comments_num_v2":"0 comentarios","_links":{"self":[{"href":"https:\/\/ajupe.com.uy\/web\/wp-json\/wp\/v2\/product\/3410","targetHints":{"allow":["GET"]}}],"collection":[{"href":"https:\/\/ajupe.com.uy\/web\/wp-json\/wp\/v2\/product"}],"about":[{"href":"https:\/\/ajupe.com.uy\/web\/wp-json\/wp\/v2\/types\/product"}],"wp:featuredmedia":[{"embeddable":true,"href":"https:\/\/ajupe.com.uy\/web\/wp-json\/wp\/v2\/media\/3411"}],"wp:attachment":[{"href":"https:\/\/ajupe.com.uy\/web\/wp-json\/wp\/v2\/media?parent=3410"}],"wp:term":[{"taxonomy":"product_brand","embeddable":true,"href":"https:\/\/ajupe.com.uy\/web\/wp-json\/wp\/v2\/product_brand?post=3410"},{"taxonomy":"product_cat","embeddable":true,"href":"https:\/\/ajupe.com.uy\/web\/wp-json\/wp\/v2\/product_cat?post=3410"},{"taxonomy":"product_tag","embeddable":true,"href":"https:\/\/ajupe.com.uy\/web\/wp-json\/wp\/v2\/product_tag?post=3410"}],"curies":[{"name":"wp","href":"https:\/\/api.w.org\/{rel}","templated":true}]}}