{"id":3437,"date":"2011-09-21T21:12:25","date_gmt":"2011-09-22T00:12:25","guid":{"rendered":"http:\/\/ajupe.com.uy\/web\/?post_type=product&#038;p=3437"},"modified":"2011-09-26T18:05:53","modified_gmt":"2011-09-26T21:05:53","slug":"nana-2","status":"publish","type":"product","link":"https:\/\/ajupe.com.uy\/web\/biblioteca\/nana-2\/","title":{"rendered":"Nana"},"content":{"rendered":"<p>Nana es la obra maestra de <strong>\u00c9mile Zola<\/strong>. Cortesana de una gran belleza provocadora, <strong>Nana<\/strong> destruye a todos los que la desean. Encarna las debilidades de una  sociedad corrompida, sedienta de goces, que va a caer en el drama de la  guerra. Esta pintura audaz y \u00e1cida del desenfreno le vali\u00f3 a Zola ser  acusado de obscenidad, pero confirm\u00f3 su talento de novelista.<\/p>\n","protected":false},"excerpt":{"rendered":"<p>Nana es la obra maestra de \u00c9mile Zola. Cortesana de una gran belleza provocadora, Nana destruye a todos los que la desean. Encarna las debilidades de una sociedad corrompida, sedienta de goces, que va a caer en el drama de la guerra. Esta pintura audaz y \u00e1cida del desenfreno le vali\u00f3 a Zola ser acusado [&hellip;]<\/p>\n","protected":false},"featured_media":3438,"template":"","meta":[],"product_brand":[640],"product_cat":[46],"product_tag":[],"class_list":{"0":"post-3437","1":"product","2":"type-product","3":"status-publish","4":"has-post-thumbnail","6":"product_brand-emile-zola","7":"product_cat-poesia","9":"first","10":"instock","11":"purchasable","12":"product-type-simple"},"featured_image_urls_v2":{"full":["https:\/\/ajupe.com.uy\/web\/wp-content\/uploads\/2016\/04\/p-3437-Nana_4e7a53398eb1b.jpg",340,530,false],"thumbnail":["https:\/\/ajupe.com.uy\/web\/wp-content\/uploads\/2016\/04\/p-3437-Nana_4e7a53398eb1b.jpg",150,150,true],"medium":["https:\/\/ajupe.com.uy\/web\/wp-content\/uploads\/2016\/04\/p-3437-Nana_4e7a53398eb1b.jpg",300,214,true],"medium_large":["https:\/\/ajupe.com.uy\/web\/wp-content\/uploads\/2016\/04\/p-3437-Nana_4e7a53398eb1b.jpg",340,530,false],"large":["https:\/\/ajupe.com.uy\/web\/wp-content\/uploads\/2016\/04\/p-3437-Nana_4e7a53398eb1b.jpg",340,530,false],"1536x1536":["https:\/\/ajupe.com.uy\/web\/wp-content\/uploads\/2016\/04\/p-3437-Nana_4e7a53398eb1b.jpg",340,530,false],"2048x2048":["https:\/\/ajupe.com.uy\/web\/wp-content\/uploads\/2016\/04\/p-3437-Nana_4e7a53398eb1b.jpg",340,530,false],"woocommerce_archive_thumbnail":["https:\/\/ajupe.com.uy\/web\/wp-content\/uploads\/2016\/04\/p-3437-Nana_4e7a53398eb1b-300x450.jpg",300,450,true],"woocommerce_thumbnail":["https:\/\/ajupe.com.uy\/web\/wp-content\/uploads\/2016\/04\/p-3437-Nana_4e7a53398eb1b-300x300.jpg",300,300,true],"woocommerce_single":["https:\/\/ajupe.com.uy\/web\/wp-content\/uploads\/2016\/04\/p-3437-Nana_4e7a53398eb1b-300x468.jpg",300,468,true],"woocommerce_gallery_thumbnail":["https:\/\/ajupe.com.uy\/web\/wp-content\/uploads\/2016\/04\/p-3437-Nana_4e7a53398eb1b-100x100.jpg",100,100,true]},"post_excerpt_stackable_v2":"<p>Nana es la obra maestra de \u00c9mile Zola. Cortesana de una gran belleza provocadora, Nana destruye a todos los que la desean. Encarna las debilidades de una sociedad corrompida, sedienta de goces, que va a caer en el drama de la guerra. Esta pintura audaz y \u00e1cida del desenfreno le vali\u00f3 a Zola ser acusado de obscenidad, pero confirm\u00f3 su talento de novelista.<\/p>\n","category_list_v2":"","author_info_v2":{"name":"","url":""},"comments_num_v2":"0 comentarios","_links":{"self":[{"href":"https:\/\/ajupe.com.uy\/web\/wp-json\/wp\/v2\/product\/3437","targetHints":{"allow":["GET"]}}],"collection":[{"href":"https:\/\/ajupe.com.uy\/web\/wp-json\/wp\/v2\/product"}],"about":[{"href":"https:\/\/ajupe.com.uy\/web\/wp-json\/wp\/v2\/types\/product"}],"wp:featuredmedia":[{"embeddable":true,"href":"https:\/\/ajupe.com.uy\/web\/wp-json\/wp\/v2\/media\/3438"}],"wp:attachment":[{"href":"https:\/\/ajupe.com.uy\/web\/wp-json\/wp\/v2\/media?parent=3437"}],"wp:term":[{"taxonomy":"product_brand","embeddable":true,"href":"https:\/\/ajupe.com.uy\/web\/wp-json\/wp\/v2\/product_brand?post=3437"},{"taxonomy":"product_cat","embeddable":true,"href":"https:\/\/ajupe.com.uy\/web\/wp-json\/wp\/v2\/product_cat?post=3437"},{"taxonomy":"product_tag","embeddable":true,"href":"https:\/\/ajupe.com.uy\/web\/wp-json\/wp\/v2\/product_tag?post=3437"}],"curies":[{"name":"wp","href":"https:\/\/api.w.org\/{rel}","templated":true}]}}