{"id":3464,"date":"2011-09-21T22:05:05","date_gmt":"2011-09-22T01:05:05","guid":{"rendered":"http:\/\/ajupe.com.uy\/web\/?post_type=product&#038;p=3464"},"modified":"2011-09-21T22:05:05","modified_gmt":"2011-09-22T01:05:05","slug":"pensamientos","status":"publish","type":"product","link":"https:\/\/ajupe.com.uy\/web\/biblioteca\/pensamientos\/","title":{"rendered":"Pensamientos"},"content":{"rendered":"<p>Los pensamientos de Blaise Pascal (1623-1662) fueron originalmente los  fragmentos de una inconclusa Apolog\u00eda de la religi\u00f3n cristiana, y como  tales figuran en la edici\u00f3n de Port-Royal, que data de 1669\/70 y es la  primera cronol\u00f3gicamente y, en orden de importancia, hasta mediados del  siglo pasado. Pascal representa, en la historia del pensamiento y la  literatura franceses, toda la altura moral e intelectual de la doctrina  jansenista de Port-Royal, a la que sirvi\u00f3 con la fuerza y vastedad de su  genio. Traducci\u00f3n de Juan B. Bergua y pr\u00f3logo de Edmundo  Gonz\u00e1lez-Blanco<\/p>\n","protected":false},"excerpt":{"rendered":"<p>Los pensamientos de Blaise Pascal (1623-1662) fueron originalmente los fragmentos de una inconclusa Apolog\u00eda de la religi\u00f3n cristiana, y como tales figuran en la edici\u00f3n de Port-Royal, que data de 1669\/70 y es la primera cronol\u00f3gicamente y, en orden de importancia, hasta mediados del siglo pasado. Pascal representa, en la historia del pensamiento y la [&hellip;]<\/p>\n","protected":false},"featured_media":3465,"template":"","meta":[],"product_brand":[581],"product_cat":[35],"product_tag":[],"class_list":{"0":"post-3464","1":"product","2":"type-product","3":"status-publish","4":"has-post-thumbnail","6":"product_brand-blaise-pascal","7":"product_cat-filosofico","9":"first","10":"instock","11":"purchasable","12":"product-type-simple"},"featured_image_urls_v2":{"full":["https:\/\/ajupe.com.uy\/web\/wp-content\/uploads\/2016\/04\/p-3464-Pensamientos_4e7a5f91ed394.jpg",1181,1812,false],"thumbnail":["https:\/\/ajupe.com.uy\/web\/wp-content\/uploads\/2016\/04\/p-3464-Pensamientos_4e7a5f91ed394.jpg",150,150,true],"medium":["https:\/\/ajupe.com.uy\/web\/wp-content\/uploads\/2016\/04\/p-3464-Pensamientos_4e7a5f91ed394.jpg",300,214,true],"medium_large":["https:\/\/ajupe.com.uy\/web\/wp-content\/uploads\/2016\/04\/p-3464-Pensamientos_4e7a5f91ed394.jpg",768,1178,false],"large":["https:\/\/ajupe.com.uy\/web\/wp-content\/uploads\/2016\/04\/p-3464-Pensamientos_4e7a5f91ed394.jpg",667,1024,false],"1536x1536":["https:\/\/ajupe.com.uy\/web\/wp-content\/uploads\/2016\/04\/p-3464-Pensamientos_4e7a5f91ed394.jpg",1001,1536,false],"2048x2048":["https:\/\/ajupe.com.uy\/web\/wp-content\/uploads\/2016\/04\/p-3464-Pensamientos_4e7a5f91ed394.jpg",1181,1812,false],"woocommerce_archive_thumbnail":["https:\/\/ajupe.com.uy\/web\/wp-content\/uploads\/2016\/04\/p-3464-Pensamientos_4e7a5f91ed394-300x450.jpg",300,450,true],"woocommerce_thumbnail":["https:\/\/ajupe.com.uy\/web\/wp-content\/uploads\/2016\/04\/p-3464-Pensamientos_4e7a5f91ed394-300x300.jpg",300,300,true],"woocommerce_single":["https:\/\/ajupe.com.uy\/web\/wp-content\/uploads\/2016\/04\/p-3464-Pensamientos_4e7a5f91ed394-300x460.jpg",300,460,true],"woocommerce_gallery_thumbnail":["https:\/\/ajupe.com.uy\/web\/wp-content\/uploads\/2016\/04\/p-3464-Pensamientos_4e7a5f91ed394-100x100.jpg",100,100,true]},"post_excerpt_stackable_v2":"<p>Los pensamientos de Blaise Pascal (1623-1662) fueron originalmente los fragmentos de una inconclusa Apolog\u00eda de la religi\u00f3n cristiana, y como tales figuran en la edici\u00f3n de Port-Royal, que data de 1669\/70 y es la primera cronol\u00f3gicamente y, en orden de importancia, hasta mediados del siglo pasado. Pascal representa, en la historia del pensamiento y la literatura franceses, toda la altura moral e intelectual de la doctrina jansenista de Port-Royal, a la que sirvi\u00f3 con la fuerza y vastedad de su genio. Traducci\u00f3n de Juan B. Bergua y pr\u00f3logo de Edmundo Gonz\u00e1lez-Blanco<\/p>\n","category_list_v2":"","author_info_v2":{"name":"","url":""},"comments_num_v2":"0 comentarios","_links":{"self":[{"href":"https:\/\/ajupe.com.uy\/web\/wp-json\/wp\/v2\/product\/3464","targetHints":{"allow":["GET"]}}],"collection":[{"href":"https:\/\/ajupe.com.uy\/web\/wp-json\/wp\/v2\/product"}],"about":[{"href":"https:\/\/ajupe.com.uy\/web\/wp-json\/wp\/v2\/types\/product"}],"wp:featuredmedia":[{"embeddable":true,"href":"https:\/\/ajupe.com.uy\/web\/wp-json\/wp\/v2\/media\/3465"}],"wp:attachment":[{"href":"https:\/\/ajupe.com.uy\/web\/wp-json\/wp\/v2\/media?parent=3464"}],"wp:term":[{"taxonomy":"product_brand","embeddable":true,"href":"https:\/\/ajupe.com.uy\/web\/wp-json\/wp\/v2\/product_brand?post=3464"},{"taxonomy":"product_cat","embeddable":true,"href":"https:\/\/ajupe.com.uy\/web\/wp-json\/wp\/v2\/product_cat?post=3464"},{"taxonomy":"product_tag","embeddable":true,"href":"https:\/\/ajupe.com.uy\/web\/wp-json\/wp\/v2\/product_tag?post=3464"}],"curies":[{"name":"wp","href":"https:\/\/api.w.org\/{rel}","templated":true}]}}