{"id":3488,"date":"2011-09-22T19:52:04","date_gmt":"2011-09-22T22:52:04","guid":{"rendered":"http:\/\/ajupe.com.uy\/web\/?post_type=product&#038;p=3488"},"modified":"2011-09-22T19:52:04","modified_gmt":"2011-09-22T22:52:04","slug":"principios-matematicos-de-la-filosofia-natural","status":"publish","type":"product","link":"https:\/\/ajupe.com.uy\/web\/biblioteca\/principios-matematicos-de-la-filosofia-natural\/","title":{"rendered":"Principios Matematicos de la Filosofia Natural"},"content":{"rendered":"<p><span id=\"ctl00_ContentPlaceHolder1_lblResena\">Recogiendo las  aportaciones de Kepler y Galileo, Isaac Newton consigue por vez primera  construir un modelo matem\u00e1tico que explica el movimiento tanto de los  cuerpos celestes como de los terrestres. Esta edici\u00f3n de dos vol\u00famenes  de la obra que sent\u00f3 las bases de la teor\u00eda f\u00edsica moderna est\u00e1  prologada, traducida y anotada por Eloy Rada.<\/span><\/p>\n","protected":false},"excerpt":{"rendered":"<p>Recogiendo las aportaciones de Kepler y Galileo, Isaac Newton consigue por vez primera construir un modelo matem\u00e1tico que explica el movimiento tanto de los cuerpos celestes como de los terrestres. Esta edici\u00f3n de dos vol\u00famenes de la obra que sent\u00f3 las bases de la teor\u00eda f\u00edsica moderna est\u00e1 prologada, traducida y anotada por Eloy Rada.<\/p>\n","protected":false},"featured_media":3489,"template":"","meta":[],"product_brand":[704],"product_cat":[47],"product_tag":[],"class_list":{"0":"post-3488","1":"product","2":"type-product","3":"status-publish","4":"has-post-thumbnail","6":"product_brand-isaac-newton","7":"product_cat-ensayo","9":"first","10":"instock","11":"purchasable","12":"product-type-simple"},"featured_image_urls_v2":{"full":["https:\/\/ajupe.com.uy\/web\/wp-content\/uploads\/2016\/04\/p-3488-Principios_Matem_4e7b91e4e43b6.jpg",144,222,false],"thumbnail":["https:\/\/ajupe.com.uy\/web\/wp-content\/uploads\/2016\/04\/p-3488-Principios_Matem_4e7b91e4e43b6.jpg",150,150,true],"medium":["https:\/\/ajupe.com.uy\/web\/wp-content\/uploads\/2016\/04\/p-3488-Principios_Matem_4e7b91e4e43b6.jpg",300,214,true],"medium_large":["https:\/\/ajupe.com.uy\/web\/wp-content\/uploads\/2016\/04\/p-3488-Principios_Matem_4e7b91e4e43b6.jpg",144,222,false],"large":["https:\/\/ajupe.com.uy\/web\/wp-content\/uploads\/2016\/04\/p-3488-Principios_Matem_4e7b91e4e43b6.jpg",144,222,false],"1536x1536":["https:\/\/ajupe.com.uy\/web\/wp-content\/uploads\/2016\/04\/p-3488-Principios_Matem_4e7b91e4e43b6.jpg",144,222,false],"2048x2048":["https:\/\/ajupe.com.uy\/web\/wp-content\/uploads\/2016\/04\/p-3488-Principios_Matem_4e7b91e4e43b6.jpg",144,222,false],"woocommerce_archive_thumbnail":["https:\/\/ajupe.com.uy\/web\/wp-content\/uploads\/2016\/04\/p-3488-Principios_Matem_4e7b91e4e43b6.jpg",144,222,false],"woocommerce_thumbnail":["https:\/\/ajupe.com.uy\/web\/wp-content\/uploads\/2016\/04\/p-3488-Principios_Matem_4e7b91e4e43b6.jpg",144,222,false],"woocommerce_single":["https:\/\/ajupe.com.uy\/web\/wp-content\/uploads\/2016\/04\/p-3488-Principios_Matem_4e7b91e4e43b6.jpg",144,222,false],"woocommerce_gallery_thumbnail":["https:\/\/ajupe.com.uy\/web\/wp-content\/uploads\/2016\/04\/p-3488-Principios_Matem_4e7b91e4e43b6-100x100.jpg",100,100,true]},"post_excerpt_stackable_v2":"<p>Recogiendo las aportaciones de Kepler y Galileo, Isaac Newton consigue por vez primera construir un modelo matem\u00e1tico que explica el movimiento tanto de los cuerpos celestes como de los terrestres. Esta edici\u00f3n de dos vol\u00famenes de la obra que sent\u00f3 las bases de la teor\u00eda f\u00edsica moderna est\u00e1 prologada, traducida y anotada por Eloy Rada.<\/p>\n","category_list_v2":"","author_info_v2":{"name":"","url":""},"comments_num_v2":"0 comentarios","_links":{"self":[{"href":"https:\/\/ajupe.com.uy\/web\/wp-json\/wp\/v2\/product\/3488","targetHints":{"allow":["GET"]}}],"collection":[{"href":"https:\/\/ajupe.com.uy\/web\/wp-json\/wp\/v2\/product"}],"about":[{"href":"https:\/\/ajupe.com.uy\/web\/wp-json\/wp\/v2\/types\/product"}],"wp:featuredmedia":[{"embeddable":true,"href":"https:\/\/ajupe.com.uy\/web\/wp-json\/wp\/v2\/media\/3489"}],"wp:attachment":[{"href":"https:\/\/ajupe.com.uy\/web\/wp-json\/wp\/v2\/media?parent=3488"}],"wp:term":[{"taxonomy":"product_brand","embeddable":true,"href":"https:\/\/ajupe.com.uy\/web\/wp-json\/wp\/v2\/product_brand?post=3488"},{"taxonomy":"product_cat","embeddable":true,"href":"https:\/\/ajupe.com.uy\/web\/wp-json\/wp\/v2\/product_cat?post=3488"},{"taxonomy":"product_tag","embeddable":true,"href":"https:\/\/ajupe.com.uy\/web\/wp-json\/wp\/v2\/product_tag?post=3488"}],"curies":[{"name":"wp","href":"https:\/\/api.w.org\/{rel}","templated":true}]}}