{"id":3566,"date":"2011-09-23T21:58:06","date_gmt":"2011-09-24T00:58:06","guid":{"rendered":"http:\/\/ajupe.com.uy\/web\/?post_type=product&#038;p=3566"},"modified":"2011-09-28T18:05:14","modified_gmt":"2011-09-28T21:05:14","slug":"matilde-la-mujer-de-batlle-2","status":"publish","type":"product","link":"https:\/\/ajupe.com.uy\/web\/biblioteca\/matilde-la-mujer-de-batlle-2\/","title":{"rendered":"Matilde, la Mujer de Batlle"},"content":{"rendered":"<p><span>Matilde Pacheco de Batlle y Ord\u00f3\u00f1ez, nacida en la  Argentina, pasar\u00e1 sus a\u00f1os de infancia en la estancia entrerriana de  Justo Jos\u00e9 de Urquiza, se casar\u00e1 sin mucha convicci\u00f3n y vivir\u00e1 los  sinsabores del abandono, padecer\u00e1 el profundo dolor que ocasionaba la  muerte de los hijos y desafiar\u00e1 a todos cuantos la acusen de libertina e  inmoral. Matilde llegar\u00e1 a la Casa de Gobierno en Montevideo  acompa\u00f1ando a un hombre que dej\u00f3 su impronta en la historia nacional: al  lado de \u00abDon Pepe Batlle\u00bb hizo de su vida privada y de la vida p\u00fablica  uruguaya un \u00e9pica digna de conocer. As\u00ed nos los revela Mercedes Vigil al  recatar a un personaje excepcional, porque contar la historia de ese  \u00abpeque\u00f1o gran pa\u00eds\u00bb -como expresa su autora- es narrar la vida de dos  seres que lucharon por defender el amor m\u00e1s all\u00e1 de los impedimentos  sociales; pero tambi\u00e9n es la historia de quienes hicieron posible un  Uruguay moderno, libre y soberano.<\/span><\/p>\n","protected":false},"excerpt":{"rendered":"<p>Matilde Pacheco de Batlle y Ord\u00f3\u00f1ez, nacida en la Argentina, pasar\u00e1 sus a\u00f1os de infancia en la estancia entrerriana de Justo Jos\u00e9 de Urquiza, se casar\u00e1 sin mucha convicci\u00f3n y vivir\u00e1 los sinsabores del abandono, padecer\u00e1 el profundo dolor que ocasionaba la muerte de los hijos y desafiar\u00e1 a todos cuantos la acusen de libertina [&hellip;]<\/p>\n","protected":false},"featured_media":3567,"template":"","meta":[],"product_brand":[292],"product_cat":[44,45],"product_tag":[],"class_list":{"0":"post-3566","1":"product","2":"type-product","3":"status-publish","4":"has-post-thumbnail","6":"product_brand-mercedes-vigil","7":"product_cat-biografico","8":"product_cat-uruguayo","10":"first","11":"instock","12":"purchasable","13":"product-type-simple"},"featured_image_urls_v2":{"full":["https:\/\/ajupe.com.uy\/web\/wp-content\/uploads\/2016\/04\/p-3566-Matilde__la_Muje_4e7d00ee3f927.jpg",200,315,false],"thumbnail":["https:\/\/ajupe.com.uy\/web\/wp-content\/uploads\/2016\/04\/p-3566-Matilde__la_Muje_4e7d00ee3f927.jpg",150,150,true],"medium":["https:\/\/ajupe.com.uy\/web\/wp-content\/uploads\/2016\/04\/p-3566-Matilde__la_Muje_4e7d00ee3f927.jpg",300,214,true],"medium_large":["https:\/\/ajupe.com.uy\/web\/wp-content\/uploads\/2016\/04\/p-3566-Matilde__la_Muje_4e7d00ee3f927.jpg",200,315,false],"large":["https:\/\/ajupe.com.uy\/web\/wp-content\/uploads\/2016\/04\/p-3566-Matilde__la_Muje_4e7d00ee3f927.jpg",200,315,false],"1536x1536":["https:\/\/ajupe.com.uy\/web\/wp-content\/uploads\/2016\/04\/p-3566-Matilde__la_Muje_4e7d00ee3f927.jpg",200,315,false],"2048x2048":["https:\/\/ajupe.com.uy\/web\/wp-content\/uploads\/2016\/04\/p-3566-Matilde__la_Muje_4e7d00ee3f927.jpg",200,315,false],"woocommerce_archive_thumbnail":["https:\/\/ajupe.com.uy\/web\/wp-content\/uploads\/2016\/04\/p-3566-Matilde__la_Muje_4e7d00ee3f927.jpg",200,315,false],"woocommerce_thumbnail":["https:\/\/ajupe.com.uy\/web\/wp-content\/uploads\/2016\/04\/p-3566-Matilde__la_Muje_4e7d00ee3f927-200x300.jpg",200,300,true],"woocommerce_single":["https:\/\/ajupe.com.uy\/web\/wp-content\/uploads\/2016\/04\/p-3566-Matilde__la_Muje_4e7d00ee3f927.jpg",200,315,false],"woocommerce_gallery_thumbnail":["https:\/\/ajupe.com.uy\/web\/wp-content\/uploads\/2016\/04\/p-3566-Matilde__la_Muje_4e7d00ee3f927-100x100.jpg",100,100,true]},"post_excerpt_stackable_v2":"<p>Matilde Pacheco de Batlle y Ord\u00f3\u00f1ez, nacida en la Argentina, pasar\u00e1 sus a\u00f1os de infancia en la estancia entrerriana de Justo Jos\u00e9 de Urquiza, se casar\u00e1 sin mucha convicci\u00f3n y vivir\u00e1 los sinsabores del abandono, padecer\u00e1 el profundo dolor que ocasionaba la muerte de los hijos y desafiar\u00e1 a todos cuantos la acusen de libertina e inmoral. Matilde llegar\u00e1 a la Casa de Gobierno en Montevideo acompa\u00f1ando a un hombre que dej\u00f3 su impronta en la historia nacional: al lado de \u00abDon Pepe Batlle\u00bb hizo de su vida privada y de la vida p\u00fablica uruguaya un \u00e9pica digna de conocer.&hellip;<\/p>\n","category_list_v2":"","author_info_v2":{"name":"","url":""},"comments_num_v2":"0 comentarios","_links":{"self":[{"href":"https:\/\/ajupe.com.uy\/web\/wp-json\/wp\/v2\/product\/3566","targetHints":{"allow":["GET"]}}],"collection":[{"href":"https:\/\/ajupe.com.uy\/web\/wp-json\/wp\/v2\/product"}],"about":[{"href":"https:\/\/ajupe.com.uy\/web\/wp-json\/wp\/v2\/types\/product"}],"wp:featuredmedia":[{"embeddable":true,"href":"https:\/\/ajupe.com.uy\/web\/wp-json\/wp\/v2\/media\/3567"}],"wp:attachment":[{"href":"https:\/\/ajupe.com.uy\/web\/wp-json\/wp\/v2\/media?parent=3566"}],"wp:term":[{"taxonomy":"product_brand","embeddable":true,"href":"https:\/\/ajupe.com.uy\/web\/wp-json\/wp\/v2\/product_brand?post=3566"},{"taxonomy":"product_cat","embeddable":true,"href":"https:\/\/ajupe.com.uy\/web\/wp-json\/wp\/v2\/product_cat?post=3566"},{"taxonomy":"product_tag","embeddable":true,"href":"https:\/\/ajupe.com.uy\/web\/wp-json\/wp\/v2\/product_tag?post=3566"}],"curies":[{"name":"wp","href":"https:\/\/api.w.org\/{rel}","templated":true}]}}

<p><span>Matilde Pacheco de Batlle y Ordóñez, nacida en la  Argentina, pasará sus años de infancia en la estancia entrerriana de  Justo José de Urquiza, se casará sin mucha convicción y vivirá los  sinsabores del abandono, padecerá el profundo dolor que ocasionaba la  muerte de los hijos y desafiará a todos cuantos la acusen de libertina e  inmoral. Matilde llegará a la Casa de Gobierno en Montevideo  acompañando a un hombre que dejó su impronta en la historia nacional: al  lado de «Don Pepe Batlle» hizo de su vida privada y de la vida pública  uruguaya un épica digna de conocer. Así nos los revela Mercedes Vigil al  recatar a un personaje excepcional, porque contar la historia de ese  «pequeño gran país» -como expresa su autora- es narrar la vida de dos  seres que lucharon por defender el amor más allá de los impedimentos  sociales; pero también es la historia de quienes hicieron posible un  Uruguay moderno, libre y soberano.</span></p>

<p>Matilde Pacheco de Batlle y Ordóñez, nacida en la Argentina, pasará sus años de infancia en la estancia entrerriana de Justo José de Urquiza, se casará sin mucha convicción y vivirá los sinsabores del abandono, padecerá el profundo dolor que ocasionaba la muerte de los hijos y desafiará a todos cuantos la acusen de libertina [&hellip;]</p>

<p>Matilde Pacheco de Batlle y Ordóñez, nacida en la Argentina, pasará sus años de infancia en la estancia entrerriana de Justo José de Urquiza, se casará sin mucha convicción y vivirá los sinsabores del abandono, padecerá el profundo dolor que ocasionaba la muerte de los hijos y desafiará a todos cuantos la acusen de libertina e inmoral. Matilde llegará a la Casa de Gobierno en Montevideo acompañando a un hombre que dejó su impronta en la historia nacional: al lado de «Don Pepe Batlle» hizo de su vida privada y de la vida pública uruguaya un épica digna de conocer.&hellip;</p>
