{"id":3572,"date":"2011-09-23T22:08:03","date_gmt":"2011-09-24T01:08:03","guid":{"rendered":"http:\/\/ajupe.com.uy\/web\/?post_type=product&#038;p=3572"},"modified":"2011-09-28T18:03:25","modified_gmt":"2011-09-28T21:03:25","slug":"en-las-huellas-de-la-providencia","status":"publish","type":"product","link":"https:\/\/ajupe.com.uy\/web\/biblioteca\/en-las-huellas-de-la-providencia\/","title":{"rendered":"En las Huellas de la Providencia"},"content":{"rendered":"<p>Grabadora en mano, el pastor Peverini entrevist\u00f3 a  muchos l\u00edderes que eran hijos de los pioneros, y protagonistas ellos  mismos de la obra de la iglesia. Adem\u00e1s, consult\u00f3 numerosas fuentes  publicadas e in\u00e9ditas, tanto en castellano, como en ingl\u00e9s, a fin de dar  un panorama completo de la forma maravillosa en que la Providencia  dirigi\u00f3 los pasos de los pioneros y de cuantos los siguieron.<\/p>\n<p> Sin pretender ser una historia cient\u00edficamente realizada, registra  hechos olvidados o desconocidos de los primeros tiempos de la obra  adventista en Sudam\u00e9rica. Las an\u00e9cdotas que narra en su estilo ameno  muestran el sacrificio y el esfuerzo que generosamente entregaron a la  obra que hab\u00edan elegido aquellos intr\u00e9pidos h\u00e9roes que se abrieron paso  no s\u00f3lo en la selva sino tambi\u00e9n en la oscuridad espiritual de las  grandes ciudades del continente. Las dificultades que tuvieron que  afrontar desalentar\u00edan a muchos y pusieron a prueba su determinaci\u00f3n y  confianza en Dios.<\/p>\n<p> El pastor Peverini fue un querido l\u00edder de la iglesia en todo el  continente, y falleci\u00f3 antes de ser impreso el fruto de su trabajo. El  descansa, pero sus obras permanecen.<\/p>\n","protected":false},"excerpt":{"rendered":"<p>Grabadora en mano, el pastor Peverini entrevist\u00f3 a muchos l\u00edderes que eran hijos de los pioneros, y protagonistas ellos mismos de la obra de la iglesia. Adem\u00e1s, consult\u00f3 numerosas fuentes publicadas e in\u00e9ditas, tanto en castellano, como en ingl\u00e9s, a fin de dar un panorama completo de la forma maravillosa en que la Providencia dirigi\u00f3 [&hellip;]<\/p>\n","protected":false},"featured_media":3573,"template":"","meta":[],"product_brand":[684],"product_cat":[32],"product_tag":[],"class_list":{"0":"post-3572","1":"product","2":"type-product","3":"status-publish","4":"has-post-thumbnail","6":"product_brand-hector-peverini","7":"product_cat-autoayuda","9":"first","10":"instock","11":"purchasable","12":"product-type-simple"},"featured_image_urls_v2":{"full":["https:\/\/ajupe.com.uy\/web\/wp-content\/uploads\/2016\/04\/p-3572-En_las_Huellas_d_4e7d03430702c.jpg",205,300,false],"thumbnail":["https:\/\/ajupe.com.uy\/web\/wp-content\/uploads\/2016\/04\/p-3572-En_las_Huellas_d_4e7d03430702c.jpg",150,150,true],"medium":["https:\/\/ajupe.com.uy\/web\/wp-content\/uploads\/2016\/04\/p-3572-En_las_Huellas_d_4e7d03430702c.jpg",300,214,true],"medium_large":["https:\/\/ajupe.com.uy\/web\/wp-content\/uploads\/2016\/04\/p-3572-En_las_Huellas_d_4e7d03430702c.jpg",205,300,false],"large":["https:\/\/ajupe.com.uy\/web\/wp-content\/uploads\/2016\/04\/p-3572-En_las_Huellas_d_4e7d03430702c.jpg",205,300,false],"1536x1536":["https:\/\/ajupe.com.uy\/web\/wp-content\/uploads\/2016\/04\/p-3572-En_las_Huellas_d_4e7d03430702c.jpg",205,300,false],"2048x2048":["https:\/\/ajupe.com.uy\/web\/wp-content\/uploads\/2016\/04\/p-3572-En_las_Huellas_d_4e7d03430702c.jpg",205,300,false],"woocommerce_archive_thumbnail":["https:\/\/ajupe.com.uy\/web\/wp-content\/uploads\/2016\/04\/p-3572-En_las_Huellas_d_4e7d03430702c.jpg",205,300,false],"woocommerce_thumbnail":["https:\/\/ajupe.com.uy\/web\/wp-content\/uploads\/2016\/04\/p-3572-En_las_Huellas_d_4e7d03430702c.jpg",205,300,false],"woocommerce_single":["https:\/\/ajupe.com.uy\/web\/wp-content\/uploads\/2016\/04\/p-3572-En_las_Huellas_d_4e7d03430702c.jpg",205,300,false],"woocommerce_gallery_thumbnail":["https:\/\/ajupe.com.uy\/web\/wp-content\/uploads\/2016\/04\/p-3572-En_las_Huellas_d_4e7d03430702c-100x100.jpg",100,100,true]},"post_excerpt_stackable_v2":"<p>Grabadora en mano, el pastor Peverini entrevist\u00f3 a muchos l\u00edderes que eran hijos de los pioneros, y protagonistas ellos mismos de la obra de la iglesia. Adem\u00e1s, consult\u00f3 numerosas fuentes publicadas e in\u00e9ditas, tanto en castellano, como en ingl\u00e9s, a fin de dar un panorama completo de la forma maravillosa en que la Providencia dirigi\u00f3 los pasos de los pioneros y de cuantos los siguieron. Sin pretender ser una historia cient\u00edficamente realizada, registra hechos olvidados o desconocidos de los primeros tiempos de la obra adventista en Sudam\u00e9rica. Las an\u00e9cdotas que narra en su estilo ameno muestran el sacrificio y el&hellip;<\/p>\n","category_list_v2":"","author_info_v2":{"name":"","url":""},"comments_num_v2":"0 comentarios","_links":{"self":[{"href":"https:\/\/ajupe.com.uy\/web\/wp-json\/wp\/v2\/product\/3572","targetHints":{"allow":["GET"]}}],"collection":[{"href":"https:\/\/ajupe.com.uy\/web\/wp-json\/wp\/v2\/product"}],"about":[{"href":"https:\/\/ajupe.com.uy\/web\/wp-json\/wp\/v2\/types\/product"}],"wp:featuredmedia":[{"embeddable":true,"href":"https:\/\/ajupe.com.uy\/web\/wp-json\/wp\/v2\/media\/3573"}],"wp:attachment":[{"href":"https:\/\/ajupe.com.uy\/web\/wp-json\/wp\/v2\/media?parent=3572"}],"wp:term":[{"taxonomy":"product_brand","embeddable":true,"href":"https:\/\/ajupe.com.uy\/web\/wp-json\/wp\/v2\/product_brand?post=3572"},{"taxonomy":"product_cat","embeddable":true,"href":"https:\/\/ajupe.com.uy\/web\/wp-json\/wp\/v2\/product_cat?post=3572"},{"taxonomy":"product_tag","embeddable":true,"href":"https:\/\/ajupe.com.uy\/web\/wp-json\/wp\/v2\/product_tag?post=3572"}],"curies":[{"name":"wp","href":"https:\/\/api.w.org\/{rel}","templated":true}]}}