{"id":3608,"date":"2011-09-23T23:19:40","date_gmt":"2011-09-24T02:19:40","guid":{"rendered":"http:\/\/ajupe.com.uy\/web\/?post_type=product&#038;p=3608"},"modified":"2011-09-28T17:55:17","modified_gmt":"2011-09-28T20:55:17","slug":"paginas-de-arena","status":"publish","type":"product","link":"https:\/\/ajupe.com.uy\/web\/biblioteca\/paginas-de-arena\/","title":{"rendered":"Paginas de Arena"},"content":{"rendered":"<p><span>Este libro narra la odisea de un joven uruguayo en  el Sahara y demuestra que cruzar el gran desierto no es solamente un  privilegio de rom\u00e1nticas caravanas de beduinos. Estos veloces apuntes  -bosquejados desde los sitios m\u00e1s inveros\u00edmiles- combinan aventuras que  ponen a prueba la entereza del narrador. El viajero toma contacto,  mientras se interna en vastas extensiones del Sahara, con tradiciones y  costumbres de pueblos escasamente influenciados por la civilizaci\u00f3n  moderna. Estos relatos, por momentos \u00e9picos y por momentos po\u00e9ticos,  rememoran desde una boda tribal donde el narrador es el novio hasta las  andanzas de un cami\u00f3n abandonado a su suerte en pos de cruzar la  frontera -cerrada y minada- de Mauritania a Marruecos. Nos ense\u00f1a c\u00f3mo  los ancianos de las aldeas dogonas en Mal\u00ed predicen el futuro o cu\u00e1les  son las vicisitudes por las que se atraviesa en un aeropuerto africano  en v\u00edsperas de una guerra civil. El autor, asimismo, reflexiona sobre el  acto de viajar como el sentido de la vida: \u00abcualquiera sea el viaje  siempre nos gobierna el ansia de recorrer la desmesura y abolir la  condena del desarraigo\u00bb.<\/span><\/p>\n","protected":false},"excerpt":{"rendered":"<p>Este libro narra la odisea de un joven uruguayo en el Sahara y demuestra que cruzar el gran desierto no es solamente un privilegio de rom\u00e1nticas caravanas de beduinos. Estos veloces apuntes -bosquejados desde los sitios m\u00e1s inveros\u00edmiles- combinan aventuras que ponen a prueba la entereza del narrador. El viajero toma contacto, mientras se interna [&hellip;]<\/p>\n","protected":false},"featured_media":3609,"template":"","meta":[],"product_brand":[844],"product_cat":[42],"product_tag":[],"class_list":{"0":"post-3608","1":"product","2":"type-product","3":"status-publish","4":"has-post-thumbnail","6":"product_brand-mauricio-bergstein-2","7":"product_cat-aventura","9":"first","10":"instock","11":"purchasable","12":"product-type-simple"},"featured_image_urls_v2":{"full":["https:\/\/ajupe.com.uy\/web\/wp-content\/uploads\/2016\/04\/p-3608-Paginas_de_Arena_4e7d140ce0dc9.jpg",80,106,false],"thumbnail":["https:\/\/ajupe.com.uy\/web\/wp-content\/uploads\/2016\/04\/p-3608-Paginas_de_Arena_4e7d140ce0dc9.jpg",150,150,true],"medium":["https:\/\/ajupe.com.uy\/web\/wp-content\/uploads\/2016\/04\/p-3608-Paginas_de_Arena_4e7d140ce0dc9.jpg",300,214,true],"medium_large":["https:\/\/ajupe.com.uy\/web\/wp-content\/uploads\/2016\/04\/p-3608-Paginas_de_Arena_4e7d140ce0dc9.jpg",80,106,false],"large":["https:\/\/ajupe.com.uy\/web\/wp-content\/uploads\/2016\/04\/p-3608-Paginas_de_Arena_4e7d140ce0dc9.jpg",80,106,false],"1536x1536":["https:\/\/ajupe.com.uy\/web\/wp-content\/uploads\/2016\/04\/p-3608-Paginas_de_Arena_4e7d140ce0dc9.jpg",80,106,false],"2048x2048":["https:\/\/ajupe.com.uy\/web\/wp-content\/uploads\/2016\/04\/p-3608-Paginas_de_Arena_4e7d140ce0dc9.jpg",80,106,false],"woocommerce_archive_thumbnail":["https:\/\/ajupe.com.uy\/web\/wp-content\/uploads\/2016\/04\/p-3608-Paginas_de_Arena_4e7d140ce0dc9.jpg",80,106,false],"woocommerce_thumbnail":["https:\/\/ajupe.com.uy\/web\/wp-content\/uploads\/2016\/04\/p-3608-Paginas_de_Arena_4e7d140ce0dc9.jpg",80,106,false],"woocommerce_single":["https:\/\/ajupe.com.uy\/web\/wp-content\/uploads\/2016\/04\/p-3608-Paginas_de_Arena_4e7d140ce0dc9.jpg",80,106,false],"woocommerce_gallery_thumbnail":["https:\/\/ajupe.com.uy\/web\/wp-content\/uploads\/2016\/04\/p-3608-Paginas_de_Arena_4e7d140ce0dc9-80x100.jpg",80,100,true]},"post_excerpt_stackable_v2":"<p>Este libro narra la odisea de un joven uruguayo en el Sahara y demuestra que cruzar el gran desierto no es solamente un privilegio de rom\u00e1nticas caravanas de beduinos. Estos veloces apuntes -bosquejados desde los sitios m\u00e1s inveros\u00edmiles- combinan aventuras que ponen a prueba la entereza del narrador. El viajero toma contacto, mientras se interna en vastas extensiones del Sahara, con tradiciones y costumbres de pueblos escasamente influenciados por la civilizaci\u00f3n moderna. Estos relatos, por momentos \u00e9picos y por momentos po\u00e9ticos, rememoran desde una boda tribal donde el narrador es el novio hasta las andanzas de un cami\u00f3n abandonado a&hellip;<\/p>\n","category_list_v2":"","author_info_v2":{"name":"","url":""},"comments_num_v2":"0 comentarios","_links":{"self":[{"href":"https:\/\/ajupe.com.uy\/web\/wp-json\/wp\/v2\/product\/3608","targetHints":{"allow":["GET"]}}],"collection":[{"href":"https:\/\/ajupe.com.uy\/web\/wp-json\/wp\/v2\/product"}],"about":[{"href":"https:\/\/ajupe.com.uy\/web\/wp-json\/wp\/v2\/types\/product"}],"wp:featuredmedia":[{"embeddable":true,"href":"https:\/\/ajupe.com.uy\/web\/wp-json\/wp\/v2\/media\/3609"}],"wp:attachment":[{"href":"https:\/\/ajupe.com.uy\/web\/wp-json\/wp\/v2\/media?parent=3608"}],"wp:term":[{"taxonomy":"product_brand","embeddable":true,"href":"https:\/\/ajupe.com.uy\/web\/wp-json\/wp\/v2\/product_brand?post=3608"},{"taxonomy":"product_cat","embeddable":true,"href":"https:\/\/ajupe.com.uy\/web\/wp-json\/wp\/v2\/product_cat?post=3608"},{"taxonomy":"product_tag","embeddable":true,"href":"https:\/\/ajupe.com.uy\/web\/wp-json\/wp\/v2\/product_tag?post=3608"}],"curies":[{"name":"wp","href":"https:\/\/api.w.org\/{rel}","templated":true}]}}