{"id":3629,"date":"2011-09-24T00:30:30","date_gmt":"2011-09-24T03:30:30","guid":{"rendered":"http:\/\/ajupe.com.uy\/web\/?post_type=product&#038;p=3629"},"modified":"2011-09-28T17:45:37","modified_gmt":"2011-09-28T20:45:37","slug":"el-oso-y-el-dragon","status":"publish","type":"product","link":"https:\/\/ajupe.com.uy\/web\/biblioteca\/el-oso-y-el-dragon\/","title":{"rendered":"El Oso y El Drag\u00f3n"},"content":{"rendered":"<p>Jack Ryan, el personaje m\u00e1s popular de Tom Clancy, ha sido elegido  recientemente presidente del gobierno y se enfrenta a una crisis mundial  como ninguna de las que hab\u00eda conocido hasta ahora. Ryan descubre que  ser presidente no es nada f\u00e1cil: los problemas nacionales est\u00e1n a la  vuelta de cada esquina, la econom\u00eda asi\u00e1tica hace aguas y en Mosc\u00fa  alguien ha intentado acabar con la vida del presidente de la SVR, la ex  KGB. La situaci\u00f3n ya es lo suficientemente preocupante en Rusia, pero  a\u00fan m\u00e1s preocupante es la posible identidad de los asesinos potenciales.  \u00bfSon enemigos pol\u00edticos, la mafia rusa, ex miembros de la KGB  descontentos o hay en juego algo mucho m\u00e1s peligroso? Mientras los rusos  estudian el caso y algunos de los investigadores de mayor confianza de  Ryan se dirigen a Mosc\u00fa, ciertas fuerzas en China avanzan con un plan de  proporciones realmente audaces. Hartos de lo que interpretan como  presunci\u00f3n occidental y con el anhelo de forjar su propio destino, han  decidido actuar por cuenta propia. Si alcanzan su objetivo, el mundo tal  como lo conocemos nunca volver\u00e1 a parecer el mismo. Y si fracasan&#8230;  las consecuencias pueden ser inimaginables. Con una mezcla del realismo y  la autenticidad que le caracterizan, una compleja trama, un agud\u00edsimo  suspense y una extraordinaria galer\u00eda de personajes, Tom Clancy se  supera a s\u00ed mismo y eleva a\u00fan m\u00e1s la tensi\u00f3n en esta nueva y monumental  obra.<\/p>\n","protected":false},"excerpt":{"rendered":"<p>Desenlace de la m\u00e1s apasionante novela de Tom Clancy, en donde Jack Ryan se enfrenta desde la presidencia del gobierno a una crisis mundial.<\/p>\n","protected":false},"featured_media":3630,"template":"","meta":[],"product_brand":[95],"product_cat":[30],"product_tag":[],"class_list":{"0":"post-3629","1":"product","2":"type-product","3":"status-publish","4":"has-post-thumbnail","6":"product_brand-tom-clancy","7":"product_cat-suspenso","9":"first","10":"instock","11":"purchasable","12":"product-type-simple"},"featured_image_urls_v2":{"full":["https:\/\/ajupe.com.uy\/web\/wp-content\/uploads\/2016\/04\/p-3629-El_Oso_y_El_Drag_4e7d24a63cd20.jpg",138,138,false],"thumbnail":["https:\/\/ajupe.com.uy\/web\/wp-content\/uploads\/2016\/04\/p-3629-El_Oso_y_El_Drag_4e7d24a63cd20.jpg",150,150,true],"medium":["https:\/\/ajupe.com.uy\/web\/wp-content\/uploads\/2016\/04\/p-3629-El_Oso_y_El_Drag_4e7d24a63cd20.jpg",300,214,true],"medium_large":["https:\/\/ajupe.com.uy\/web\/wp-content\/uploads\/2016\/04\/p-3629-El_Oso_y_El_Drag_4e7d24a63cd20.jpg",138,138,false],"large":["https:\/\/ajupe.com.uy\/web\/wp-content\/uploads\/2016\/04\/p-3629-El_Oso_y_El_Drag_4e7d24a63cd20.jpg",138,138,false],"1536x1536":["https:\/\/ajupe.com.uy\/web\/wp-content\/uploads\/2016\/04\/p-3629-El_Oso_y_El_Drag_4e7d24a63cd20.jpg",138,138,false],"2048x2048":["https:\/\/ajupe.com.uy\/web\/wp-content\/uploads\/2016\/04\/p-3629-El_Oso_y_El_Drag_4e7d24a63cd20.jpg",138,138,false],"woocommerce_archive_thumbnail":["https:\/\/ajupe.com.uy\/web\/wp-content\/uploads\/2016\/04\/p-3629-El_Oso_y_El_Drag_4e7d24a63cd20.jpg",138,138,false],"woocommerce_thumbnail":["https:\/\/ajupe.com.uy\/web\/wp-content\/uploads\/2016\/04\/p-3629-El_Oso_y_El_Drag_4e7d24a63cd20.jpg",138,138,false],"woocommerce_single":["https:\/\/ajupe.com.uy\/web\/wp-content\/uploads\/2016\/04\/p-3629-El_Oso_y_El_Drag_4e7d24a63cd20.jpg",138,138,false],"woocommerce_gallery_thumbnail":["https:\/\/ajupe.com.uy\/web\/wp-content\/uploads\/2016\/04\/p-3629-El_Oso_y_El_Drag_4e7d24a63cd20-100x100.jpg",100,100,true]},"post_excerpt_stackable_v2":"<p>Desenlace de la m\u00e1s apasionante novela de Tom Clancy, en donde Jack Ryan se enfrenta desde la presidencia del gobierno a una crisis mundial.<\/p>\n","category_list_v2":"","author_info_v2":{"name":"","url":""},"comments_num_v2":"0 comentarios","_links":{"self":[{"href":"https:\/\/ajupe.com.uy\/web\/wp-json\/wp\/v2\/product\/3629","targetHints":{"allow":["GET"]}}],"collection":[{"href":"https:\/\/ajupe.com.uy\/web\/wp-json\/wp\/v2\/product"}],"about":[{"href":"https:\/\/ajupe.com.uy\/web\/wp-json\/wp\/v2\/types\/product"}],"wp:featuredmedia":[{"embeddable":true,"href":"https:\/\/ajupe.com.uy\/web\/wp-json\/wp\/v2\/media\/3630"}],"wp:attachment":[{"href":"https:\/\/ajupe.com.uy\/web\/wp-json\/wp\/v2\/media?parent=3629"}],"wp:term":[{"taxonomy":"product_brand","embeddable":true,"href":"https:\/\/ajupe.com.uy\/web\/wp-json\/wp\/v2\/product_brand?post=3629"},{"taxonomy":"product_cat","embeddable":true,"href":"https:\/\/ajupe.com.uy\/web\/wp-json\/wp\/v2\/product_cat?post=3629"},{"taxonomy":"product_tag","embeddable":true,"href":"https:\/\/ajupe.com.uy\/web\/wp-json\/wp\/v2\/product_tag?post=3629"}],"curies":[{"name":"wp","href":"https:\/\/api.w.org\/{rel}","templated":true}]}}