{"id":3710,"date":"2011-09-26T20:57:04","date_gmt":"2011-09-26T23:57:04","guid":{"rendered":"http:\/\/ajupe.com.uy\/web\/?post_type=product&#038;p=3710"},"modified":"2011-09-26T20:57:04","modified_gmt":"2011-09-26T23:57:04","slug":"el-asesino-ciego","status":"publish","type":"product","link":"https:\/\/ajupe.com.uy\/web\/biblioteca\/el-asesino-ciego\/","title":{"rendered":"El asesino ciego"},"content":{"rendered":"<p>Poco despu\u00e9s de que la Segunda Guerra Mundial haya llegado a su fin, un  coche se despe\u00f1a por un puente y fallece una joven llamada Laura. A  pesar de que el tr\u00e1gico suceso se vende a la opini\u00f3n p\u00fablica como un  accidente de tr\u00e1fico dada la importancia del apellido familiar de la  finada, con toda probabilidad se trata de un suicidio. Tiempo despu\u00e9s,  su hermana Iris, rememora la infancia de ambas en la convulsa Canad\u00e1 de  entreguerras y reconstruye la historia de la rica dinast\u00eda a la que  pertenecen, marcada por episodios oscuros y turbios. Dentro de la novela  de Margaret Atwood aparece otra novela escrita por una de las  protagonistas, que a su vez contiene otra narraci\u00f3n.<\/p>\n","protected":false},"excerpt":{"rendered":"<p>Poco despu\u00e9s de que la Segunda Guerra Mundial haya llegado a su fin, un coche se despe\u00f1a por un puente y fallece una joven llamada Laura. A pesar de que el tr\u00e1gico suceso se vende a la opini\u00f3n p\u00fablica como un accidente de tr\u00e1fico dada la importancia del apellido familiar de la finada, con toda [&hellip;]<\/p>\n","protected":false},"featured_media":3711,"template":"","meta":[],"product_brand":[797],"product_cat":[29],"product_tag":[],"class_list":{"0":"post-3710","1":"product","2":"type-product","3":"status-publish","4":"has-post-thumbnail","6":"product_brand-margaret-atwood","7":"product_cat-novela","9":"first","10":"instock","11":"purchasable","12":"product-type-simple"},"featured_image_urls_v2":{"full":["https:\/\/ajupe.com.uy\/web\/wp-content\/uploads\/2016\/04\/p-3710-El_asesino_ciego_4e80e720a54dd.jpg",160,225,false],"thumbnail":["https:\/\/ajupe.com.uy\/web\/wp-content\/uploads\/2016\/04\/p-3710-El_asesino_ciego_4e80e720a54dd.jpg",150,150,true],"medium":["https:\/\/ajupe.com.uy\/web\/wp-content\/uploads\/2016\/04\/p-3710-El_asesino_ciego_4e80e720a54dd.jpg",300,214,true],"medium_large":["https:\/\/ajupe.com.uy\/web\/wp-content\/uploads\/2016\/04\/p-3710-El_asesino_ciego_4e80e720a54dd.jpg",160,225,false],"large":["https:\/\/ajupe.com.uy\/web\/wp-content\/uploads\/2016\/04\/p-3710-El_asesino_ciego_4e80e720a54dd.jpg",160,225,false],"1536x1536":["https:\/\/ajupe.com.uy\/web\/wp-content\/uploads\/2016\/04\/p-3710-El_asesino_ciego_4e80e720a54dd.jpg",160,225,false],"2048x2048":["https:\/\/ajupe.com.uy\/web\/wp-content\/uploads\/2016\/04\/p-3710-El_asesino_ciego_4e80e720a54dd.jpg",160,225,false],"woocommerce_archive_thumbnail":["https:\/\/ajupe.com.uy\/web\/wp-content\/uploads\/2016\/04\/p-3710-El_asesino_ciego_4e80e720a54dd.jpg",160,225,false],"woocommerce_thumbnail":["https:\/\/ajupe.com.uy\/web\/wp-content\/uploads\/2016\/04\/p-3710-El_asesino_ciego_4e80e720a54dd.jpg",160,225,false],"woocommerce_single":["https:\/\/ajupe.com.uy\/web\/wp-content\/uploads\/2016\/04\/p-3710-El_asesino_ciego_4e80e720a54dd.jpg",160,225,false],"woocommerce_gallery_thumbnail":["https:\/\/ajupe.com.uy\/web\/wp-content\/uploads\/2016\/04\/p-3710-El_asesino_ciego_4e80e720a54dd-100x100.jpg",100,100,true]},"post_excerpt_stackable_v2":"<p>Poco despu\u00e9s de que la Segunda Guerra Mundial haya llegado a su fin, un coche se despe\u00f1a por un puente y fallece una joven llamada Laura. A pesar de que el tr\u00e1gico suceso se vende a la opini\u00f3n p\u00fablica como un accidente de tr\u00e1fico dada la importancia del apellido familiar de la finada, con toda probabilidad se trata de un suicidio. Tiempo despu\u00e9s, su hermana Iris, rememora la infancia de ambas en la convulsa Canad\u00e1 de entreguerras y reconstruye la historia de la rica dinast\u00eda a la que pertenecen, marcada por episodios oscuros y turbios. Dentro de la novela de&hellip;<\/p>\n","category_list_v2":"","author_info_v2":{"name":"","url":""},"comments_num_v2":"0 comentarios","_links":{"self":[{"href":"https:\/\/ajupe.com.uy\/web\/wp-json\/wp\/v2\/product\/3710","targetHints":{"allow":["GET"]}}],"collection":[{"href":"https:\/\/ajupe.com.uy\/web\/wp-json\/wp\/v2\/product"}],"about":[{"href":"https:\/\/ajupe.com.uy\/web\/wp-json\/wp\/v2\/types\/product"}],"wp:featuredmedia":[{"embeddable":true,"href":"https:\/\/ajupe.com.uy\/web\/wp-json\/wp\/v2\/media\/3711"}],"wp:attachment":[{"href":"https:\/\/ajupe.com.uy\/web\/wp-json\/wp\/v2\/media?parent=3710"}],"wp:term":[{"taxonomy":"product_brand","embeddable":true,"href":"https:\/\/ajupe.com.uy\/web\/wp-json\/wp\/v2\/product_brand?post=3710"},{"taxonomy":"product_cat","embeddable":true,"href":"https:\/\/ajupe.com.uy\/web\/wp-json\/wp\/v2\/product_cat?post=3710"},{"taxonomy":"product_tag","embeddable":true,"href":"https:\/\/ajupe.com.uy\/web\/wp-json\/wp\/v2\/product_tag?post=3710"}],"curies":[{"name":"wp","href":"https:\/\/api.w.org\/{rel}","templated":true}]}}