{"id":4013,"date":"2011-09-30T22:41:29","date_gmt":"2011-10-01T01:41:29","guid":{"rendered":"http:\/\/ajupe.com.uy\/web\/?post_type=product&#038;p=4013"},"modified":"2011-09-30T22:41:29","modified_gmt":"2011-10-01T01:41:29","slug":"el-documento-r","status":"publish","type":"product","link":"https:\/\/ajupe.com.uy\/web\/biblioteca\/el-documento-r\/","title":{"rendered":"EL DOCUMENTO R"},"content":{"rendered":"<p>El Documento R, la fant\u00e1stica historia de una conspiraci\u00f3n que pretende derogar la Ley de Derechos de los Estados Unidos y que est\u00e1 dirigida entre bastidores por el FBI.<br \/>\n  En un trasfondo de creciente violencia, Wallace pone frente a frente dos fuerzas opuestas: por una parte, aquellos que tratan de modificar la Constituci\u00f3n para que el gobierno pueda imponer sin miramientos un programa de \u00abley y orden\u00bb; por otra, quienes creen que tras la Enmienda XXXV se oculta un plan de mayor alcance que tiene por fin subvertir el proceso del gobierno constitucional y reemplazarlo por un estado polic\u00edaco.<br \/>\n  Los protagonistas de ambas posturas son Vernon T. Tynan, el poderoso director del FBI, y Christopher Collins, el nuevo secretario de Justicia, hombre ambicioso pero lleno de honradez.<br \/>\n  Las dudas iniciales de Collins se ven reavivadas en el lecho de muerte de su predecesor, quien le pone en guardia contra el \u00abDocumento R\u00bb, clave misteriosa del futuro de toda la naci\u00f3n.<br \/>\n  En su b\u00fasqueda de este vital documento, Collins se ve envuelto en una serie de sucias trampas: un intento de chantaje sexual dirigido contra \u00e9l mismo; la puesta a punto de un \u00abprograma piloto\u00bb en una peque\u00f1a poblaci\u00f3n cuyos habitantes han sido despose\u00eddos de sus derechos constitucionales; dos brutales asesinatos; la revelaci\u00f3n de un esc\u00e1ndalo de su esposa, que hace que \u00e9sta desaparezca&#8230;<br \/>\n  Transcurren d\u00edas angustiosos y se acerca el momento en que, en California, ha de llevarse a cabo la \u00faltima y decisiva votaci\u00f3n para ratificar o rechazar la Enmienda XXXV. El destino del pa\u00eds depende de Collins, de su lucha a muerte con el FBI de Tynan y de su hallazgo del \u00abDocumento R\u00bb.<\/p>\n","protected":false},"excerpt":{"rendered":"<p>Por su fuerza expresiva, por la inteligente contraposici\u00f3n de ficci\u00f3n y realidad, y por la profundidad de los problemas que plantea, esta \u00faltima novela de Irving Wallace ser\u00e1 sin duda una de las obras m\u00e1s discutidas y elogiadas de estos \u00faltimos tiempos.<\/p>\n","protected":false},"featured_media":4014,"template":"","meta":[],"product_brand":[701],"product_cat":[43,37],"product_tag":[],"class_list":{"0":"post-4013","1":"product","2":"type-product","3":"status-publish","4":"has-post-thumbnail","6":"product_brand-irving-wallace","7":"product_cat-espionaje","8":"product_cat-ficcion","10":"first","11":"instock","12":"purchasable","13":"product-type-simple"},"featured_image_urls_v2":{"full":["https:\/\/ajupe.com.uy\/web\/wp-content\/uploads\/2016\/04\/p-4013-EL_DOCUMENTO_R_4e864599b1239.jpg",280,280,false],"thumbnail":["https:\/\/ajupe.com.uy\/web\/wp-content\/uploads\/2016\/04\/p-4013-EL_DOCUMENTO_R_4e864599b1239.jpg",150,150,true],"medium":["https:\/\/ajupe.com.uy\/web\/wp-content\/uploads\/2016\/04\/p-4013-EL_DOCUMENTO_R_4e864599b1239.jpg",300,214,true],"medium_large":["https:\/\/ajupe.com.uy\/web\/wp-content\/uploads\/2016\/04\/p-4013-EL_DOCUMENTO_R_4e864599b1239.jpg",280,280,false],"large":["https:\/\/ajupe.com.uy\/web\/wp-content\/uploads\/2016\/04\/p-4013-EL_DOCUMENTO_R_4e864599b1239.jpg",280,280,false],"1536x1536":["https:\/\/ajupe.com.uy\/web\/wp-content\/uploads\/2016\/04\/p-4013-EL_DOCUMENTO_R_4e864599b1239.jpg",280,280,false],"2048x2048":["https:\/\/ajupe.com.uy\/web\/wp-content\/uploads\/2016\/04\/p-4013-EL_DOCUMENTO_R_4e864599b1239.jpg",280,280,false],"woocommerce_archive_thumbnail":["https:\/\/ajupe.com.uy\/web\/wp-content\/uploads\/2016\/04\/p-4013-EL_DOCUMENTO_R_4e864599b1239.jpg",280,280,false],"woocommerce_thumbnail":["https:\/\/ajupe.com.uy\/web\/wp-content\/uploads\/2016\/04\/p-4013-EL_DOCUMENTO_R_4e864599b1239.jpg",280,280,false],"woocommerce_single":["https:\/\/ajupe.com.uy\/web\/wp-content\/uploads\/2016\/04\/p-4013-EL_DOCUMENTO_R_4e864599b1239.jpg",280,280,false],"woocommerce_gallery_thumbnail":["https:\/\/ajupe.com.uy\/web\/wp-content\/uploads\/2016\/04\/p-4013-EL_DOCUMENTO_R_4e864599b1239-100x100.jpg",100,100,true]},"post_excerpt_stackable_v2":"<p>Por su fuerza expresiva, por la inteligente contraposici\u00f3n de ficci\u00f3n y realidad, y por la profundidad de los problemas que plantea, esta \u00faltima novela de Irving Wallace ser\u00e1 sin duda una de las obras m\u00e1s discutidas y elogiadas de estos \u00faltimos tiempos.<\/p>\n","category_list_v2":"","author_info_v2":{"name":"","url":""},"comments_num_v2":"0 comentarios","_links":{"self":[{"href":"https:\/\/ajupe.com.uy\/web\/wp-json\/wp\/v2\/product\/4013","targetHints":{"allow":["GET"]}}],"collection":[{"href":"https:\/\/ajupe.com.uy\/web\/wp-json\/wp\/v2\/product"}],"about":[{"href":"https:\/\/ajupe.com.uy\/web\/wp-json\/wp\/v2\/types\/product"}],"wp:featuredmedia":[{"embeddable":true,"href":"https:\/\/ajupe.com.uy\/web\/wp-json\/wp\/v2\/media\/4014"}],"wp:attachment":[{"href":"https:\/\/ajupe.com.uy\/web\/wp-json\/wp\/v2\/media?parent=4013"}],"wp:term":[{"taxonomy":"product_brand","embeddable":true,"href":"https:\/\/ajupe.com.uy\/web\/wp-json\/wp\/v2\/product_brand?post=4013"},{"taxonomy":"product_cat","embeddable":true,"href":"https:\/\/ajupe.com.uy\/web\/wp-json\/wp\/v2\/product_cat?post=4013"},{"taxonomy":"product_tag","embeddable":true,"href":"https:\/\/ajupe.com.uy\/web\/wp-json\/wp\/v2\/product_tag?post=4013"}],"curies":[{"name":"wp","href":"https:\/\/api.w.org\/{rel}","templated":true}]}}