{"id":4043,"date":"2011-10-01T00:02:54","date_gmt":"2011-10-01T03:02:54","guid":{"rendered":"http:\/\/ajupe.com.uy\/web\/?post_type=product&#038;p=4043"},"modified":"2011-10-01T00:02:54","modified_gmt":"2011-10-01T03:02:54","slug":"el-lado-profundo-de-la-vida","status":"publish","type":"product","link":"https:\/\/ajupe.com.uy\/web\/biblioteca\/el-lado-profundo-de-la-vida\/","title":{"rendered":"EL LADO PROFUNDO DE LA VIDA"},"content":{"rendered":"<p>Estas y otras muchas preguntas son las que se abordan en el libro, una obra llena de sensibilidad y sabidur\u00eda. En ella, el autor ha logrado aplicar el concepto de excelencia, tan usado en el mundo empresarial, al campo de lo cotidiano: no debemos perseguir el \u00e9xito tan s\u00f3lo en nuestras profesiones, sino tambi\u00e9n en lo \u00edntimo, en lo personal. Para conseguirlo, conviene desarrollar herramientas como el di\u00e1logo interno y el an\u00e1lisis profundo de nuestras reacciones ante las crisis. Tenemos que aspirar al crecimiento permanente, a la b\u00fasqueda continua de la verdad. El lado pronfundo de la vida es una verdadera gu\u00eda de ruta que nos ayudar\u00e1 a recuperar la sonrisa en los momentos m\u00e1s dif\u00edciles.  Aborda un tema universal, ya que las crisis personales afectan a cualquier individuo. De ellas podemos obtener muchas ventajas si sabemos c\u00f3mo aprovecharlas.<\/p>\n","protected":false},"excerpt":{"rendered":"<p>\u00bfQu\u00e9 son las crisis personales?<br \/>\n\u00bfAportan alg\u00fan valor a nuestro desarrollo individual?<br \/>\n\u00bfC\u00f3mo podemos aprender de nuestros fracasos?<\/p>\n","protected":false},"featured_media":4044,"template":"","meta":[],"product_brand":[353],"product_cat":[32],"product_tag":[],"class_list":{"0":"post-4043","1":"product","2":"type-product","3":"status-publish","4":"has-post-thumbnail","6":"product_brand-walter-dresel","7":"product_cat-autoayuda","9":"first","10":"instock","11":"purchasable","12":"product-type-simple"},"featured_image_urls_v2":{"full":["https:\/\/ajupe.com.uy\/web\/wp-content\/uploads\/2016\/04\/p-4043-EL_LADO_PROFUNDO_4e8658aea7320.png",130,203,false],"thumbnail":["https:\/\/ajupe.com.uy\/web\/wp-content\/uploads\/2016\/04\/p-4043-EL_LADO_PROFUNDO_4e8658aea7320.png",150,150,true],"medium":["https:\/\/ajupe.com.uy\/web\/wp-content\/uploads\/2016\/04\/p-4043-EL_LADO_PROFUNDO_4e8658aea7320.png",300,214,true],"medium_large":["https:\/\/ajupe.com.uy\/web\/wp-content\/uploads\/2016\/04\/p-4043-EL_LADO_PROFUNDO_4e8658aea7320.png",130,203,false],"large":["https:\/\/ajupe.com.uy\/web\/wp-content\/uploads\/2016\/04\/p-4043-EL_LADO_PROFUNDO_4e8658aea7320.png",130,203,false],"1536x1536":["https:\/\/ajupe.com.uy\/web\/wp-content\/uploads\/2016\/04\/p-4043-EL_LADO_PROFUNDO_4e8658aea7320.png",130,203,false],"2048x2048":["https:\/\/ajupe.com.uy\/web\/wp-content\/uploads\/2016\/04\/p-4043-EL_LADO_PROFUNDO_4e8658aea7320.png",130,203,false],"woocommerce_archive_thumbnail":["https:\/\/ajupe.com.uy\/web\/wp-content\/uploads\/2016\/04\/p-4043-EL_LADO_PROFUNDO_4e8658aea7320.png",130,203,false],"woocommerce_thumbnail":["https:\/\/ajupe.com.uy\/web\/wp-content\/uploads\/2016\/04\/p-4043-EL_LADO_PROFUNDO_4e8658aea7320.png",130,203,false],"woocommerce_single":["https:\/\/ajupe.com.uy\/web\/wp-content\/uploads\/2016\/04\/p-4043-EL_LADO_PROFUNDO_4e8658aea7320.png",130,203,false],"woocommerce_gallery_thumbnail":["https:\/\/ajupe.com.uy\/web\/wp-content\/uploads\/2016\/04\/p-4043-EL_LADO_PROFUNDO_4e8658aea7320-100x100.png",100,100,true]},"post_excerpt_stackable_v2":"<p>\u00bfQu\u00e9 son las crisis personales?<br \/>\n\u00bfAportan alg\u00fan valor a nuestro desarrollo individual?<br \/>\n\u00bfC\u00f3mo podemos aprender de nuestros fracasos?<\/p>\n","category_list_v2":"","author_info_v2":{"name":"","url":""},"comments_num_v2":"0 comentarios","_links":{"self":[{"href":"https:\/\/ajupe.com.uy\/web\/wp-json\/wp\/v2\/product\/4043","targetHints":{"allow":["GET"]}}],"collection":[{"href":"https:\/\/ajupe.com.uy\/web\/wp-json\/wp\/v2\/product"}],"about":[{"href":"https:\/\/ajupe.com.uy\/web\/wp-json\/wp\/v2\/types\/product"}],"wp:featuredmedia":[{"embeddable":true,"href":"https:\/\/ajupe.com.uy\/web\/wp-json\/wp\/v2\/media\/4044"}],"wp:attachment":[{"href":"https:\/\/ajupe.com.uy\/web\/wp-json\/wp\/v2\/media?parent=4043"}],"wp:term":[{"taxonomy":"product_brand","embeddable":true,"href":"https:\/\/ajupe.com.uy\/web\/wp-json\/wp\/v2\/product_brand?post=4043"},{"taxonomy":"product_cat","embeddable":true,"href":"https:\/\/ajupe.com.uy\/web\/wp-json\/wp\/v2\/product_cat?post=4043"},{"taxonomy":"product_tag","embeddable":true,"href":"https:\/\/ajupe.com.uy\/web\/wp-json\/wp\/v2\/product_tag?post=4043"}],"curies":[{"name":"wp","href":"https:\/\/api.w.org\/{rel}","templated":true}]}}