{"id":4082,"date":"2011-10-01T20:15:23","date_gmt":"2011-10-01T23:15:23","guid":{"rendered":"http:\/\/ajupe.com.uy\/web\/?post_type=product&#038;p=4082"},"modified":"2011-10-11T15:38:44","modified_gmt":"2011-10-11T18:38:44","slug":"la-noche-bifida","status":"publish","type":"product","link":"https:\/\/ajupe.com.uy\/web\/biblioteca\/la-noche-bifida\/","title":{"rendered":"La noche b\u00edfida"},"content":{"rendered":"<p>Un ni\u00f1o que sufri\u00f3 los abusos de su padre, que no pudo comulgar con el  franquismo de sus progenitores y que acab\u00f3 siendo fot\u00f3grafo de guerra,  ese hombre que ha visto y sufrido tanta miseria, no ha olvidado su  sue\u00f1o: cazar un drag\u00f3n. Solo que no sabe cu\u00e1l es. Perdido, dirige el  relato a su madre, no a la actual sino a la madre que supo cuidarlo de  ni\u00f1o, a la madre que a\u00fan comprend\u00eda sus deseos infantiles. Perdido,  busca un drag\u00f3n al que abatir, una princesa a la que rescatar, o sea, un  objetivo en su vida. La noche b\u00edfida hace referencia a la noche en que  el protagonista relata su vida al amigo Con\u00e9 y justo despu\u00e9s se enfrenta  a la muerte. Contando todo lo que le ha ocurrido, comprende que la  amenaza viene de s\u00ed mismo. \u00c9l es su propio drag\u00f3n. Finalmente deja de  huir y se enfrenta a su responsabilidad, a su destino y a su muerte si  es necesario. Noche escindida, pues, b\u00edfida como la lengua de un reptil,  entre vida y muerte, ni\u00f1o y hombre, apariencia y realidad, mundo  interior y exterior, fuga y aceptaci\u00f3n, enajenaci\u00f3n y comprensi\u00f3n.<\/p>\n","protected":false},"excerpt":{"rendered":"<p>Un ni\u00f1o que sufri\u00f3 los abusos de su padre, que no pudo comulgar con el franquismo de sus progenitores y que acab\u00f3 siendo fot\u00f3grafo de guerra, ese hombre que ha visto y sufrido tanta miseria, no ha olvidado su sue\u00f1o: cazar un drag\u00f3n. Solo que no sabe cu\u00e1l es. Perdido, dirige el relato a su [&hellip;]<\/p>\n","protected":false},"featured_media":4083,"template":"","meta":[],"product_brand":[656],"product_cat":[29],"product_tag":[],"class_list":["post-4082","product","type-product","status-publish","has-post-thumbnail","product_brand-francisco-satue","product_cat-novela","first","instock","purchasable","product-type-simple"],"featured_image_urls_v2":{"full":["https:\/\/ajupe.com.uy\/web\/wp-content\/uploads\/2016\/04\/p-4082-La_noche_b__fida_4e8774db11242.jpg",170,270,false],"thumbnail":["https:\/\/ajupe.com.uy\/web\/wp-content\/uploads\/2016\/04\/p-4082-La_noche_b__fida_4e8774db11242.jpg",150,150,true],"medium":["https:\/\/ajupe.com.uy\/web\/wp-content\/uploads\/2016\/04\/p-4082-La_noche_b__fida_4e8774db11242.jpg",300,214,true],"medium_large":["https:\/\/ajupe.com.uy\/web\/wp-content\/uploads\/2016\/04\/p-4082-La_noche_b__fida_4e8774db11242.jpg",170,270,false],"large":["https:\/\/ajupe.com.uy\/web\/wp-content\/uploads\/2016\/04\/p-4082-La_noche_b__fida_4e8774db11242.jpg",170,270,false],"1536x1536":["https:\/\/ajupe.com.uy\/web\/wp-content\/uploads\/2016\/04\/p-4082-La_noche_b__fida_4e8774db11242.jpg",170,270,false],"2048x2048":["https:\/\/ajupe.com.uy\/web\/wp-content\/uploads\/2016\/04\/p-4082-La_noche_b__fida_4e8774db11242.jpg",170,270,false],"woocommerce_archive_thumbnail":["https:\/\/ajupe.com.uy\/web\/wp-content\/uploads\/2016\/04\/p-4082-La_noche_b__fida_4e8774db11242.jpg",170,270,false],"woocommerce_thumbnail":["https:\/\/ajupe.com.uy\/web\/wp-content\/uploads\/2016\/04\/p-4082-La_noche_b__fida_4e8774db11242.jpg",170,270,false],"woocommerce_single":["https:\/\/ajupe.com.uy\/web\/wp-content\/uploads\/2016\/04\/p-4082-La_noche_b__fida_4e8774db11242.jpg",170,270,false],"woocommerce_gallery_thumbnail":["https:\/\/ajupe.com.uy\/web\/wp-content\/uploads\/2016\/04\/p-4082-La_noche_b__fida_4e8774db11242-100x100.jpg",100,100,true]},"post_excerpt_stackable_v2":"<p>Un ni\u00f1o que sufri\u00f3 los abusos de su padre, que no pudo comulgar con el franquismo de sus progenitores y que acab\u00f3 siendo fot\u00f3grafo de guerra, ese hombre que ha visto y sufrido tanta miseria, no ha olvidado su sue\u00f1o: cazar un drag\u00f3n. Solo que no sabe cu\u00e1l es. Perdido, dirige el relato a su madre, no a la actual sino a la madre que supo cuidarlo de ni\u00f1o, a la madre que a\u00fan comprend\u00eda sus deseos infantiles. Perdido, busca un drag\u00f3n al que abatir, una princesa a la que rescatar, o sea, un objetivo en su vida. La noche&hellip;<\/p>\n","category_list_v2":"","author_info_v2":{"name":"","url":""},"comments_num_v2":"0 comentarios","_links":{"self":[{"href":"https:\/\/ajupe.com.uy\/web\/wp-json\/wp\/v2\/product\/4082","targetHints":{"allow":["GET"]}}],"collection":[{"href":"https:\/\/ajupe.com.uy\/web\/wp-json\/wp\/v2\/product"}],"about":[{"href":"https:\/\/ajupe.com.uy\/web\/wp-json\/wp\/v2\/types\/product"}],"wp:featuredmedia":[{"embeddable":true,"href":"https:\/\/ajupe.com.uy\/web\/wp-json\/wp\/v2\/media\/4083"}],"wp:attachment":[{"href":"https:\/\/ajupe.com.uy\/web\/wp-json\/wp\/v2\/media?parent=4082"}],"wp:term":[{"taxonomy":"product_brand","embeddable":true,"href":"https:\/\/ajupe.com.uy\/web\/wp-json\/wp\/v2\/product_brand?post=4082"},{"taxonomy":"product_cat","embeddable":true,"href":"https:\/\/ajupe.com.uy\/web\/wp-json\/wp\/v2\/product_cat?post=4082"},{"taxonomy":"product_tag","embeddable":true,"href":"https:\/\/ajupe.com.uy\/web\/wp-json\/wp\/v2\/product_tag?post=4082"}],"curies":[{"name":"wp","href":"https:\/\/api.w.org\/{rel}","templated":true}]}}

La noche bífida

<p>Un niño que sufrió los abusos de su padre, que no pudo comulgar con el  franquismo de sus progenitores y que acabó siendo fotógrafo de guerra,  ese hombre que ha visto y sufrido tanta miseria, no ha olvidado su  sueño: cazar un dragón. Solo que no sabe cuál es. Perdido, dirige el  relato a su madre, no a la actual sino a la madre que supo cuidarlo de  niño, a la madre que aún comprendía sus deseos infantiles. Perdido,  busca un dragón al que abatir, una princesa a la que rescatar, o sea, un  objetivo en su vida. La noche bífida hace referencia a la noche en que  el protagonista relata su vida al amigo Coné y justo después se enfrenta  a la muerte. Contando todo lo que le ha ocurrido, comprende que la  amenaza viene de sí mismo. Él es su propio dragón. Finalmente deja de  huir y se enfrenta a su responsabilidad, a su destino y a su muerte si  es necesario. Noche escindida, pues, bífida como la lengua de un reptil,  entre vida y muerte, niño y hombre, apariencia y realidad, mundo  interior y exterior, fuga y aceptación, enajenación y comprensión.</p>

<p>Un niño que sufrió los abusos de su padre, que no pudo comulgar con el franquismo de sus progenitores y que acabó siendo fotógrafo de guerra, ese hombre que ha visto y sufrido tanta miseria, no ha olvidado su sueño: cazar un dragón. Solo que no sabe cuál es. Perdido, dirige el relato a su [&hellip;]</p>

<p>Un niño que sufrió los abusos de su padre, que no pudo comulgar con el franquismo de sus progenitores y que acabó siendo fotógrafo de guerra, ese hombre que ha visto y sufrido tanta miseria, no ha olvidado su sueño: cazar un dragón. Solo que no sabe cuál es. Perdido, dirige el relato a su madre, no a la actual sino a la madre que supo cuidarlo de niño, a la madre que aún comprendía sus deseos infantiles. Perdido, busca un dragón al que abatir, una princesa a la que rescatar, o sea, un objetivo en su vida. La noche&hellip;</p>
