{"id":4112,"date":"2011-10-01T21:58:35","date_gmt":"2011-10-02T00:58:35","guid":{"rendered":"http:\/\/ajupe.com.uy\/web\/?post_type=product&#038;p=4112"},"modified":"2011-10-01T21:58:35","modified_gmt":"2011-10-02T00:58:35","slug":"la-sombra","status":"publish","type":"product","link":"https:\/\/ajupe.com.uy\/web\/biblioteca\/la-sombra\/","title":{"rendered":"La sombra"},"content":{"rendered":"<p>\u00abLa sombra\u00bb es otro gran \u00e9xito del autor de best-sellers  internacionales, con una escritura consistente y con un argumento  colmado de intriga y suspenso. <\/p>\n<p>En el Berl\u00edn de 1943, nadie  conoc\u00eda el nombre de La Sombra. Pero ser visto por este jud\u00edo despiadado  era sin\u00f3nimo de muerte: colaboraba con la Gestapo en la identificaci\u00f3n y  delaci\u00f3n de otros ciudadanos jud\u00edos para condenarlos a los campos de  extermino.<\/p>\n<p>En el Miami de finales del siglo xx, la deprimente  vida de Simon Winter retirado de la Brigada de Homicidios de la Polic\u00eda,  da un giro inesperado cuando su aterrorizada vecina llama a la puerta  de su apartamento. <\/p>\n<p>Sophie, sobreviviente del Holocausto, cree  haber visto a La Sombra. A la ma\u00f1ana siguiente, aparece estrangulada,  los ojos desorbitados por el terror.<\/p>\n<p>La polic\u00eda piensa que es un  asesinato mas, pero Winter sabe la terrible verdad: un escurridizo  asesino esta eliminando a los sobrevivientes del Holocausto que viven en  Miami. <\/p>\n<p>Tras a\u00f1os de retiro, Simon debe v\u00e9rselas con un experto y  s\u00e1dico exterminador que pretende mantener su historia oculta para  siempre.<\/p>\n","protected":false},"excerpt":{"rendered":"<p>\u00abLa sombra\u00bb es otro gran \u00e9xito del autor de best-sellers internacionales, con una escritura consistente y con un argumento colmado de intriga y suspenso. En el Berl\u00edn de 1943, nadie conoc\u00eda el nombre de La Sombra. Pero ser visto por este jud\u00edo despiadado era sin\u00f3nimo de muerte: colaboraba con la Gestapo en la identificaci\u00f3n y [&hellip;]<\/p>\n","protected":false},"featured_media":4113,"template":"","meta":[],"product_brand":[445],"product_cat":[30],"product_tag":[],"class_list":{"0":"post-4112","1":"product","2":"type-product","3":"status-publish","4":"has-post-thumbnail","6":"product_brand-john-katzenbach","7":"product_cat-suspenso","9":"first","10":"instock","11":"purchasable","12":"product-type-simple"},"featured_image_urls_v2":{"full":["https:\/\/ajupe.com.uy\/web\/wp-content\/uploads\/2016\/04\/p-4112-La_sombra_4e878d0b83c2a.jpg",176,267,false],"thumbnail":["https:\/\/ajupe.com.uy\/web\/wp-content\/uploads\/2016\/04\/p-4112-La_sombra_4e878d0b83c2a.jpg",150,150,true],"medium":["https:\/\/ajupe.com.uy\/web\/wp-content\/uploads\/2016\/04\/p-4112-La_sombra_4e878d0b83c2a.jpg",300,214,true],"medium_large":["https:\/\/ajupe.com.uy\/web\/wp-content\/uploads\/2016\/04\/p-4112-La_sombra_4e878d0b83c2a.jpg",176,267,false],"large":["https:\/\/ajupe.com.uy\/web\/wp-content\/uploads\/2016\/04\/p-4112-La_sombra_4e878d0b83c2a.jpg",176,267,false],"1536x1536":["https:\/\/ajupe.com.uy\/web\/wp-content\/uploads\/2016\/04\/p-4112-La_sombra_4e878d0b83c2a.jpg",176,267,false],"2048x2048":["https:\/\/ajupe.com.uy\/web\/wp-content\/uploads\/2016\/04\/p-4112-La_sombra_4e878d0b83c2a.jpg",176,267,false],"woocommerce_archive_thumbnail":["https:\/\/ajupe.com.uy\/web\/wp-content\/uploads\/2016\/04\/p-4112-La_sombra_4e878d0b83c2a.jpg",176,267,false],"woocommerce_thumbnail":["https:\/\/ajupe.com.uy\/web\/wp-content\/uploads\/2016\/04\/p-4112-La_sombra_4e878d0b83c2a.jpg",176,267,false],"woocommerce_single":["https:\/\/ajupe.com.uy\/web\/wp-content\/uploads\/2016\/04\/p-4112-La_sombra_4e878d0b83c2a.jpg",176,267,false],"woocommerce_gallery_thumbnail":["https:\/\/ajupe.com.uy\/web\/wp-content\/uploads\/2016\/04\/p-4112-La_sombra_4e878d0b83c2a-100x100.jpg",100,100,true]},"post_excerpt_stackable_v2":"<p>\u00abLa sombra\u00bb es otro gran \u00e9xito del autor de best-sellers internacionales, con una escritura consistente y con un argumento colmado de intriga y suspenso. En el Berl\u00edn de 1943, nadie conoc\u00eda el nombre de La Sombra. Pero ser visto por este jud\u00edo despiadado era sin\u00f3nimo de muerte: colaboraba con la Gestapo en la identificaci\u00f3n y delaci\u00f3n de otros ciudadanos jud\u00edos para condenarlos a los campos de extermino. En el Miami de finales del siglo xx, la deprimente vida de Simon Winter retirado de la Brigada de Homicidios de la Polic\u00eda, da un giro inesperado cuando su aterrorizada vecina llama a&hellip;<\/p>\n","category_list_v2":"","author_info_v2":{"name":"","url":""},"comments_num_v2":"0 comentarios","_links":{"self":[{"href":"https:\/\/ajupe.com.uy\/web\/wp-json\/wp\/v2\/product\/4112","targetHints":{"allow":["GET"]}}],"collection":[{"href":"https:\/\/ajupe.com.uy\/web\/wp-json\/wp\/v2\/product"}],"about":[{"href":"https:\/\/ajupe.com.uy\/web\/wp-json\/wp\/v2\/types\/product"}],"wp:featuredmedia":[{"embeddable":true,"href":"https:\/\/ajupe.com.uy\/web\/wp-json\/wp\/v2\/media\/4113"}],"wp:attachment":[{"href":"https:\/\/ajupe.com.uy\/web\/wp-json\/wp\/v2\/media?parent=4112"}],"wp:term":[{"taxonomy":"product_brand","embeddable":true,"href":"https:\/\/ajupe.com.uy\/web\/wp-json\/wp\/v2\/product_brand?post=4112"},{"taxonomy":"product_cat","embeddable":true,"href":"https:\/\/ajupe.com.uy\/web\/wp-json\/wp\/v2\/product_cat?post=4112"},{"taxonomy":"product_tag","embeddable":true,"href":"https:\/\/ajupe.com.uy\/web\/wp-json\/wp\/v2\/product_tag?post=4112"}],"curies":[{"name":"wp","href":"https:\/\/api.w.org\/{rel}","templated":true}]}}