{"id":4178,"date":"2011-10-04T19:42:15","date_gmt":"2011-10-04T22:42:15","guid":{"rendered":"http:\/\/ajupe.com.uy\/web\/?post_type=product&#038;p=4178"},"modified":"2011-10-07T18:10:14","modified_gmt":"2011-10-07T21:10:14","slug":"el-marido","status":"publish","type":"product","link":"https:\/\/ajupe.com.uy\/web\/biblioteca\/el-marido\/","title":{"rendered":"El Marido"},"content":{"rendered":"<p>\u00bfQu\u00e9 ser\u00edas capaz de hacer por amor? \u00bfEstar\u00edas dispuesto a morir? \u00bfY a matar?\t\t\t<br \/> Una tarde cualquiera, un hombre normal y corriente, un jardinero de  recursos modestos, recibe una llamada telef\u00f3nica que invoca la peor de  sus pesadillas: \u201cTenemos a su esposa. Puede recuperarla a cambio de dos  millones en efectivo\u201d. Su interlocutor no bromea ni tampoco le preocupa  que Mitch no pueda reunir semejante suma. <em>Si quiere lo bastante a su mujer\u2026<\/em><br \/> Y Mitch la quiere hasta ese punto. La quiere m\u00e1s que a su vida. Dispone  de sesenta horas para demostrarlo. Tiene que haber encontrado dos  millones de d\u00f3lares cuando acabe el plazo. Pero \u00e9l pagar\u00eda mucho. <em>Pagar\u00eda cualquier cosa<\/em>.<\/p>\n<p> Desde ese comienzo inquietante hasta el pasmoso cl\u00edmax final, <em>El esposo<\/em> es un thriller que absorber\u00e1 la atenci\u00f3n del lector en cada giro, cada  sorpresa, cada revelaci\u00f3n. Despu\u00e9s de todo, es una novela de Dean  Koontz, y no hay otra experiencia equiparable a eso.<\/p>\n","protected":false},"excerpt":{"rendered":"<p>\u00bfQu\u00e9 ser\u00edas capaz de hacer por amor? \u00bfEstar\u00edas dispuesto a morir? \u00bfY a matar? Una tarde cualquiera, un hombre normal y corriente, un jardinero de recursos modestos, recibe una llamada telef\u00f3nica que invoca la peor de sus pesadillas: \u201cTenemos a su esposa. Puede recuperarla a cambio de dos millones en efectivo\u201d. Su interlocutor no bromea [&hellip;]<\/p>\n","protected":false},"featured_media":4179,"template":"","meta":[],"product_brand":[82],"product_cat":[29],"product_tag":[],"class_list":{"0":"post-4178","1":"product","2":"type-product","3":"status-publish","4":"has-post-thumbnail","6":"product_brand-dean-koontz","7":"product_cat-novela","9":"first","10":"instock","11":"purchasable","12":"product-type-simple"},"featured_image_urls_v2":{"full":["https:\/\/ajupe.com.uy\/web\/wp-content\/uploads\/2016\/04\/p-4178-El_Marido_4e8b61976ca66.jpg",300,300,false],"thumbnail":["https:\/\/ajupe.com.uy\/web\/wp-content\/uploads\/2016\/04\/p-4178-El_Marido_4e8b61976ca66.jpg",150,150,true],"medium":["https:\/\/ajupe.com.uy\/web\/wp-content\/uploads\/2016\/04\/p-4178-El_Marido_4e8b61976ca66.jpg",300,214,true],"medium_large":["https:\/\/ajupe.com.uy\/web\/wp-content\/uploads\/2016\/04\/p-4178-El_Marido_4e8b61976ca66.jpg",300,300,false],"large":["https:\/\/ajupe.com.uy\/web\/wp-content\/uploads\/2016\/04\/p-4178-El_Marido_4e8b61976ca66.jpg",300,300,false],"1536x1536":["https:\/\/ajupe.com.uy\/web\/wp-content\/uploads\/2016\/04\/p-4178-El_Marido_4e8b61976ca66.jpg",300,300,false],"2048x2048":["https:\/\/ajupe.com.uy\/web\/wp-content\/uploads\/2016\/04\/p-4178-El_Marido_4e8b61976ca66.jpg",300,300,false],"woocommerce_archive_thumbnail":["https:\/\/ajupe.com.uy\/web\/wp-content\/uploads\/2016\/04\/p-4178-El_Marido_4e8b61976ca66.jpg",300,300,false],"woocommerce_thumbnail":["https:\/\/ajupe.com.uy\/web\/wp-content\/uploads\/2016\/04\/p-4178-El_Marido_4e8b61976ca66.jpg",300,300,false],"woocommerce_single":["https:\/\/ajupe.com.uy\/web\/wp-content\/uploads\/2016\/04\/p-4178-El_Marido_4e8b61976ca66.jpg",300,300,false],"woocommerce_gallery_thumbnail":["https:\/\/ajupe.com.uy\/web\/wp-content\/uploads\/2016\/04\/p-4178-El_Marido_4e8b61976ca66-100x100.jpg",100,100,true]},"post_excerpt_stackable_v2":"<p>\u00bfQu\u00e9 ser\u00edas capaz de hacer por amor? \u00bfEstar\u00edas dispuesto a morir? \u00bfY a matar? Una tarde cualquiera, un hombre normal y corriente, un jardinero de recursos modestos, recibe una llamada telef\u00f3nica que invoca la peor de sus pesadillas: \u201cTenemos a su esposa. Puede recuperarla a cambio de dos millones en efectivo\u201d. Su interlocutor no bromea ni tampoco le preocupa que Mitch no pueda reunir semejante suma. Si quiere lo bastante a su mujer\u2026 Y Mitch la quiere hasta ese punto. La quiere m\u00e1s que a su vida. Dispone de sesenta horas para demostrarlo. Tiene que haber encontrado dos millones de&hellip;<\/p>\n","category_list_v2":"","author_info_v2":{"name":"","url":""},"comments_num_v2":"0 comentarios","_links":{"self":[{"href":"https:\/\/ajupe.com.uy\/web\/wp-json\/wp\/v2\/product\/4178","targetHints":{"allow":["GET"]}}],"collection":[{"href":"https:\/\/ajupe.com.uy\/web\/wp-json\/wp\/v2\/product"}],"about":[{"href":"https:\/\/ajupe.com.uy\/web\/wp-json\/wp\/v2\/types\/product"}],"wp:featuredmedia":[{"embeddable":true,"href":"https:\/\/ajupe.com.uy\/web\/wp-json\/wp\/v2\/media\/4179"}],"wp:attachment":[{"href":"https:\/\/ajupe.com.uy\/web\/wp-json\/wp\/v2\/media?parent=4178"}],"wp:term":[{"taxonomy":"product_brand","embeddable":true,"href":"https:\/\/ajupe.com.uy\/web\/wp-json\/wp\/v2\/product_brand?post=4178"},{"taxonomy":"product_cat","embeddable":true,"href":"https:\/\/ajupe.com.uy\/web\/wp-json\/wp\/v2\/product_cat?post=4178"},{"taxonomy":"product_tag","embeddable":true,"href":"https:\/\/ajupe.com.uy\/web\/wp-json\/wp\/v2\/product_tag?post=4178"}],"curies":[{"name":"wp","href":"https:\/\/api.w.org\/{rel}","templated":true}]}}