{"id":4196,"date":"2011-10-04T21:36:41","date_gmt":"2011-10-05T00:36:41","guid":{"rendered":"http:\/\/ajupe.com.uy\/web\/?post_type=product&#038;p=4196"},"modified":"2011-10-07T17:38:03","modified_gmt":"2011-10-07T20:38:03","slug":"piedritas-bajo-la-almohada","status":"publish","type":"product","link":"https:\/\/ajupe.com.uy\/web\/biblioteca\/piedritas-bajo-la-almohada\/","title":{"rendered":"Piedritas Bajo la Almohada"},"content":{"rendered":"<p><span><span id=\"ctl00_ContentPlaceHolder1_lblResena\">Mi hijita le cont\u00f3  al psic\u00f3logo que pap\u00e1 no tiene manos. Nunca me vio las manos, esposadas a  la pata de la mesa; no, no, es horrible. Que no la traigan m\u00e1s.   -Entonces va a decir -le digo- que no tiene pap\u00e1.  -No s\u00e9 qu\u00e9 decir, no  s\u00e9 qu\u00e9 decirle; vos ten\u00e9s m\u00e1s tiempo de pap\u00e1 que yo, \u00bfqu\u00e9 hago?   -Cuentos. Hacele cuentos.\u00bb  \u00abCuentos para las l\u00e1grimas de una ni\u00f1a\u00bb y  \u00abMi planeta de color naranja\u00bb, que componen Piedritas bajo la almohada,  protagonizados por ni\u00f1os, y capaces de evadir cualquier prisi\u00f3n<\/span><\/span><\/p>\n","protected":false},"excerpt":{"rendered":"<p>Mi hijita le cont\u00f3 al psic\u00f3logo que pap\u00e1 no tiene manos. Nunca me vio las manos, esposadas a la pata de la mesa; no, no, es horrible. Que no la traigan m\u00e1s. -Entonces va a decir -le digo- que no tiene pap\u00e1. -No s\u00e9 qu\u00e9 decir, no s\u00e9 qu\u00e9 decirle; vos ten\u00e9s m\u00e1s tiempo de [&hellip;]<\/p>\n","protected":false},"featured_media":4197,"template":"","meta":[],"product_brand":[250],"product_cat":[33,45],"product_tag":[],"class_list":{"0":"post-4196","1":"product","2":"type-product","3":"status-publish","4":"has-post-thumbnail","6":"product_brand-mauricio-rosencof","7":"product_cat-cuentos","8":"product_cat-uruguayo","10":"first","11":"instock","12":"purchasable","13":"product-type-simple"},"featured_image_urls_v2":{"full":["https:\/\/ajupe.com.uy\/web\/wp-content\/uploads\/2016\/04\/p-4196-Piedritas_Bajo_l_4e8b7c695fa31.jpg",120,191,false],"thumbnail":["https:\/\/ajupe.com.uy\/web\/wp-content\/uploads\/2016\/04\/p-4196-Piedritas_Bajo_l_4e8b7c695fa31.jpg",150,150,true],"medium":["https:\/\/ajupe.com.uy\/web\/wp-content\/uploads\/2016\/04\/p-4196-Piedritas_Bajo_l_4e8b7c695fa31.jpg",300,214,true],"medium_large":["https:\/\/ajupe.com.uy\/web\/wp-content\/uploads\/2016\/04\/p-4196-Piedritas_Bajo_l_4e8b7c695fa31.jpg",120,191,false],"large":["https:\/\/ajupe.com.uy\/web\/wp-content\/uploads\/2016\/04\/p-4196-Piedritas_Bajo_l_4e8b7c695fa31.jpg",120,191,false],"1536x1536":["https:\/\/ajupe.com.uy\/web\/wp-content\/uploads\/2016\/04\/p-4196-Piedritas_Bajo_l_4e8b7c695fa31.jpg",120,191,false],"2048x2048":["https:\/\/ajupe.com.uy\/web\/wp-content\/uploads\/2016\/04\/p-4196-Piedritas_Bajo_l_4e8b7c695fa31.jpg",120,191,false],"woocommerce_archive_thumbnail":["https:\/\/ajupe.com.uy\/web\/wp-content\/uploads\/2016\/04\/p-4196-Piedritas_Bajo_l_4e8b7c695fa31.jpg",120,191,false],"woocommerce_thumbnail":["https:\/\/ajupe.com.uy\/web\/wp-content\/uploads\/2016\/04\/p-4196-Piedritas_Bajo_l_4e8b7c695fa31.jpg",120,191,false],"woocommerce_single":["https:\/\/ajupe.com.uy\/web\/wp-content\/uploads\/2016\/04\/p-4196-Piedritas_Bajo_l_4e8b7c695fa31.jpg",120,191,false],"woocommerce_gallery_thumbnail":["https:\/\/ajupe.com.uy\/web\/wp-content\/uploads\/2016\/04\/p-4196-Piedritas_Bajo_l_4e8b7c695fa31-100x100.jpg",100,100,true]},"post_excerpt_stackable_v2":"<p>Mi hijita le cont\u00f3 al psic\u00f3logo que pap\u00e1 no tiene manos. Nunca me vio las manos, esposadas a la pata de la mesa; no, no, es horrible. Que no la traigan m\u00e1s. -Entonces va a decir -le digo- que no tiene pap\u00e1. -No s\u00e9 qu\u00e9 decir, no s\u00e9 qu\u00e9 decirle; vos ten\u00e9s m\u00e1s tiempo de pap\u00e1 que yo, \u00bfqu\u00e9 hago? -Cuentos. Hacele cuentos.\u00bb \u00abCuentos para las l\u00e1grimas de una ni\u00f1a\u00bb y \u00abMi planeta de color naranja\u00bb, que componen Piedritas bajo la almohada, protagonizados por ni\u00f1os, y capaces de evadir cualquier prisi\u00f3n<\/p>\n","category_list_v2":"","author_info_v2":{"name":"","url":""},"comments_num_v2":"0 comentarios","_links":{"self":[{"href":"https:\/\/ajupe.com.uy\/web\/wp-json\/wp\/v2\/product\/4196","targetHints":{"allow":["GET"]}}],"collection":[{"href":"https:\/\/ajupe.com.uy\/web\/wp-json\/wp\/v2\/product"}],"about":[{"href":"https:\/\/ajupe.com.uy\/web\/wp-json\/wp\/v2\/types\/product"}],"wp:featuredmedia":[{"embeddable":true,"href":"https:\/\/ajupe.com.uy\/web\/wp-json\/wp\/v2\/media\/4197"}],"wp:attachment":[{"href":"https:\/\/ajupe.com.uy\/web\/wp-json\/wp\/v2\/media?parent=4196"}],"wp:term":[{"taxonomy":"product_brand","embeddable":true,"href":"https:\/\/ajupe.com.uy\/web\/wp-json\/wp\/v2\/product_brand?post=4196"},{"taxonomy":"product_cat","embeddable":true,"href":"https:\/\/ajupe.com.uy\/web\/wp-json\/wp\/v2\/product_cat?post=4196"},{"taxonomy":"product_tag","embeddable":true,"href":"https:\/\/ajupe.com.uy\/web\/wp-json\/wp\/v2\/product_tag?post=4196"}],"curies":[{"name":"wp","href":"https:\/\/api.w.org\/{rel}","templated":true}]}}