{"id":4205,"date":"2011-10-04T22:48:01","date_gmt":"2011-10-05T01:48:01","guid":{"rendered":"http:\/\/ajupe.com.uy\/web\/?post_type=product&#038;p=4205"},"modified":"2011-10-07T18:07:51","modified_gmt":"2011-10-07T21:07:51","slug":"todo-se-pasa","status":"publish","type":"product","link":"https:\/\/ajupe.com.uy\/web\/biblioteca\/todo-se-pasa\/","title":{"rendered":"Todo se pasa"},"content":{"rendered":"<div id=\"idTab1\">\n<p style=\"text-align: justify;\"><span style=\"font-size: 10pt;\">A  principios del siglo XX, Enrique, hijo del acaudalado due\u00f1o del hotel  Barcelona de Montevideo, os\u00f3 enamorarse de Anita, una inmigrante  andaluza, planchadora del hotel. En esta historia de pr\u00edncipe y  cenicienta fue Enrique quien abandon\u00f3 el palacio y se fue a vivir a la  pobre trastienda de la planchadora. La saga de la familia comenz\u00f3 cuando  su carruaje se detuvo frente a la casilla de madera del Pasaje  Etchemendi. Un siglo m\u00e1s tarde, Carmen Ulises, nieta de Anita, evoca ese  pasado.\u00bbNada te turbe, nada te espante, todo se pasa\u00bb, repite Carmen,  mientras abre la caja que guarda cartas, fotos, rostros olvidados, ecos  del pasado reciente y una vieja culpa escondida, que saldr\u00e1 de la caja  para<br \/> sorprenderla a ella y al lector.<\/span><\/p>\n<p style=\"text-align: justify;\"><span style=\"font-size: 10pt;\">Ana  Ribeiro, una de las historiadoras m\u00e1s reconocidas de nuestro medio, se  sumerge por primera vez en la ficci\u00f3n a trav\u00e9s de una historia  entra\u00f1able e intimista.<\/span><\/p>\n<\/div>\n","protected":false},"excerpt":{"rendered":"<p>A principios del siglo XX, Enrique, hijo del acaudalado due\u00f1o del hotel Barcelona de Montevideo, os\u00f3 enamorarse de Anita, una inmigrante andaluza, planchadora del hotel. En esta historia de pr\u00edncipe y cenicienta fue Enrique quien abandon\u00f3 el palacio y se fue a vivir a la pobre trastienda de la planchadora. La saga de la familia [&hellip;]<\/p>\n","protected":false},"featured_media":4206,"template":"","meta":[],"product_brand":[349],"product_cat":[31,45],"product_tag":[],"class_list":{"0":"post-4205","1":"product","2":"type-product","3":"status-publish","4":"has-post-thumbnail","6":"product_brand-ana-ribeiro","7":"product_cat-historico","8":"product_cat-uruguayo","10":"first","11":"instock","12":"purchasable","13":"product-type-simple"},"featured_image_urls_v2":{"full":["https:\/\/ajupe.com.uy\/web\/wp-content\/uploads\/2016\/04\/p-4205-Todo_se_pasa_4e8b8d214e235.jpg",140,217,false],"thumbnail":["https:\/\/ajupe.com.uy\/web\/wp-content\/uploads\/2016\/04\/p-4205-Todo_se_pasa_4e8b8d214e235.jpg",150,150,true],"medium":["https:\/\/ajupe.com.uy\/web\/wp-content\/uploads\/2016\/04\/p-4205-Todo_se_pasa_4e8b8d214e235.jpg",300,214,true],"medium_large":["https:\/\/ajupe.com.uy\/web\/wp-content\/uploads\/2016\/04\/p-4205-Todo_se_pasa_4e8b8d214e235.jpg",140,217,false],"large":["https:\/\/ajupe.com.uy\/web\/wp-content\/uploads\/2016\/04\/p-4205-Todo_se_pasa_4e8b8d214e235.jpg",140,217,false],"1536x1536":["https:\/\/ajupe.com.uy\/web\/wp-content\/uploads\/2016\/04\/p-4205-Todo_se_pasa_4e8b8d214e235.jpg",140,217,false],"2048x2048":["https:\/\/ajupe.com.uy\/web\/wp-content\/uploads\/2016\/04\/p-4205-Todo_se_pasa_4e8b8d214e235.jpg",140,217,false],"woocommerce_archive_thumbnail":["https:\/\/ajupe.com.uy\/web\/wp-content\/uploads\/2016\/04\/p-4205-Todo_se_pasa_4e8b8d214e235.jpg",140,217,false],"woocommerce_thumbnail":["https:\/\/ajupe.com.uy\/web\/wp-content\/uploads\/2016\/04\/p-4205-Todo_se_pasa_4e8b8d214e235.jpg",140,217,false],"woocommerce_single":["https:\/\/ajupe.com.uy\/web\/wp-content\/uploads\/2016\/04\/p-4205-Todo_se_pasa_4e8b8d214e235.jpg",140,217,false],"woocommerce_gallery_thumbnail":["https:\/\/ajupe.com.uy\/web\/wp-content\/uploads\/2016\/04\/p-4205-Todo_se_pasa_4e8b8d214e235-100x100.jpg",100,100,true]},"post_excerpt_stackable_v2":"<p>A principios del siglo XX, Enrique, hijo del acaudalado due\u00f1o del hotel Barcelona de Montevideo, os\u00f3 enamorarse de Anita, una inmigrante andaluza, planchadora del hotel. En esta historia de pr\u00edncipe y cenicienta fue Enrique quien abandon\u00f3 el palacio y se fue a vivir a la pobre trastienda de la planchadora. La saga de la familia comenz\u00f3 cuando su carruaje se detuvo frente a la casilla de madera del Pasaje Etchemendi. Un siglo m\u00e1s tarde, Carmen Ulises, nieta de Anita, evoca ese pasado.\u00bbNada te turbe, nada te espante, todo se pasa\u00bb, repite Carmen, mientras abre la caja que guarda cartas, fotos,&hellip;<\/p>\n","category_list_v2":"","author_info_v2":{"name":"","url":""},"comments_num_v2":"0 comentarios","_links":{"self":[{"href":"https:\/\/ajupe.com.uy\/web\/wp-json\/wp\/v2\/product\/4205","targetHints":{"allow":["GET"]}}],"collection":[{"href":"https:\/\/ajupe.com.uy\/web\/wp-json\/wp\/v2\/product"}],"about":[{"href":"https:\/\/ajupe.com.uy\/web\/wp-json\/wp\/v2\/types\/product"}],"wp:featuredmedia":[{"embeddable":true,"href":"https:\/\/ajupe.com.uy\/web\/wp-json\/wp\/v2\/media\/4206"}],"wp:attachment":[{"href":"https:\/\/ajupe.com.uy\/web\/wp-json\/wp\/v2\/media?parent=4205"}],"wp:term":[{"taxonomy":"product_brand","embeddable":true,"href":"https:\/\/ajupe.com.uy\/web\/wp-json\/wp\/v2\/product_brand?post=4205"},{"taxonomy":"product_cat","embeddable":true,"href":"https:\/\/ajupe.com.uy\/web\/wp-json\/wp\/v2\/product_cat?post=4205"},{"taxonomy":"product_tag","embeddable":true,"href":"https:\/\/ajupe.com.uy\/web\/wp-json\/wp\/v2\/product_tag?post=4205"}],"curies":[{"name":"wp","href":"https:\/\/api.w.org\/{rel}","templated":true}]}}